000
CXUS53 KGRB 010715
CF6MTW
PRELIMINARY LOCAL CLIMATOLOGICAL DATA (WS FORM: F-6)
STATION: MANITOWOC AWOS
MONTH: AUGUST
YEAR: 2019
LATITUDE: 44 7 N
LONGITUDE: 87 40 W
TEMPERATURE IN F: :PCPN: SNOW: WIND :SUNSHINE: SKY :PK WND
================================================================================
1 2 3 4 5 6A 6B 7 8 9 10 11 12 13 14 15 16 17 18
12Z AVG MX 2MIN
DY MAX MIN AVG DEP HDD CDD WTR SNW DPTH SPD SPD DIR MIN PSBL S-S WX SPD DR
================================================================================
1 74 46 60 M 5 0 0.00 0.0 0 2.8 8 110 M M 0 M M
2 80 54 67 M 0 2 0.00 0.0 0 4.1 12 130 M M 0 8 M M
3 82 64 73 M 0 8 0.11 0.0 0 5.8 12 130 M M 1 13 M M
4 77 63 70 M 0 5 0.00 0.0 0 4.4 9 110 M M 0 1 M M
5 M M M M M M 1.54 M 0 5.0 15 230 M M 2 13 17 250
6 75 65 70 M 0 5 T 0.0 0 5.6 10 330 M M 5 1 M M
7 85 61 73 M 0 8 1.07 0.0 0 7.1 15 210 M M 2 123 20 240
8 75 63 69 M 0 4 0.00 0.0 0 8.7 16 290 M M 2 20 290
9 77 57 67 M 0 2 0.00 0.0 0 7.4 14 300 M M 1 20 290
10 76 57 67 M 0 2 0.00 0.0 0 4.1 9 150 M M 0 1 M M
11 77 66 72 M 0 7 T 0.0 0 5.3 12 150 M M 9 M M
12 76 65 71 M 0 6 0.00 0.0 0 3.0 8 100 M M 4 1 M M
13 74 60 67 M 0 2 0.00 0.0 0 6.4 12 40 M M 4 1 16 20
14 69 60 65 M 0 0 T 0.0 0 6.4 12 40 M M 9 17 60
15 75 54 65 M 0 0 0.00 0.0 0 5.3 10 110 M M 2 8 M M
16 73 56 65 M 0 0 0.05 0.0 0 6.2 16 160 M M 4 1 23 170
17 78 61 70 M 0 5 0.00 0.0 0 5.7 13 170 M M 0 1 M M
18 76 66 71 M 0 6 T 0.0 0 9.1 16 260 M M 7 12 22 260
19 75 58 67 M 0 2 0.00 0.0 0 4.4 12 130 M M 0 18 M M
20 78 53 66 M 0 1 0.00 0.0 0 3.4 14 170 M M 1 12 M M
21 78 61 70 M 0 5 0.00 0.0 0 6.5 12 300 M M 4 18 300
22 69 54 62 M 3 0 0.09 0.0 0 3.3 7 80 M M 8 M M
23 69 52 61 M 4 0 0.00 0.0 0 6.1 9 360 M M 1 M M
24 69 50 60 M 5 0 0.00 0.0 0 4.8 13 150 M M 0 20 150
25 70 53 62 M 3 0 0.00 0.0 0 8.4 16 120 M M 2 21 140
26 69 63 66 M 0 1 1.55 0.0 0 11.4 17 110 M M 9 1 22 110
27 77 59 68 M 0 3 0.01 0.0 0 10.1 22 290 M M 3 36 290
28 68 54 61 M 4 0 T 0.0 0 9.8 21 270 M M 3 31 270
29 78 52 65 M 0 0 0.35 0.0 0 8.4 17 320 M M 1 13 18 290
30 71 51 61 M 4 0 0.00 0.0 0 7.5 14 290 M M 0 18 290
31 66 46 56 M 9 0 0.00 0.0 0 2.4 10 140 M M 0 M M
================================================================================
SM 2236 1724 37 74 4.77 0.0 188.9 M 84
================================================================================
AV 74.5 57.5 6.1 FASTST M M 3 MAX(MPH)
MISC ----> # 22 290 # 36 290
================================================================================
NOTES:
# LAST OF SEVERAL OCCURRENCES
COLUMN 17 PEAK WIND IN M.P.H.
PRELIMINARY LOCAL CLIMATOLOGICAL DATA (WS FORM: F-6) , PAGE 2
STATION: MANITOWOC AWOS
MONTH: AUGUST
YEAR: 2019
LATITUDE: 44 7 N
LONGITUDE: 87 40 W
[TEMPERATURE DATA] [PRECIPITATION DATA] SYMBOLS USED IN COLUMN 16
AVERAGE MONTHLY: 66.0 TOTAL FOR MONTH: 4.77 1 = FOG OR MIST
DPTR FM NORMAL: M DPTR FM NORMAL: M 2 = FOG REDUCING VISIBILITY
HIGHEST: 85 ON 7 GRTST 24HR 1.55 ON 26-26 TO 1/4 MILE OR LESS
LOWEST: 46 ON 31, 1 3 = THUNDER
SNOW, ICE PELLETS, HAIL 4 = ICE PELLETS
TOTAL MONTH: 0.0 INCH 5 = HAIL
GRTST 24HR 0.0 6 = FREEZING RAIN OR DRIZZLE
GRTST DEPTH: 0 7 = DUSTSTORM OR SANDSTORM:
VSBY 1/2 MILE OR LESS
8 = SMOKE OR HAZE
[NO. OF DAYS WITH] [WEATHER - DAYS WITH] 9 = BLOWING SNOW
X = TORNADO
MAX 32 OR BELOW: 0 0.01 INCH OR MORE: 8
MAX 90 OR ABOVE: 0 0.10 INCH OR MORE: 5
MIN 32 OR BELOW: 0 0.50 INCH OR MORE: 3
MIN 0 OR BELOW: 0 1.00 INCH OR MORE: 3
[HDD (BASE 65) ]
TOTAL THIS MO. 37 CLEAR (SCALE 0-3) 21
DPTR FM NORMAL M PTCLDY (SCALE 4-7) 7
TOTAL FM JUL 1 47 CLOUDY (SCALE 8-10) 3
DPTR FM NORMAL M
[CDD (BASE 65) ]
TOTAL THIS MO. 74
DPTR FM NORMAL M [PRESSURE DATA]
TOTAL FM JAN 1 285 HIGHEST SLP 30.35 ON 24
DPTR FM NORMAL 285 LOWEST SLP 29.62 ON 26
[REMARKS]
#FINAL-08-19#