000
CXUS55 KBOI 011002
CF6MUO
PRELIMINARY LOCAL CLIMATOLOGICAL DATA (WS FORM: F-6)
STATION: MOUNTAIN HOME AFB
MONTH: APRIL
YEAR: 2020
LATITUDE: 43 2 N
LONGITUDE: 115 52 W
TEMPERATURE IN F: :PCPN: SNOW: WIND :SUNSHINE: SKY :PK WND
================================================================================
1 2 3 4 5 6A 6B 7 8 9 10 11 12 13 14 15 16 17 18
12Z AVG MX 2MIN
DY MAX MIN AVG DEP HDD CDD WTR SNW DPTH SPD SPD DIR MIN PSBL S-S WX SPD DR
================================================================================
1 46 27 37 -9 28 0 T M M 11.4 22 340 M M 5 31 270
2 47 21 34 -13 31 0 0.00 M M 8.1 16 300 M M 2 22 330
3 53 19 36 -11 29 0 0.00 M M 6.5 14 120 M M 2 22 120
4 60 21 41 -6 24 0 T M M 5.9 18 250 M M 4 35 170
5 65 39 52 5 13 0 T M M 10.3 23 110 M M 5 33 130
6 60 37 49 2 16 0 0.02 M M 4.2 16 360 M M 6 3 M M
7 65 31 48 1 17 0 0.00 M M 5.0 12 340 M M 0 M M
8 69 31 50 2 15 0 0.00 M M 5.6 10 330 M M 0 M M
9 72 35 54 6 11 0 0.00 M M 4.9 12 190 M M 0 M M
10 73 39 56 8 9 0 0.00 M M 9.2 20 340 M M 0 22 300
11 65 40 53 5 12 0 0.00 M M 20.2 33 330 M M 1 46 320
12 53 29 41 -8 24 0 0.00 M M 15.7 22 300 M M 0 35 310
13 52 24 38 -11 27 0 0.00 M M 8.7 24 310 M M 1 36 300
14 62 27 45 -4 20 0 T M M 8.7 20 330 M M 3 39 320
15 61 39 50 1 15 0 0.01 M M 15.3 28 310 M M 7 45 280
16 52 32 42 -7 23 0 0.14 M M 4.7 18 110 M M 6 1 M M
17 61 27 44 -6 21 0 0.00 M M 7.4 15 120 M M 0 20 130
18 69 29 49 -1 16 0 T M M 8.5 22 240 M M 2 38 250
19 68 39 54 4 11 0 T M M 11.5 21 330 M M 1 24 310
20 71 33 52 2 13 0 0.00 M M 5.9 15 340 M M 0 25 340
21 74 41 58 7 7 0 0.00 M M 14.3 23 330 M M 1 35 330
22 71 44 58 7 7 0 0.06 M M 12.1 28 290 M M 5 1 40 290
23 62 42 52 1 13 0 0.02 M M 16.1 35 320 M M 6 51 300
24 67 36 52 0 13 0 0.00 M M 6.0 15 360 M M 4 17 310
25 73 36 55 3 10 0 0.00 M M 5.8 16 110 M M 4 M M
26 74 50 62 10 3 0 0.00 M M 9.4 20 320 M M 1 20 290
27 70 46 58 6 7 0 T M M 10.4 28 330 M M 4 39 330
28 76 39 58 5 7 0 0.00 M M 8.9 16 350 M M 0 22 330
29 89 44 67 14 0 2 0.00 M M 10.9 24 120 M M 0 33 120
30 76 46 61 8 4 0 0.21 M M 14.5 36 310 M M 3 37 55 310
================================================================================
SM 1956 1043 446 2 0.46 M 286.0 M 73
================================================================================
AV 65.2 34.8 9.5 FASTST M M 2 MAX(MPH)
MISC ----> 36 310 55 310
================================================================================
NOTES:
# LAST OF SEVERAL OCCURRENCES
COLUMN 17 PEAK WIND IN M.P.H.
PRELIMINARY LOCAL CLIMATOLOGICAL DATA (WS FORM: F-6) , PAGE 2
STATION: MOUNTAIN HOME AFB
MONTH: APRIL
YEAR: 2020
LATITUDE: 43 2 N
LONGITUDE: 115 52 W
[TEMPERATURE DATA] [PRECIPITATION DATA] SYMBOLS USED IN COLUMN 16
AVERAGE MONTHLY: 50.0 TOTAL FOR MONTH: 0.46 1 = FOG OR MIST
DPTR FM NORMAL: 0.6 DPTR FM NORMAL: -0.57 2 = FOG REDUCING VISIBILITY
HIGHEST: 89 ON 29 GRTST 24HR 0.21 ON 30-30 TO 1/4 MILE OR LESS
LOWEST: 19 ON 3 3 = THUNDER
SNOW, ICE PELLETS, HAIL 4 = ICE PELLETS
TOTAL MONTH: M 5 = HAIL
GRTST 24HR M ON M 6 = FREEZING RAIN OR DRIZZLE
GRTST DEPTH: M ON M 7 = DUSTSTORM OR SANDSTORM:
VSBY 1/2 MILE OR LESS
8 = SMOKE OR HAZE
[NO. OF DAYS WITH] [WEATHER - DAYS WITH] 9 = BLOWING SNOW
X = TORNADO
MAX 32 OR BELOW: 0 0.01 INCH OR MORE: 6
MAX 90 OR ABOVE: 0 0.10 INCH OR MORE: 2
MIN 32 OR BELOW: 12 0.50 INCH OR MORE: 0
MIN 0 OR BELOW: 0 1.00 INCH OR MORE: 0
[HDD (BASE 65) ]
TOTAL THIS MO. 446 CLEAR (SCALE 0-3) 18
DPTR FM NORMAL -31 PTCLDY (SCALE 4-7) 12
TOTAL FM JUL 1 5463 CLOUDY (SCALE 8-10) 0
DPTR FM NORMAL -47
[CDD (BASE 65) ]
TOTAL THIS MO. 2
DPTR FM NORMAL 2 [PRESSURE DATA]
TOTAL FM JAN 1 2 HIGHEST SLP M ON M
DPTR FM NORMAL 2 LOWEST SLP M ON M
[REMARKS]
#FINAL-04-20#