000
CXUS51 KBTV 010800
CF6MVL
PRELIMINARY LOCAL CLIMATOLOGICAL DATA (WS FORM: F-6)
STATION: MORRISVILLE VT
MONTH: FEBRUARY
YEAR: 2023
LATITUDE: 44 31 N
LONGITUDE: 72 37 W
TEMPERATURE IN F: :PCPN: SNOW: WIND :SUNSHINE: SKY :PK WND
================================================================================
1 2 3 4 5 6A 6B 7 8 9 10 11 12 13 14 15 16 17 18
12Z AVG MX 2MIN
DY MAX MIN AVG DEP HDD CDD WTR SNW DPTH SPD SPD DIR MIN PSBL S-S WX SPD DR
================================================================================
1 21 -15 3 -12 62 0 T M M 2.3 13 190 M M 5 18 16 230
2 31 14 23 8 42 0 T M M 8.2 25 320 M M 9 1 39 320
3 21 -17 2 -13 63 0 T M M 11.9 24 320 M M 10 1289 35 310
4 3 -21 -9 -24 74 0 T M M 4.2 18 320 M M 4 8 28 290
5 41 2 22 6 43 0 T M M 2.0 9 160 M M 7 12 160
6 40 5 23 7 42 0 0.02 M M 5.4 15 330 M M 5 18 21 330
7 36 -3 17 1 48 0 T M M 4.9 16 170 M M 3 18 23 200
8 41 28 35 19 30 0 0.03 M M 4.4 13 300 M M 8 22 330
9 38 19 29 13 36 0 0.43 M M 3.5 23 190 M M 6 18 32 190
10 45 34 40 24 25 0 0.06 M M 6.6 20 240 M M 9 1 31 210
11 36 21 29 12 36 0 T M M 6.7 16 10 M M 5 1 25 350
12 42 14 28 11 37 0 T M M 2.0 9 360 M M 1 11 360
13 45 12 29 12 36 0 T M M 1.4 7 170 M M 2 1 9 350
14 42 22 32 15 33 0 0.03 M M 4.7 14 320 M M 6 18 22 330
15 54 19 37 19 28 0 T M M 2.9 12 240 M M 4 18 240
16 54 35 45 27 20 0 0.00 M M 6.3 18 10 M M 6 27 310
17 36 14 25 7 40 0 0.06 M M 9.0 22 330 M M 10 16 30 350
18 33 6 20 2 45 0 0.03 M M 5.8 15 200 M M 5 19 210
19 41 27 34 15 31 0 0.00 M M 7.1 28 200 M M 6 41 180
20 46 27 37 18 28 0 0.02 M M 4.7 16 320 M M 6 1 24 330
21 39 17 28 9 37 0 0.04 M M 6.9 26 170 M M 4 1 32 160
22 35 17 26 6 39 0 T M M 9.4 20 10 M M 5 26 320
23 26 15 21 1 44 0 0.01 M M 4.0 13 30 M M 10 18 16 20
24 24 0 12 -8 53 0 T M M 9.6 22 350 M M 8 1 30 350
25 12 -16 -2 -23 67 0 T M M 0.9 7 170 M M 4 18 9 170
26 24 -12 6 -15 59 0 T M M 2.7 12 160 M M 7 18 14 160
27 28 12 20 -1 45 0 M M M 3.5 14 350 M M 5 18 17 330
28 34 22 28 6 37 0 0.11 M M 4.7 14 200 M M 10 1 20 120
================================================================================
SM 968 298 1180 0 0.84 M 145.7 M 170
================================================================================
AV 34.6 10.6 5.2 FASTST M M 6 MAX(MPH)
MISC ----> 28 200 41 180
================================================================================
NOTES:
# LAST OF SEVERAL OCCURRENCES
COLUMN 17 PEAK WIND IN M.P.H.
PRELIMINARY LOCAL CLIMATOLOGICAL DATA (WS FORM: F-6) , PAGE 2
STATION: MORRISVILLE VT
MONTH: FEBRUARY
YEAR: 2023
LATITUDE: 44 31 N
LONGITUDE: 72 37 W
[TEMPERATURE DATA] [PRECIPITATION DATA] SYMBOLS USED IN COLUMN 16
AVERAGE MONTHLY: 22.6 TOTAL FOR MONTH: 0.84 1 = FOG OR MIST
DPTR FM NORMAL: 4.7 DPTR FM NORMAL: -0.69 2 = FOG REDUCING VISIBILITY
HIGHEST: 54 ON 16,15 GRTST 24HR 0.49 ON 9-10 TO 1/4 MILE OR LESS
LOWEST: -21 ON 4 3 = THUNDER
SNOW, ICE PELLETS, HAIL 4 = ICE PELLETS
TOTAL MONTH: M 5 = HAIL
GRTST 24HR M ON M 6 = FREEZING RAIN OR DRIZZLE
GRTST DEPTH: M ON M 7 = DUSTSTORM OR SANDSTORM:
VSBY 1/2 MILE OR LESS
8 = SMOKE OR HAZE
[NO. OF DAYS WITH] [WEATHER - DAYS WITH] 9 = BLOWING SNOW
X = TORNADO
MAX 32 OR BELOW: 9 0.01 INCH OR MORE: 11
MAX 90 OR ABOVE: 0 0.10 INCH OR MORE: 2
MIN 32 OR BELOW: 26 0.50 INCH OR MORE: 0
MIN 0 OR BELOW: 7 1.00 INCH OR MORE: 0
[HDD (BASE 65) ]
TOTAL THIS MO. 1180 CLEAR (SCALE 0-3) 3
DPTR FM NORMAL -140 PTCLDY (SCALE 4-7) 19
TOTAL FM JUL 1 5063 CLOUDY (SCALE 8-10) 6
DPTR FM NORMAL -961
[CDD (BASE 65) ]
TOTAL THIS MO. 0
DPTR FM NORMAL 0 [PRESSURE DATA]
TOTAL FM JAN 1 0 HIGHEST SLP 30.60 ON 25
DPTR FM NORMAL 0 LOWEST SLP 29.48 ON 17
[REMARKS]
#FINAL-02-23#