000
CXUS56 KSGX 011045
CF6MYF
PRELIMINARY LOCAL CLIMATOLOGICAL DATA (WS FORM: F-6)
STATION: SAN DIEGO/MONTGOMERY FLD CA
MONTH: MAY
YEAR: 2023
LATITUDE: 32 49 N
LONGITUDE: 117 9 W
TEMPERATURE IN F: :PCPN: SNOW: WIND :SUNSHINE: SKY :PK WND
================================================================================
1 2 3 4 5 6A 6B 7 8 9 10 11 12 13 14 15 16 17 18
12Z AVG MX 2MIN
DY MAX MIN AVG DEP HDD CDD WTR SNW DPTH SPD SPD DIR MIN PSBL S-S WX SPD DR
================================================================================
1 62 53 58 -5 7 0 T M M 8.1 14 190 M M 10 19 200
2 63 52 58 -5 7 0 0.00 M M 6.6 14 300 M M 7 21 280
3 65 49 57 -7 8 0 0.02 M M 5.7 16 270 M M 4 1 21 250
4 62 52 57 -7 8 0 0.05 M M 8.5 16 260 M M 8 1 22 190
5 62 50 56 -8 9 0 0.05 M M 5.8 13 320 M M 6 1 16 320
6 66 47 57 -7 8 0 0.00 M M 5.1 16 300 M M 2 20 290
7 69 49 59 -5 6 0 0.00 M M 5.4 16 270 M M 3 24 300
8 68 54 61 -3 4 0 0.00 M M 5.8 15 240 M M 4 19 300
9 67 55 61 -3 4 0 T M M 7.9 16 270 M M 6 22 260
10 66 54 60 -4 5 0 0.01 M M 6.7 15 220 M M 6 19 220
11 68 57 63 -1 2 0 0.00 M M 6.1 14 240 M M 8 20 270
12 67 57 62 -2 3 0 0.00 M M 5.3 14 250 M M 9 20 240
13 69 57 63 -1 2 0 0.00 M M 4.8 12 240 M M 9 18 17 250
14 68 57 63 -1 2 0 0.00 M M 5.1 14 250 M M 9 18 18 260
15 71 57 64 0 1 0 0.00 M M 6.0 13 240 M M 7 1 18 250
16 74 57 66 2 0 1 0.00 M M 5.5 13 280 M M 6 18 19 310
17 65 57 61 -3 4 0 0.00 M M 4.6 10 240 M M 9 1 14 250
18 71 55 63 -1 2 0 0.00 M M 4.9 13 260 M M 6 18 16 240
19 69 58 64 -1 1 0 0.00 M M 4.5 12 240 M M 10 18 15 240
20 69 60 65 0 0 0 0.00 M M 5.2 12 230 M M 9 1 15 260
21 72 59 66 1 0 1 0.00 M M 5.3 13 240 M M 8 1 17 260
22 63 57 60 -5 5 0 0.00 M M 4.2 9 190 M M 10 18 12 200
23 63 57 60 -5 5 0 0.00 M M 4.4 10 250 M M 10 128 13 110
24 66 56 61 -4 4 0 0.00 M M 5.3 12 230 M M 10 18 16 270
25 67 58 63 -2 2 0 0.00 M M 5.8 15 250 M M 9 19 240
26 68 58 63 -2 2 0 0.01 M M 6.9 14 280 M M 8 1 20 300
27 68 59 64 -1 1 0 T M M 8.1 15 290 M M 10 1 20 310
28 67 58 63 -2 2 0 0.00 M M 4.6 13 270 M M 10 1 17 260
29 63 58 61 -4 4 0 0.00 M M 5.2 10 240 M M 10 18 13 230
30 65 58 62 -3 3 0 T M M 6.1 14 300 M M 10 19 270
31 64 56 60 -5 5 0 0.00 M M 6.8 12 260 M M 9 15 260
================================================================================
SM 2067 1721 116 2 0.14 M 180.3 M 242
================================================================================
AV 66.7 55.5 5.8 FASTST M M 8 MAX(MPH)
MISC ----> # 16 270 24 300
================================================================================
NOTES:
# LAST OF SEVERAL OCCURRENCES
COLUMN 17 PEAK WIND IN M.P.H.
PRELIMINARY LOCAL CLIMATOLOGICAL DATA (WS FORM: F-6) , PAGE 2
STATION: SAN DIEGO/MONTGOMERY FLD CA
MONTH: MAY
YEAR: 2023
LATITUDE: 32 49 N
LONGITUDE: 117 9 W
[TEMPERATURE DATA] [PRECIPITATION DATA] SYMBOLS USED IN COLUMN 16
AVERAGE MONTHLY: 61.1 TOTAL FOR MONTH: 0.14 1 = FOG OR MIST
DPTR FM NORMAL: -3.3 DPTR FM NORMAL: -0.14 2 = FOG REDUCING VISIBILITY
HIGHEST: 74 ON 16 GRTST 24HR 0.07 ON 4- 5 TO 1/4 MILE OR LESS
LOWEST: 47 ON 6 3 = THUNDER
SNOW, ICE PELLETS, HAIL 4 = ICE PELLETS
TOTAL MONTH: M 5 = HAIL
GRTST 24HR M ON M 6 = FREEZING RAIN OR DRIZZLE
GRTST DEPTH: M ON M 7 = DUSTSTORM OR SANDSTORM:
VSBY 1/2 MILE OR LESS
8 = SMOKE OR HAZE
[NO. OF DAYS WITH] [WEATHER - DAYS WITH] 9 = BLOWING SNOW
X = TORNADO
MAX 32 OR BELOW: 0 0.01 INCH OR MORE: 5
MAX 90 OR ABOVE: 0 0.10 INCH OR MORE: 0
MIN 32 OR BELOW: 0 0.50 INCH OR MORE: 0
MIN 0 OR BELOW: 0 1.00 INCH OR MORE: 0
[HDD (BASE 65) ]
TOTAL THIS MO. 116 CLEAR (SCALE 0-3) 2
DPTR FM NORMAL 57 PTCLDY (SCALE 4-7) 11
TOTAL FM JUL 1 1794 CLOUDY (SCALE 8-10) 18
DPTR FM NORMAL 488
[CDD (BASE 65) ]
TOTAL THIS MO. 2
DPTR FM NORMAL -37 [PRESSURE DATA]
TOTAL FM JAN 1 11 HIGHEST SLP 30.11 ON 7
DPTR FM NORMAL -69 LOWEST SLP 29.83 ON 18
[REMARKS]
#FINAL-05-23#