000
CXUS56 KSGX 011245
CF6MYF
PRELIMINARY LOCAL CLIMATOLOGICAL DATA (WS FORM: F-6)
STATION: SAN DIEGO/MONTGOMERY FLD CA
MONTH: SEPTEMBER
YEAR: 2020
LATITUDE: 32 49 N
LONGITUDE: 117 9 W
TEMPERATURE IN F: :PCPN: SNOW: WIND :SUNSHINE: SKY :PK WND
================================================================================
1 2 3 4 5 6A 6B 7 8 9 10 11 12 13 14 15 16 17 18
12Z AVG MX 2MIN
DY MAX MIN AVG DEP HDD CDD WTR SNW DPTH SPD SPD DIR MIN PSBL S-S WX SPD DR
================================================================================
1 80 68 74 1 0 9 0.00 0.0 0 6.4 14 290 M M 5 18 270
2 79 67 73 0 0 8 0.00 0.0 0 6.4 14 300 M M 4 18 290
3 85 68 77 4 0 12 0.00 0.0 0 4.2 12 240 M M 4 8 15 300
4 89 67 78 5 0 13 0.00 0.0 0 4.8 10 230 M M 3 18 14 220
5 102 71 87 14 0 22 0.00 0.0 0 6.3 21 320 M M 0 8 25 320
6 106 74 90 17 0 25 0.00 0.0 0 3.8 12 220 M M 0 8 14 210
7 80 69 75 3 0 10 0.00 0.0 0 6.1 17 210 M M 4 128 22 220
8 78 70 74 2 0 9 T 0.0 0 4.5 10 220 M M 7 18 13 210
9 84 65 75 3 0 10 0.00 0.0 0 4.5 13 310 M M 0 18 17 300
10 89 62 76 4 0 11 0.00 0.0 0 4.8 12 310 M M 0 18 15 280
11 87 62 75 3 0 10 0.00 0.0 0 4.5 14 310 M M 0 8 16 310
12 86 62 74 2 0 9 0.00 0.0 0 4.5 13 290 M M 0 8 17 290
13 86 65 76 4 0 11 0.00 0.0 0 4.5 13 280 M M 3 128 19 280
14 89 64 77 5 0 12 0.00 0.0 0 4.5 10 290 M M 2 128 13 290
15 90 65 78 6 0 13 0.00 0.0 0 4.9 13 330 M M 0 18 19 300
16 97 64 81 10 0 16 0.00 0.0 0 M M M M M M M M
17 100 65 83 12 0 18 0.00 0.0 0 5.4 16 320 M M 0 8 20 320
18 101 66 84 13 0 19 0.00 0.0 0 5.4 15 320 M M 0 18 320
19 91 68 80 9 0 15 0.00 0.0 0 4.1 12 300 M M 0 15 270
20 81 66 74 3 0 9 0.00 0.0 0 3.9 13 240 M M 4 18 16 250
21 82 66 74 4 0 9 0.00 0.0 0 4.4 13 240 M M 4 18 19 330
22 89 66 78 8 0 13 0.00 0.0 0 4.3 13 240 M M 4 8 16 280
23 91 64 78 8 0 13 0.00 0.0 0 4.5 13 310 M M 1 128 16 290
24 87 62 75 5 0 10 0.00 0.0 0 4.6 12 220 M M 3 128 15 250
25 78 65 72 2 0 7 0.00 0.0 0 4.1 13 260 M M 4 18 17 250
26 80 66 73 3 0 8 0.00 0.0 0 3.8 12 240 M M 6 8 15 230
27 78 66 72 3 0 7 0.00 0.0 0 4.3 10 230 M M 4 8 15 220
28 87 63 75 6 0 10 0.00 0.0 0 4.7 15 230 M M 1 128 18 290
29 91 65 78 9 0 13 0.00 0.0 0 6.9 14 320 M M 3 128 17 320
30 104 68 86 17 0 21 0.00 0.0 0 4.6 14 320 M M 0 16 320
================================================================================
SM 2647 1979 0 372 T 0.0 139.7 M 66
================================================================================
AV 88.2 66.0 4.8 FASTST M M 2 MAX(MPH)
MISC ----> # 21 320 # 25 320
================================================================================
NOTES:
# LAST OF SEVERAL OCCURRENCES
COLUMN 17 PEAK WIND IN M.P.H.
PRELIMINARY LOCAL CLIMATOLOGICAL DATA (WS FORM: F-6) , PAGE 2
STATION: SAN DIEGO/MONTGOMERY FLD CA
MONTH: SEPTEMBER
YEAR: 2020
LATITUDE: 32 49 N
LONGITUDE: 117 9 W
[TEMPERATURE DATA] [PRECIPITATION DATA] SYMBOLS USED IN COLUMN 16
AVERAGE MONTHLY: 77.1 TOTAL FOR MONTH: T 1 = FOG OR MIST
DPTR FM NORMAL: 5.8 DPTR FM NORMAL: -0.21 2 = FOG REDUCING VISIBILITY
HIGHEST: 106 ON 6 GRTST 24HR T ON 8- 8 TO 1/4 MILE OR LESS
LOWEST: 62 ON 24,12 3 = THUNDER
SNOW, ICE PELLETS, HAIL 4 = ICE PELLETS
TOTAL MONTH: 0.0 INCH 5 = HAIL
GRTST 24HR 0.0 6 = FREEZING RAIN OR DRIZZLE
GRTST DEPTH: 0 7 = DUSTSTORM OR SANDSTORM:
VSBY 1/2 MILE OR LESS
8 = SMOKE OR HAZE
[NO. OF DAYS WITH] [WEATHER - DAYS WITH] 9 = BLOWING SNOW
X = TORNADO
MAX 32 OR BELOW: 0 0.01 INCH OR MORE: 0
MAX 90 OR ABOVE: 10 0.10 INCH OR MORE: 0
MIN 32 OR BELOW: 0 0.50 INCH OR MORE: 0
MIN 0 OR BELOW: 0 1.00 INCH OR MORE: 0
[HDD (BASE 65) ]
TOTAL THIS MO. 0 CLEAR (SCALE 0-3) 17
DPTR FM NORMAL -3 PTCLDY (SCALE 4-7) 12
TOTAL FM JUL 1 0 CLOUDY (SCALE 8-10) 0
DPTR FM NORMAL -4
[CDD (BASE 65) ]
TOTAL THIS MO. 372
DPTR FM NORMAL 182 [PRESSURE DATA]
TOTAL FM JAN 1 1338 HIGHEST SLP 29.98 ON 16
DPTR FM NORMAL 590 LOWEST SLP 29.60 ON 8
[REMARKS]
#FINAL-09-20#