000
CXUS56 KSGX 011045
CF6MYF
PRELIMINARY LOCAL CLIMATOLOGICAL DATA (WS FORM: F-6)
STATION: SAN DIEGO/MONTGOMERY FLD CA
MONTH: SEPTEMBER
YEAR: 2023
LATITUDE: 32 49 N
LONGITUDE: 117 9 W
TEMPERATURE IN F: :PCPN: SNOW: WIND :SUNSHINE: SKY :PK WND
================================================================================
1 2 3 4 5 6A 6B 7 8 9 10 11 12 13 14 15 16 17 18
12Z AVG MX 2MIN
DY MAX MIN AVG DEP HDD CDD WTR SNW DPTH SPD SPD DIR MIN PSBL S-S WX SPD DR
================================================================================
1 80 67 74 0 0 9 0.00 M M 5.3 16 210 M M 6 18 19 210
2 82 70 76 2 0 11 0.02 M M 5.3 10 310 M M 8 18 13 290
3 78 68 73 -1 0 8 0.00 M M 8.1 15 290 M M 8 19 300
4 77 65 71 -3 0 6 0.00 M M 5.5 14 250 M M 5 19 250
5 75 65 70 -4 0 5 0.00 M M 5.2 14 250 M M 10 18 240
6 79 66 73 -1 0 8 0.00 M M 5.9 14 290 M M 4 20 290
7 82 63 73 -1 0 8 0.00 M M 5.8 13 290 M M 2 1 18 290
8 92 65 79 5 0 14 0.00 M M 5.5 12 290 M M 2 12 15 300
9 91 70 81 8 0 16 0.00 M M 6.3 17 320 M M 0 21 320
10 94 71 83 10 0 18 0.00 M M 4.1 14 20 M M 0 16 10
11 89 71 80 7 0 15 T M M 4.6 18 280 M M 1 23 290
12 79 66 73 0 0 8 0.00 M M 5.0 13 230 M M 4 18 17 270
13 76 64 70 -3 0 5 0.00 M M 3.9 12 230 M M 4 21 230
14 76 64 70 -3 0 5 0.00 M M 5.1 14 250 M M 5 23 240
15 73 67 70 -3 0 5 0.00 M M 5.6 13 300 M M 10 16 310
16 71 66 69 -4 0 4 0.00 M M 5.7 12 300 M M 10 18 13 280
17 71 64 68 -4 0 3 T M M 5.8 10 300 M M 10 18 13 240
18 77 62 70 -2 0 5 0.01 M M 5.3 15 300 M M 6 1 18 310
19 77 58 68 -4 0 3 0.00 M M 4.6 14 240 M M 5 18 240
20 74 63 69 -3 0 4 0.00 M M 5.7 14 230 M M 7 19 230
21 74 59 67 -5 0 2 0.00 M M 5.3 14 310 M M 6 19 300
22 69 60 65 -7 0 0 0.02 M M 5.5 10 310 M M 4 8 13 340
23 76 63 70 -2 0 5 0.00 M M 5.9 13 290 M M 2 18 18 250
24 79 63 71 0 0 6 0.00 M M 4.6 12 300 M M 4 8 17 290
25 79 61 70 -1 0 5 0.00 M M 5.8 13 290 M M 5 18 17 300
26 79 59 69 -2 0 4 0.00 M M 4.1 13 330 M M 3 18 16 310
27 80 58 69 -2 0 4 0.00 M M 3.3 13 230 M M 3 128 18 210
28 73 62 68 -3 0 3 0.00 M M 4.1 12 220 M M 7 18 16 220
29 72 64 68 -3 0 3 0.00 M M 5.7 14 210 M M 9 8 18 250
30 72 63 68 -2 0 3 T M M 7.3 16 290 M M 9 20 260
================================================================================
SM 2346 1927 0 195 0.05 M 159.9 M 159
================================================================================
AV 78.2 64.2 5.3 FASTST M M 5 MAX(MPH)
MISC ----> 18 280 # 23 290
================================================================================
NOTES:
# LAST OF SEVERAL OCCURRENCES
COLUMN 17 PEAK WIND IN M.P.H.
PRELIMINARY LOCAL CLIMATOLOGICAL DATA (WS FORM: F-6) , PAGE 2
STATION: SAN DIEGO/MONTGOMERY FLD CA
MONTH: SEPTEMBER
YEAR: 2023
LATITUDE: 32 49 N
LONGITUDE: 117 9 W
[TEMPERATURE DATA] [PRECIPITATION DATA] SYMBOLS USED IN COLUMN 16
AVERAGE MONTHLY: 71.2 TOTAL FOR MONTH: 0.05 1 = FOG OR MIST
DPTR FM NORMAL: -1.3 DPTR FM NORMAL: -0.12 2 = FOG REDUCING VISIBILITY
HIGHEST: 94 ON 10 GRTST 24HR 0.02 ON 2- 2 TO 1/4 MILE OR LESS
LOWEST: 58 ON 27,19 3 = THUNDER
SNOW, ICE PELLETS, HAIL 4 = ICE PELLETS
TOTAL MONTH: M 5 = HAIL
GRTST 24HR M ON M 6 = FREEZING RAIN OR DRIZZLE
GRTST DEPTH: M ON M 7 = DUSTSTORM OR SANDSTORM:
VSBY 1/2 MILE OR LESS
8 = SMOKE OR HAZE
[NO. OF DAYS WITH] [WEATHER - DAYS WITH] 9 = BLOWING SNOW
X = TORNADO
MAX 32 OR BELOW: 0 0.01 INCH OR MORE: 3
MAX 90 OR ABOVE: 3 0.10 INCH OR MORE: 0
MIN 32 OR BELOW: 0 0.50 INCH OR MORE: 0
MIN 0 OR BELOW: 0 1.00 INCH OR MORE: 0
[HDD (BASE 65) ]
TOTAL THIS MO. 0 CLEAR (SCALE 0-3) 7
DPTR FM NORMAL -2 PTCLDY (SCALE 4-7) 16
TOTAL FM JUL 1 0 CLOUDY (SCALE 8-10) 7
DPTR FM NORMAL -1
[CDD (BASE 65) ]
TOTAL THIS MO. 195
DPTR FM NORMAL -32 [PRESSURE DATA]
TOTAL FM JAN 1 746 HIGHEST SLP 30.07 ON 25
DPTR FM NORMAL -127 LOWEST SLP 29.81 ON 1
[REMARKS]
#FINAL-09-23#