000
CXUS55 KBOI 011002
CF6MYL
PRELIMINARY LOCAL CLIMATOLOGICAL DATA (WS FORM: F-6)
STATION: MCCALL ID
MONTH: JANUARY
YEAR: 2023
LATITUDE: 44 52 N
LONGITUDE: 116 6 W
TEMPERATURE IN F: :PCPN: SNOW: WIND :SUNSHINE: SKY :PK WND
================================================================================
1 2 3 4 5 6A 6B 7 8 9 10 11 12 13 14 15 16 17 18
12Z AVG MX 2MIN
DY MAX MIN AVG DEP HDD CDD WTR SNW DPTH SPD SPD DIR MIN PSBL S-S WX SPD DR
================================================================================
1 34 6 20 -1 45 0 0.00 M M 4.4 15 360 M M 1 8 23 360
2 24 -3 11 -10 54 0 0.00 M M 1.5 12 190 M M 3 8 13 190
3 24 -1 12 -9 53 0 T M M 1.1 6 250 M M 9 8 7 250
4 34 21 28 7 37 0 0.00 M M 1.0 6 160 M M 8 7 160
5 37 20 29 8 36 0 0.13 M M 2.4 9 140 M M 7 8 14 170
6 36 19 28 6 37 0 0.09 M M 1.4 10 150 M M 9 18 14 170
7 34 21 28 6 37 0 0.00 M M 1.7 12 150 M M 7 8 17 160
8 36 19 28 6 37 0 0.21 0.0 0 6.8 20 180 M M 8 8 30 180
9 35 16 26 4 39 0 0.35 M M 3.8 16 190 M M 6 128 22 150
10 32 20 26 4 39 0 0.08 M M 1.2 8 160 M M 8 8 9 160
11 38 30 34 12 31 0 0.02 M M 2.1 12 180 M M 9 8 14 190
12 38 27 33 11 32 0 0.05 M M 2.0 13 190 M M 10 8 19 170
13 41 28 35 13 30 0 0.03 M M 3.3 14 160 M M 7 8 20 170
14 40 35 38 16 27 0 0.20 M M 5.9 15 170 M M 10 8 21 160
15 38 33 36 14 29 0 0.06 M M 4.6 15 190 M M 9 8 19 120
16 33 19 26 4 39 0 0.13 M M 1.3 8 360 M M 6 8 10 360
17 39 12 26 4 39 0 0.00 M M 3.2 12 360 M M 3 8 16 350
18 29 7 18 -4 47 0 0.02 M M 0.4 7 200 M M 7 8 9 200
19 37 15 26 4 39 0 0.14 M M 5.8 16 340 M M 8 8 24 360
20 33 4 19 -3 46 0 0.00 M M 3.1 10 50 M M 0 8 17 50
21 32 1 17 -5 48 0 0.02 M M 1.2 7 340 M M 2 8 10 260
22 29 17 23 1 42 0 T M M 4.8 18 10 M M 10 8 32 20
23 29 6 18 -4 47 0 0.00 M M 2.7 15 20 M M 5 25 360
24 31 1 16 -6 49 0 0.00 M M 0.9 5 50 M M 5 8 6 260
25 38 20 29 7 36 0 0.08 M M 2.1 16 350 M M 10 8 23 340
26 38 26 32 9 33 0 0.00 M M 1.0 6 330 M M 9 8 8 320
27 35 26 31 8 34 0 0.08 M M 3.0 12 280 M M 10 8 17 270
28 30 11 21 -2 44 0 0.15 M M 4.9 14 320 M M 8 8 22 330
29 19 -7 6 -17 59 0 0.00 M M 8.6 16 360 M M 0 8 26 40
30 19 -18 1 -22 64 0 0.00 M M 1.6 9 270 M M 0 8 12 260
31 19 -7 6 -17 59 0 T M M 0.8 6 20 M M 7 8 8 20
================================================================================
SM 1011 424 1288 0 1.84 0.0 88.6 M 201
================================================================================
AV 32.6 13.7 2.9 FASTST M M 6 MAX(MPH)
MISC ----> 20 180 32 20
================================================================================
NOTES:
# LAST OF SEVERAL OCCURRENCES
COLUMN 17 PEAK WIND IN M.P.H.
PRELIMINARY LOCAL CLIMATOLOGICAL DATA (WS FORM: F-6) , PAGE 2
STATION: MCCALL ID
MONTH: JANUARY
YEAR: 2023
LATITUDE: 44 52 N
LONGITUDE: 116 6 W
[TEMPERATURE DATA] [PRECIPITATION DATA] SYMBOLS USED IN COLUMN 16
AVERAGE MONTHLY: 23.1 TOTAL FOR MONTH: 1.84 1 = FOG OR MIST
DPTR FM NORMAL: 1.0 DPTR FM NORMAL: -0.62 2 = FOG REDUCING VISIBILITY
HIGHEST: 41 ON 13 GRTST 24HR 0.35 ON 9- 9 TO 1/4 MILE OR LESS
LOWEST: -18 ON 30 3 = THUNDER
SNOW, ICE PELLETS, HAIL 4 = ICE PELLETS
TOTAL MONTH: 0.0 INCH 5 = HAIL
GRTST 24HR 0.0 6 = FREEZING RAIN OR DRIZZLE
GRTST DEPTH: 0 7 = DUSTSTORM OR SANDSTORM:
VSBY 1/2 MILE OR LESS
8 = SMOKE OR HAZE
[NO. OF DAYS WITH] [WEATHER - DAYS WITH] 9 = BLOWING SNOW
X = TORNADO
MAX 32 OR BELOW: 12 0.01 INCH OR MORE: 17
MAX 90 OR ABOVE: 0 0.10 INCH OR MORE: 7
MIN 32 OR BELOW: 29 0.50 INCH OR MORE: 0
MIN 0 OR BELOW: 5 1.00 INCH OR MORE: 0
[HDD (BASE 65) ]
TOTAL THIS MO. 1288 CLEAR (SCALE 0-3) 6
DPTR FM NORMAL -44 PTCLDY (SCALE 4-7) 14
TOTAL FM JUL 1 4536 CLOUDY (SCALE 8-10) 11
DPTR FM NORMAL -370
[CDD (BASE 65) ]
TOTAL THIS MO. 0
DPTR FM NORMAL 0 [PRESSURE DATA]
TOTAL FM JAN 1 0 HIGHEST SLP 30.60 ON 30
DPTR FM NORMAL 0 LOWEST SLP 29.45 ON 15
[REMARKS]
#FINAL-01-23#