000
CXUS53 KBIS 010830
CF6N60
PRELIMINARY LOCAL CLIMATOLOGICAL DATA (WS FORM: F-6)
STATION: GARRISON (AMOS) ND
MONTH: JULY
YEAR: 2022
LATITUDE: 47 39 N
LONGITUDE: 101 23 W
TEMPERATURE IN F: :PCPN: SNOW: WIND :SUNSHINE: SKY :PK WND
================================================================================
1 2 3 4 5 6A 6B 7 8 9 10 11 12 13 14 15 16 17 18
12Z AVG MX 2MIN
DY MAX MIN AVG DEP HDD CDD WTR SNW DPTH SPD SPD DIR MIN PSBL S-S WX SPD DR
================================================================================
1 82 48 65 -1 0 0 0.00 M M 7.0 16 310 M M 0 21 300
2 83 55 69 3 0 4 0.52 M M 10.8 40 300 M M 0 56 300
3 80 57 69 3 0 4 0.04 M M 7.1 16 100 M M 0 21 70
4 83 63 73 7 0 8 1.10 M M 8.3 31 120 M M 0 45 120
5 80 66 73 6 0 8 0.00 M M 7.7 24 120 M M 0 34 110
6 84 64 74 7 0 9 0.00 M M 3.3 13 110 M M 0 18 110
7 73 65 69 2 0 4 0.01 M M 8.9 18 80 M M 0 26 30
8 82 62 72 5 0 7 0.00 M M 9.2 15 130 M M 0 21 170
9 84 64 74 7 0 9 0.20 M M 7.4 25 140 M M 0 35 140
10 82 64 73 5 0 8 0.14 M M 10.9 37 330 M M 0 48 340
11 79 58 69 1 0 4 0.00 M M 14.4 28 320 M M 0 37 310
12 80 57 69 1 0 4 0.00 M M 8.1 18 310 M M 0 24 300
13 83 53 68 0 0 3 0.00 M M 7.2 16 150 M M 0 25 130
14 89 63 76 8 0 11 0.00 M M 6.2 14 100 M M 0 21 90
15 89 65 77 9 0 12 0.00 M M 6.7 15 140 M M 0 20 140
16 90 69 80 12 0 15 0.04 M M 8.4 29 230 M M 0 43 230
17 95 68 82 14 0 17 0.00 M M 5.3 14 260 M M 0 20 290
18 91 69 80 11 0 15 0.00 M M 4.9 22 230 M M 0 31 230
19 78 62 70 1 0 5 0.00 M M 15.8 33 310 M M 0 48 300
20 87 53 70 1 0 5 0.00 M M 10.3 22 320 M M 0 30 330
21 87 52 70 1 0 5 0.00 M M 6.8 18 320 M M 0 25 310
22 92 55 74 5 0 9 0.00 M M 6.0 15 340 M M 0 22 340
23 79 54 67 -2 0 2 0.00 M M 9.7 20 310 M M 0 26 330
24 78 49 64 -5 1 0 0.00 M M 5.6 10 80 M M 0 17 340
25 83 55 69 0 0 4 0.05 M M 6.4 28 290 M M 0 45 300
26 78 56 67 -2 0 2 0.07 M M 8.1 17 300 M M 0 26 320
27 76 52 64 -5 1 0 0.01 M M 10.4 22 320 M M 0 30 330
28 77 49 63 -6 2 0 0.00 M M 5.5 13 350 M M 0 18 330
29 87 47 67 -2 0 2 0.00 M M 4.8 12 190 M M 0 17 200
30 92 56 74 5 0 9 0.06 M M 4.0 37 310 M M 0 52 300
31 78 55 67 -2 0 2 0.00 M M 10.4 25 330 M M 0 34 330
================================================================================
SM 2581 1805 4 187 2.24 M 245.6 M 0
================================================================================
AV 83.3 58.2 7.9 FASTST M M 0 MAX(MPH)
MISC ----> 40 300 56 300
================================================================================
NOTES:
# LAST OF SEVERAL OCCURRENCES
COLUMN 17 PEAK WIND IN M.P.H.
PRELIMINARY LOCAL CLIMATOLOGICAL DATA (WS FORM: F-6) , PAGE 2
STATION: GARRISON (AMOS) ND
MONTH: JULY
YEAR: 2022
LATITUDE: 47 39 N
LONGITUDE: 101 23 W
[TEMPERATURE DATA] [PRECIPITATION DATA] SYMBOLS USED IN COLUMN 16
AVERAGE MONTHLY: 70.7 TOTAL FOR MONTH: 2.24 1 = FOG OR MIST
DPTR FM NORMAL: 2.6 DPTR FM NORMAL: -0.39 2 = FOG REDUCING VISIBILITY
HIGHEST: 95 ON 17 GRTST 24HR 1.14 ON 3- 4 TO 1/4 MILE OR LESS
LOWEST: 47 ON 29 3 = THUNDER
SNOW, ICE PELLETS, HAIL 4 = ICE PELLETS
TOTAL MONTH: M 5 = HAIL
GRTST 24HR M ON M 6 = FREEZING RAIN OR DRIZZLE
GRTST DEPTH: M ON M 7 = DUSTSTORM OR SANDSTORM:
VSBY 1/2 MILE OR LESS
8 = SMOKE OR HAZE
[NO. OF DAYS WITH] [WEATHER - DAYS WITH] 9 = BLOWING SNOW
X = TORNADO
MAX 32 OR BELOW: 0 0.01 INCH OR MORE: 11
MAX 90 OR ABOVE: 5 0.10 INCH OR MORE: 4
MIN 32 OR BELOW: 0 0.50 INCH OR MORE: 2
MIN 0 OR BELOW: 0 1.00 INCH OR MORE: 1
[HDD (BASE 65) ]
TOTAL THIS MO. 4 CLEAR (SCALE 0-3) 31
DPTR FM NORMAL -28 PTCLDY (SCALE 4-7) 0
TOTAL FM JUL 1 4 CLOUDY (SCALE 8-10) 0
DPTR FM NORMAL -31
[CDD (BASE 65) ]
TOTAL THIS MO. 187
DPTR FM NORMAL 59 [PRESSURE DATA]
TOTAL FM JAN 1 269 HIGHEST SLP 30.18 ON 8
DPTR FM NORMAL 91 LOWEST SLP 29.43 ON 19
[REMARKS]
#FINAL-07-22#