000
CXUS53 KBIS 010930
CF6N60
PRELIMINARY LOCAL CLIMATOLOGICAL DATA (WS FORM: F-6)
STATION: GARRISON (AMOS) ND
MONTH: FEBRUARY
YEAR: 2022
LATITUDE: 47 39 N
LONGITUDE: 101 23 W
TEMPERATURE IN F: :PCPN: SNOW: WIND :SUNSHINE: SKY :PK WND
================================================================================
1 2 3 4 5 6A 6B 7 8 9 10 11 12 13 14 15 16 17 18
12Z AVG MX 2MIN
DY MAX MIN AVG DEP HDD CDD WTR SNW DPTH SPD SPD DIR MIN PSBL S-S WX SPD DR
================================================================================
1 13 -11 1 -10 64 0 0.00 M M 29.3 51 310 M M 0 68 300
2 -3 -21 -12 -23 77 0 0.00 M M 10.0 23 320 M M 0 27 320
3 16 -22 -3 -15 68 0 0.01 M M 12.9 33 330 M M 0 41 330
4 13 -17 -2 -14 67 0 0.00 M M 13.7 30 330 M M 0 36 330
5 39 13 26 14 39 0 0.07 M M 15.4 37 330 M M 0 51 310
6 23 6 15 3 50 0 0.00 M M 11.6 33 320 M M 0 43 310
7 43 20 32 20 33 0 0.00 M M 11.5 24 290 M M 0 34 290
8 41 33 37 25 28 0 0.00 M M 23.1 35 300 M M 0 47 310
9 34 19 27 14 38 0 0.00 M M 14.0 23 330 M M 0 28 340
10 43 19 31 18 34 0 0.04 M M 20.5 36 310 M M 0 52 300
11 32 -1 16 3 49 0 0.00 M M 16.8 30 350 M M 0 36 350
12 13 -5 4 -10 61 0 0.01 M M 6.9 16 360 M M 0 23 30
13 37 -5 16 2 49 0 0.05 M M 17.2 43 320 M M 0 53 320
14 12 -1 6 -8 59 0 0.00 M M 7.6 18 120 M M 0 23 120
15 20 7 14 0 51 0 0.00 M M 12.7 23 120 M M 0 30 120
16 20 -4 8 -7 57 0 0.00 M M 17.6 30 340 M M 0 37 340
17 29 -6 12 -3 53 0 0.02 M M 9.3 17 260 M M 0 22 250
18 36 -1 18 3 47 0 0.04 M M 26.9 43 330 M M 0 55 340
19 46 -2 22 6 43 0 M M M 13.7 28 210 M M 0 42 210
20 43 -5 19 3 46 0 0.15 M M 13.7 30 350 M M 0 39 360
21 -4 -12 -8 -24 73 0 0.22 M M 11.3 17 30 M M 0 27 60
22 -3 -15 -9 -26 74 0 0.00 M M 10.0 21 330 M M 0 25 330
23 0 -22 -11 -28 76 0 0.00 M M 6.3 14 310 M M 0 17 290
24 7 -19 -6 -24 71 0 0.00 M M 6.6 13 150 M M 0 17 160
25 13 -12 1 -17 64 0 0.00 M M 6.5 15 250 M M 0 19 240
26 28 5 17 -1 48 0 0.00 M M 10.6 22 290 M M 0 30 290
27 38 9 24 5 41 0 0.00 M M 5.5 12 310 M M 0 16 300
28 39 12 26 7 39 0 M M M 8.4 22 310 M M 0 28 300
================================================================================
SM 668 -38 1499 0 0.61 M 369.6 M 0
================================================================================
AV 23.9 -1.4 13.2 FASTST M M 0 MAX(MPH)
MISC ----> 51 310 68 300
================================================================================
NOTES:
# LAST OF SEVERAL OCCURRENCES
COLUMN 17 PEAK WIND IN M.P.H.
PRELIMINARY LOCAL CLIMATOLOGICAL DATA (WS FORM: F-6) , PAGE 2
STATION: GARRISON (AMOS) ND
MONTH: FEBRUARY
YEAR: 2022
LATITUDE: 47 39 N
LONGITUDE: 101 23 W
[TEMPERATURE DATA] [PRECIPITATION DATA] SYMBOLS USED IN COLUMN 16
AVERAGE MONTHLY: 11.3 TOTAL FOR MONTH: 0.61 1 = FOG OR MIST
DPTR FM NORMAL: -3.4 DPTR FM NORMAL: 0.12 2 = FOG REDUCING VISIBILITY
HIGHEST: 46 ON 19 GRTST 24HR 0.34 ON 20-21 TO 1/4 MILE OR LESS
LOWEST: -22 ON 23, 3 3 = THUNDER
SNOW, ICE PELLETS, HAIL 4 = ICE PELLETS
TOTAL MONTH: M 5 = HAIL
GRTST 24HR M ON M 6 = FREEZING RAIN OR DRIZZLE
GRTST DEPTH: M ON M 7 = DUSTSTORM OR SANDSTORM:
VSBY 1/2 MILE OR LESS
8 = SMOKE OR HAZE
[NO. OF DAYS WITH] [WEATHER - DAYS WITH] 9 = BLOWING SNOW
X = TORNADO
MAX 32 OR BELOW: 17 0.01 INCH OR MORE: 9
MAX 90 OR ABOVE: 0 0.10 INCH OR MORE: 2
MIN 32 OR BELOW: 27 0.50 INCH OR MORE: 0
MIN 0 OR BELOW: 18 1.00 INCH OR MORE: 0
[HDD (BASE 65) ]
TOTAL THIS MO. 1499 CLEAR (SCALE 0-3) 28
DPTR FM NORMAL 88 PTCLDY (SCALE 4-7) 0
TOTAL FM JUL 1 6346 CLOUDY (SCALE 8-10) 0
DPTR FM NORMAL -341
[CDD (BASE 65) ]
TOTAL THIS MO. 0
DPTR FM NORMAL 0 [PRESSURE DATA]
TOTAL FM JAN 1 0 HIGHEST SLP 30.84 ON 22
DPTR FM NORMAL 0 LOWEST SLP 29.36 ON 20
[REMARKS]
#FINAL-02-22#