000
CXUS53 KBIS 010830
CF6N60
PRELIMINARY LOCAL CLIMATOLOGICAL DATA (WS FORM: F-6)
STATION: GARRISON (AMOS) ND
MONTH: AUGUST
YEAR: 2020
LATITUDE: 47 39 N
LONGITUDE: 101 23 W
TEMPERATURE IN F: :PCPN: SNOW: WIND :SUNSHINE: SKY :PK WND
================================================================================
1 2 3 4 5 6A 6B 7 8 9 10 11 12 13 14 15 16 17 18
12Z AVG MX 2MIN
DY MAX MIN AVG DEP HDD CDD WTR SNW DPTH SPD SPD DIR MIN PSBL S-S WX SPD DR
================================================================================
1 79 53 66 M 0 1 0.00 M M 6.7 15 30 M M 0 24 20
2 77 50 64 M 1 0 0.00 M M 6.5 14 90 M M 0 19 90
3 78 51 65 M 0 0 0.00 M M 9.5 18 130 M M 0 28 160
4 81 54 68 M 0 3 0.00 M M 10.1 17 190 M M 0 25 210
5 81 54 68 M 0 3 0.00 M M 6.2 13 350 M M 0 20 190
6 85 52 69 M 0 4 0.00 M M 6.9 17 140 M M 0 22 160
7 93 62 78 M 0 13 0.10 M M 7.5 17 280 M M 0 26 280
8 84 50 67 M 0 2 0.00 M M 6.0 14 250 M M 0 19 240
9 77 49 63 M 2 0 0.00 M M 13.4 29 330 M M 0 38 320
10 82 47 65 M 0 0 0.00 M M 10.4 22 300 M M 0 34 310
11 87 47 67 M 0 2 0.00 M M 9.9 24 160 M M 0 35 160
12 91 56 74 M 0 9 0.00 M M 12.1 25 140 M M 0 37 140
13 88 61 75 M 0 10 0.02 M M 8.9 18 340 M M 0 25 350
14 75 53 64 M 1 0 0.50 M M 6.4 22 340 M M 0 29 350
15 81 51 66 M 0 1 0.00 M M 7.5 28 320 M M 0 35 310
16 84 54 69 M 0 4 0.00 M M 8.7 21 330 M M 0 29 330
17 89 51 70 M 0 5 0.00 M M 4.8 13 160 M M 0 18 160
18 95 59 77 M 0 12 0.00 M M 4.7 14 210 M M 0 22 190
19 97 61 79 M 0 14 0.00 M M 4.8 14 90 M M 0 19 90
20 95 63 79 M 0 14 0.00 M M 5.4 16 120 M M 0 21 120
21 89 58 74 M 0 9 0.18 M M 4.9 17 310 M M 0 24 310
22 91 55 73 M 0 8 0.00 M M 5.8 12 120 M M 0 15 180
23 74 54 64 M 1 0 0.04 M M 7.1 14 330 M M 0 22 20
24 86 53 70 M 0 5 0.00 M M 8.9 16 110 M M 0 23 120
25 91 63 77 M 0 12 0.00 M M 6.9 16 180 M M 0 21 200
26 80 60 70 M 0 5 0.01 M M 6.2 16 350 M M 0 24 350
27 73 60 67 M 0 2 0.42 M M 8.8 20 190 M M 0 27 200
28 75 50 63 M 2 0 0.00 M M 14.7 25 330 M M 0 37 330
29 80 44 62 M 3 0 0.00 M M 8.8 18 160 M M 0 24 150
30 70 44 57 M 8 0 0.01 M M 12.7 30 340 M M 0 41 320
31 72 44 58 M 7 0 0.00 M M 9.8 23 290 M M 0 34 290
================================================================================
SM 2580 1663 25 138 1.28 M 251.0 M 0
================================================================================
AV 83.2 53.7 8.1 FASTST M M 0 MAX(MPH)
MISC ----> # 30 340 # 41 320
================================================================================
NOTES:
# LAST OF SEVERAL OCCURRENCES
COLUMN 17 PEAK WIND IN M.P.H.
PRELIMINARY LOCAL CLIMATOLOGICAL DATA (WS FORM: F-6) , PAGE 2
STATION: GARRISON (AMOS) ND
MONTH: AUGUST
YEAR: 2020
LATITUDE: 47 39 N
LONGITUDE: 101 23 W
[TEMPERATURE DATA] [PRECIPITATION DATA] SYMBOLS USED IN COLUMN 16
AVERAGE MONTHLY: 68.4 TOTAL FOR MONTH: 1.28 1 = FOG OR MIST
DPTR FM NORMAL: M DPTR FM NORMAL: M 2 = FOG REDUCING VISIBILITY
HIGHEST: 97 ON 19 GRTST 24HR 0.50 ON 14-14 TO 1/4 MILE OR LESS
LOWEST: 44 ON 31,30 3 = THUNDER
SNOW, ICE PELLETS, HAIL 4 = ICE PELLETS
TOTAL MONTH: M 5 = HAIL
GRTST 24HR M ON M 6 = FREEZING RAIN OR DRIZZLE
GRTST DEPTH: M ON M 7 = DUSTSTORM OR SANDSTORM:
VSBY 1/2 MILE OR LESS
8 = SMOKE OR HAZE
[NO. OF DAYS WITH] [WEATHER - DAYS WITH] 9 = BLOWING SNOW
X = TORNADO
MAX 32 OR BELOW: 0 0.01 INCH OR MORE: 8
MAX 90 OR ABOVE: 7 0.10 INCH OR MORE: 4
MIN 32 OR BELOW: 0 0.50 INCH OR MORE: 1
MIN 0 OR BELOW: 0 1.00 INCH OR MORE: 0
[HDD (BASE 65) ]
TOTAL THIS MO. 25 CLEAR (SCALE 0-3) 31
DPTR FM NORMAL M PTCLDY (SCALE 4-7) 0
TOTAL FM JUL 1 37 CLOUDY (SCALE 8-10) 0
DPTR FM NORMAL M
[CDD (BASE 65) ]
TOTAL THIS MO. 138
DPTR FM NORMAL M [PRESSURE DATA]
TOTAL FM JAN 1 398 HIGHEST SLP 30.25 ON 2
DPTR FM NORMAL M LOWEST SLP 29.50 ON 30
[REMARKS]
#FINAL-08-20#