000
CXUS51 KOKX 010910
CF6NYC
PRELIMINARY LOCAL CLIMATOLOGICAL DATA (WS FORM: F-6)
STATION: CENTRAL PARK NY
MONTH: JUNE
YEAR: 2022
LATITUDE: 40 46 N
LONGITUDE: 73 58 W
TEMPERATURE IN F: :PCPN: SNOW: WIND :SUNSHINE: SKY :PK WND
================================================================================
1 2 3 4 5 6A 6B 7 8 9 10 11 12 13 14 15 16 17 18
12Z AVG MX 2MIN
DY MAX MIN AVG DEP HDD CDD WTR SNW DPTH SPD SPD DIR MIN PSBL S-S WX SPD DR
================================================================================
1 72 60 66 -2 0 1 0.71 0.0 0 6.4 16 60 M M 9 13 21 60
2 79 62 71 3 0 6 0.45 0.0 0 3.2 13 360 M M 7 1 22 350
3 76 62 69 1 0 4 T 0.0 0 3.5 8 50 M M 6 1 12 50
4 80 61 71 3 0 6 0.00 0.0 0 2.2 9 340 M M 0 14 170
5 77 57 67 -2 0 2 0.00 0.0 0 3.6 12 40 M M 0 18 40
6 80 63 72 3 0 7 0.00 0.0 0 4.2 12 220 M M 0 20 220
7 78 63 71 2 0 6 0.08 0.0 0 5.6 13 150 M M 3 24 180
8 82 66 74 4 0 9 0.03 0.0 0 4.4 12 280 M M 3 1 18 280
9 81 65 73 3 0 8 0.83 0.0 0 6.7 18 240 M M 5 13 29 250
10 77 63 70 0 0 5 0.00 0.0 0 5.5 14 260 M M 0 8 21 240
11 74 66 70 -1 0 5 T 0.0 0 3.2 9 230 M M 4 14 230
12 72 63 68 -3 0 3 0.05 0.0 0 2.7 9 130 M M 7 1 17 130
13 85 68 77 6 0 12 T 0.0 0 2.4 10 310 M M 3 1 19 240
14 81 68 75 3 0 10 0.00 0.0 0 4.3 10 50 M M 1 15 50
15 83 66 75 3 0 10 0.00 0.0 0 3.6 14 60 M M 0 8 21 50
16 71 61 66 -6 0 1 0.32 0.0 0 3.4 10 200 M M 9 1 20 180
17 88 69 79 6 0 14 0.00 0.0 0 6.2 17 270 M M 5 29 250
18 75 58 67 -6 0 2 0.00 0.0 0 8.7 18 300 M M 5 32 290
19 73 54 64 -9 1 0 0.00 0.0 0 7.0 16 300 M M 1 27 300
20 78 57 68 -6 0 3 0.00 0.0 0 3.6 12 300 M M 0 17 280
21 80 63 72 -2 0 7 0.06 0.0 0 2.4 9 70 M M 3 1 13 70
22 67 62 65 -9 0 0 0.02 0.0 0 5.0 12 130 M M 10 18 21 120
23 74 61 68 -6 0 3 0.08 0.0 0 3.1 12 120 M M 8 1 19 130
24 81 63 72 -3 0 7 0.00 0.0 0 2.9 8 240 M M 4 18 16 160
25 90 69 80 5 0 15 0.00 0.0 0 2.2 9 290 M M 0 13 300
26 89 74 82 7 0 17 0.00 0.0 0 3.6 12 140 M M 0 20 190
27 77 69 73 -2 0 8 0.29 0.0 0 2.9 12 230 M M 6 18 17 230
28 79 66 73 -3 0 8 0.00 0.0 0 2.5 12 300 M M 3 15 290
29 84 66 75 -1 0 10 0.00 0.0 0 2.0 10 250 M M 0 8 18 230
30 86 69 78 2 0 13 0.00 0.0 0 2.9 10 270 M M 0 17 260
================================================================================
SM 2369 1914 1 202 2.92 0.0 119.9 M 102
================================================================================
AV 79.0 63.8 4.0 FASTST M M 3 MAX(MPH)
MISC ----> # 18 240 32 290
================================================================================
NOTES:
# LAST OF SEVERAL OCCURRENCES
COLUMN 17 PEAK WIND IN M.P.H.
PRELIMINARY LOCAL CLIMATOLOGICAL DATA (WS FORM: F-6) , PAGE 2
STATION: CENTRAL PARK NY
MONTH: JUNE
YEAR: 2022
LATITUDE: 40 46 N
LONGITUDE: 73 58 W
[TEMPERATURE DATA] [PRECIPITATION DATA] SYMBOLS USED IN COLUMN 16
AVERAGE MONTHLY: 71.4 TOTAL FOR MONTH: 2.92 1 = FOG OR MIST
DPTR FM NORMAL: -0.6 DPTR FM NORMAL: -1.62 2 = FOG REDUCING VISIBILITY
HIGHEST: 90 ON 25 GRTST 24HR 1.11 ON 1- 2 TO 1/4 MILE OR LESS
LOWEST: 54 ON 19 3 = THUNDER
SNOW, ICE PELLETS, HAIL 4 = ICE PELLETS
TOTAL MONTH: 0.0 INCH 5 = HAIL
GRTST 24HR 0.0 6 = FREEZING RAIN OR DRIZZLE
GRTST DEPTH: 0 7 = DUSTSTORM OR SANDSTORM:
VSBY 1/2 MILE OR LESS
8 = SMOKE OR HAZE
[NO. OF DAYS WITH] [WEATHER - DAYS WITH] 9 = BLOWING SNOW
X = TORNADO
MAX 32 OR BELOW: 0 0.01 INCH OR MORE: 11
MAX 90 OR ABOVE: 1 0.10 INCH OR MORE: 5
MIN 32 OR BELOW: 0 0.50 INCH OR MORE: 2
MIN 0 OR BELOW: 0 1.00 INCH OR MORE: 0
[HDD (BASE 65) ]
TOTAL THIS MO. 1 CLEAR (SCALE 0-3) 13
DPTR FM NORMAL -14 PTCLDY (SCALE 4-7) 14
TOTAL FM JUL 1 4238 CLOUDY (SCALE 8-10) 3
DPTR FM NORMAL -312
[CDD (BASE 65) ]
TOTAL THIS MO. 202
DPTR FM NORMAL -24 [PRESSURE DATA]
TOTAL FM JAN 1 283 HIGHEST SLP M ON M
DPTR FM NORMAL -24 LOWEST SLP 29.58 ON 9
[REMARKS]
#FINAL-06-22#