000
CXUS51 KOKX 201612
CF6NYC
PRELIMINARY LOCAL CLIMATOLOGICAL DATA (WS FORM: F-6)
STATION: CENTRAL PARK NY
MONTH: JANUARY
YEAR: 2022
LATITUDE: 40 46 N
LONGITUDE: 73 58 W
TEMPERATURE IN F: :PCPN: SNOW: WIND :SUNSHINE: SKY :PK WND
================================================================================
1 2 3 4 5 6A 6B 7 8 9 10 11 12 13 14 15 16 17 18
12Z AVG MX 2MIN
DY MAX MIN AVG DEP HDD CDD WTR SNW DPTH SPD SPD DIR MIN PSBL S-S WX SPD DR
================================================================================
1 56 50 53 18 12 0 0.79 0.0 0 3.2 10 60 M M 10 1 15 60
2 59 37 48 13 17 0 0.04 0.0 0 5.7 18 300 M M 9 1 30 300
3 37 22 30 -5 35 0 0.00 0.0 0 9.9 18 350 M M 5 29 360
4 34 19 27 -8 38 0 0.00 0.0 0 6.1 14 300 M M 0 23 290
5 47 31 39 5 26 0 0.23 0.0 0 5.6 15 220 M M 6 16 23 240
6 41 34 38 4 27 0 0.00 0.0 0 6.4 17 280 M M 1 27 270
7 34 25 30 -4 35 0 0.38 5.8 6 8.8 18 30 M M 5 128 29 270
8 30 20 25 -9 40 0 0.00 0.0 3 6.1 16 310 M M 0 30 330
9 40 29 35 1 30 0 0.10 0.0 3 8.4 16 240 M M 7 1 24 220
10 40 24 32 -2 33 0 0.00 0.0 0 8.6 23 300 M M 3 36 300
11 24 15 20 -14 45 0 T T T 7.3 18 300 M M 0 1 29 300
12 40 20 30 -4 35 0 0.00 0.0 0 6.0 17 210 M M 0 29 200
13 48 34 41 7 24 0 0.00 0.0 0 3.2 8 60 M M 2 12 70
14 43 21 32 -1 33 0 0.00 0.0 0 8.2 22 10 M M 2 32 40
15 21 10 16 -17 49 0 0.00 0.0 0 7.2 14 10 M M 0 21 20
16 37 10 24 -9 41 0 0.37 0.8 0 8.6 17 60 M M 5 1 27 40
17 44 34 39 6 26 0 1.16 T 0 10.1 24 50 M M 10 1 36 60
18 36 29 33 0 32 0 0.00 0.0 0 9.2 20 300 M M 5 33 310
19 49 28 39 6 26 0 0.00 0.0 0 6.6 15 240 M M 1 27 200
20 46 22 34 1 31 0 0.30 T 0 6.7 18 10 M M 6 1 27 10
21 22 14 18 -15 47 0 0.00 0.0 0 7.9 16 20 M M 0 25 10
22 29 13 21 -12 44 0 0.00 0.0 0 5.6 13 250 M M 0 20 30
23 37 24 31 -2 34 0 0.02 0.2 0 5.3 14 240 M M 6 18 22 230
24 36 26 31 -2 34 0 T T T 4.3 15 210 M M 9 8 20 210
25 42 28 35 2 30 0 0.00 0.0 0 5.8 13 280 M M 6 8 19 270
26 28 20 24 -9 41 0 0.00 0.0 0 6.2 16 300 M M 0 23 300
27 32 17 25 -8 40 0 0.00 0.0 0 5.3 15 230 M M 2 8 19 240
28 32 29 31 -2 34 0 0.13 1.2 0 4.7 20 40 M M 10 18 27 30
29 29 12 21 -12 44 0 0.77 7.3 6 12.6 23 350 M M 9 128 32 350
30 26 12 19 -15 46 0 0.00 0.0 7 7.0 17 300 M M 0 30 290
31 31 21 26 -8 39 0 0.00 0.0 6 3.8 10 60 M M 1 13 40
================================================================================
SM 1150 730 1068 0 4.29 15.3 210.4 M 120
================================================================================
AV 37.1 23.5 6.8 FASTST M M 4 MAX(MPH)
MISC ----> 24 50 # 36 300
================================================================================
NOTES:
# LAST OF SEVERAL OCCURRENCES
COLUMN 17 PEAK WIND IN M.P.H.
PRELIMINARY LOCAL CLIMATOLOGICAL DATA (WS FORM: F-6) , PAGE 2
STATION: CENTRAL PARK NY
MONTH: JANUARY
YEAR: 2022
LATITUDE: 40 46 N
LONGITUDE: 73 58 W
[TEMPERATURE DATA] [PRECIPITATION DATA] SYMBOLS USED IN COLUMN 16
AVERAGE MONTHLY: 30.3 TOTAL FOR MONTH: 4.29 1 = FOG OR MIST
DPTR FM NORMAL: -3.4 DPTR FM NORMAL: 0.65 2 = FOG REDUCING VISIBILITY
HIGHEST: 59 ON 2 GRTST 24HR 1.23 ON 16-17 TO 1/4 MILE OR LESS
LOWEST: 10 ON 16,15 3 = THUNDER
SNOW, ICE PELLETS, HAIL 4 = ICE PELLETS
TOTAL MONTH: 15.3 INCHES 5 = HAIL
GRTST 24HR 7.3 ON 29-29 6 = FREEZING RAIN OR DRIZZLE
GRTST DEPTH: 7 ON 30 7 = DUSTSTORM OR SANDSTORM:
VSBY 1/2 MILE OR LESS
8 = SMOKE OR HAZE
[NO. OF DAYS WITH] [WEATHER - DAYS WITH] 9 = BLOWING SNOW
X = TORNADO
MAX 32 OR BELOW: 11 0.01 INCH OR MORE: 11
MAX 90 OR ABOVE: 0 0.10 INCH OR MORE: 9
MIN 32 OR BELOW: 26 0.50 INCH OR MORE: 3
MIN 0 OR BELOW: 0 1.00 INCH OR MORE: 1
[HDD (BASE 65) ]
TOTAL THIS MO. 1068 CLEAR (SCALE 0-3) 16
DPTR FM NORMAL 98 PTCLDY (SCALE 4-7) 9
TOTAL FM JUL 1 2402 CLOUDY (SCALE 8-10) 6
DPTR FM NORMAL -160
[CDD (BASE 65) ]
TOTAL THIS MO. 0
DPTR FM NORMAL 0 [PRESSURE DATA]
TOTAL FM JAN 1 0 HIGHEST SLP 30.60 ON 8
DPTR FM NORMAL 0 LOWEST SLP 29.08 ON 17
[REMARKS]
#FINAL-01-22#