000
CXUS55 KPSR 011005
CF6NYL
PRELIMINARY LOCAL CLIMATOLOGICAL DATA (WS FORM: F-6)
STATION: YUMA AZ
MONTH: OCTOBER
YEAR: 2021
LATITUDE: 32 39 N
LONGITUDE: 114 37 W
TEMPERATURE IN F: :PCPN: SNOW: WIND :SUNSHINE: SKY :PK WND
================================================================================
1 2 3 4 5 6A 6B 7 8 9 10 11 12 13 14 15 16 17 18
12Z AVG MX 2MIN
DY MAX MIN AVG DEP HDD CDD WTR SNW DPTH SPD SPD DIR MIN PSBL S-S WX SPD DR
================================================================================
1 95 68 82 -2 0 17 0.00 M M 5.8 14 30 M M 0 17 30
2 97 68 83 0 0 18 0.00 M M 5.2 14 30 M M 0 17 30
3 98 69 84 1 0 19 0.00 0.0 M 3.1 12 30 M M 0 14 30
4 98 71 85 2 0 20 0.00 0.0 M 3.3 12 200 M M 4 16 200
5 91 73 82 0 0 17 0.06 0.0 M 8.1 22 300 M M 4 3 31 310
6 91 72 82 0 0 17 0.00 M M 3.4 12 190 M M 3 8 13 190
7 88 72 80 -1 0 15 0.00 M M 4.9 10 230 M M 6 13 130
8 85 69 77 -4 0 12 0.00 0.0 M 9.0 22 300 M M 6 29 300
9 87 64 76 -5 0 11 0.00 M M 6.1 14 340 M M 0 18 350
10 88 58 73 -7 0 8 0.00 M M 7.1 16 330 M M 0 22 350
11 90 57 74 -6 0 9 0.00 M M 12.3 31 300 M M 1 7 42 300
12 73 56 65 -14 0 0 0.00 0.0 M 6.2 18 280 M M 3 7 23 280
13 79 52 66 -13 0 1 0.00 M M 5.1 14 360 M M 0 20 350
14 84 55 70 -9 0 5 0.00 0.0 M 3.1 9 350 M M 0 13 340
15 85 56 71 -7 0 6 0.00 0.0 M 8.6 21 20 M M 0 26 10
16 91 66 79 1 0 14 0.00 M M 8.8 17 10 M M 0 24 10
17 89 60 75 -3 0 10 0.00 M M 4.5 16 190 M M 0 19 190
18 79 63 71 -6 0 6 0.00 M M 11.0 22 290 M M 1 28 290
19 80 56 68 -9 0 3 0.00 M M 4.6 14 300 M M 0 16 310
20 85 56 71 -5 0 6 0.00 M M 3.0 10 290 M M 1 8 13 300
21 90 58 74 -2 0 9 0.00 M M 2.8 9 350 M M 0 12 310
22 89 58 74 -2 0 9 0.00 M M 2.7 12 300 M M 1 8 15 290
23 86 59 73 -2 0 8 0.00 M M 4.6 12 170 M M 0 14 160
24 87 61 74 -1 0 9 0.00 M M 4.9 12 150 M M 0 14 200
25 89 64 77 2 0 12 0.00 M M 11.2 29 300 M M 2 78 38 290
26 80 57 69 -5 0 4 0.00 M M 8.7 20 290 M M 1 26 310
27 84 57 71 -3 0 6 0.00 M M 7.6 18 350 M M 0 23 340
28 90 62 76 2 0 11 0.00 M M 6.4 15 350 M M 0 19 350
29 92 64 78 5 0 13 0.00 M M 5.1 16 30 M M 0 19 30
30 89 61 75 2 0 10 0.00 M M 5.1 10 190 M M 0 13 200
31 87 61 74 2 0 9 0.00 M M 4.6 14 220 M M 0 17 230
================================================================================
SM 2716 1923 0 314 0.06 0.0 186.9 M 33
================================================================================
AV 87.6 62.0 6.0 FASTST M M 1 MAX(MPH)
MISC ----> 31 300 42 300
================================================================================
NOTES:
# LAST OF SEVERAL OCCURRENCES
COLUMN 17 PEAK WIND IN M.P.H.
PRELIMINARY LOCAL CLIMATOLOGICAL DATA (WS FORM: F-6) , PAGE 2
STATION: YUMA AZ
MONTH: OCTOBER
YEAR: 2021
LATITUDE: 32 39 N
LONGITUDE: 114 37 W
[TEMPERATURE DATA] [PRECIPITATION DATA] SYMBOLS USED IN COLUMN 16
AVERAGE MONTHLY: 74.8 TOTAL FOR MONTH: 0.06 1 = FOG OR MIST
DPTR FM NORMAL: -3.2 DPTR FM NORMAL: -0.07 2 = FOG REDUCING VISIBILITY
HIGHEST: 98 ON 4, 3 GRTST 24HR 0.06 ON 5- 5 TO 1/4 MILE OR LESS
LOWEST: 52 ON 13 3 = THUNDER
SNOW, ICE PELLETS, HAIL 4 = ICE PELLETS
TOTAL MONTH: 0.0 INCH 5 = HAIL
GRTST 24HR 0.0 6 = FREEZING RAIN OR DRIZZLE
GRTST DEPTH: M ON M 7 = DUSTSTORM OR SANDSTORM:
VSBY 1/2 MILE OR LESS
8 = SMOKE OR HAZE
[NO. OF DAYS WITH] [WEATHER - DAYS WITH] 9 = BLOWING SNOW
X = TORNADO
MAX 32 OR BELOW: 0 0.01 INCH OR MORE: 1
MAX 90 OR ABOVE: 11 0.10 INCH OR MORE: 0
MIN 32 OR BELOW: 0 0.50 INCH OR MORE: 0
MIN 0 OR BELOW: 0 1.00 INCH OR MORE: 0
[HDD (BASE 65) ]
TOTAL THIS MO. 0 CLEAR (SCALE 0-3) 27
DPTR FM NORMAL -2 PTCLDY (SCALE 4-7) 4
TOTAL FM JUL 1 0 CLOUDY (SCALE 8-10) 0
DPTR FM NORMAL 0
[CDD (BASE 65) ]
TOTAL THIS MO. 314
DPTR FM NORMAL -90 [PRESSURE DATA]
TOTAL FM JAN 1 4647 HIGHEST SLP 30.18 ON 27
DPTR FM NORMAL 40 LOWEST SLP 29.44 ON 11
[REMARKS]
#FINAL-10-21#