154
CXUS55 KPSR 011005
CF6NYL
PRELIMINARY LOCAL CLIMATOLOGICAL DATA (WS FORM: F-6)
STATION: YUMA AZ
MONTH: SEPTEMBER
YEAR: 2020
LATITUDE: 32 39 N
LONGITUDE: 114 37 W
TEMPERATURE IN F: :PCPN: SNOW: WIND :SUNSHINE: SKY :PK WND
================================================================================
1 2 3 4 5 6A 6B 7 8 9 10 11 12 13 14 15 16 17 18
12Z AVG MX 2MIN
DY MAX MIN AVG DEP HDD CDD WTR SNW DPTH SPD SPD DIR MIN PSBL S-S WX SPD DR
================================================================================
1 105 84 95 2 0 30 0.00 M M 10.9 20 150 M M 1 23 160
2 104 84 94 1 0 29 0.00 M M 10.4 21 150 M M 0 24 170
3 108 83 96 3 0 31 0.00 M M 5.2 12 270 M M 0 16 250
4 114 84 99 7 0 34 0.00 M M 4.4 8 320 M M 0 12 210
5 120 87 104 12 0 39 0.00 M M 6.3 20 240 M M 1 24 230
6 115 85 100 8 0 35 0.00 M M 5.5 13 200 M M 0 16 180
7 108 84 96 4 0 31 0.00 M M 12.7 22 160 M M 0 25 150
8 100 83 92 0 0 27 0.00 M M 16.2 26 150 M M 1 8 33 160
9 92 75 84 -7 0 19 0.00 M M 14.2 26 350 M M 0 35 350
10 95 72 84 -7 0 19 0.00 M M 7.2 16 350 M M 0 21 350
11 94 70 82 -9 0 17 0.00 M M 3.6 12 30 M M 3 13 30
12 100 68 84 -6 0 19 0.00 M M 3.1 9 280 M M 0 8 15 80
13 101 70 86 -4 0 21 0.00 M M 2.1 10 150 M M 0 11 150
14 104 75 90 0 0 25 0.00 M M 3.9 10 200 M M 0 13 180
15 108 76 92 2 0 27 0.00 M M 3.4 13 290 M M 0 17 300
16 111 75 93 4 0 28 0.00 M M 4.4 13 240 M M 0 17 250
17 112 76 94 5 0 29 0.00 M M 4.1 12 20 M M 0 14 40
18 108 78 93 4 0 28 0.00 M M 6.4 16 160 M M 0 18 160
19 107 77 92 4 0 27 0.00 M M 4.6 14 180 M M 0 19 230
20 106 77 92 4 0 27 0.00 M M 5.7 13 140 M M 0 17 190
21 105 79 92 5 0 27 0.00 M M 7.2 22 210 M M 1 8 29 210
22 103 78 91 4 0 26 0.00 M M 4.3 13 260 M M 1 16 270
23 104 74 89 2 0 24 0.00 M M 3.8 10 260 M M 0 20 250
24 106 73 90 4 0 25 0.00 M M 2.8 13 220 M M 0 8 18 260
25 104 73 89 3 0 24 0.00 M M 5.4 15 190 M M 0 18 190
26 103 70 87 2 0 22 0.00 M M 5.8 14 200 M M 0 19 180
27 99 71 85 0 0 20 0.00 M M 3.8 10 200 M M 0 14 210
28 105 72 89 4 0 24 0.00 M M 5.3 13 350 M M 0 18 20
29 107 76 92 8 0 27 0.00 M M 7.3 18 30 M M 0 22 50
30 109 73 91 7 0 26 0.00 M M 5.0 15 30 M M 0 19 30
================================================================================
SM 3157 2302 0 787 0.00 M 185.0 M 8
================================================================================
AV105.2 76.7 6.2 FASTST M M 0 MAX(MPH)
MISC ----> # 26 150 35 350
================================================================================
NOTES:
# LAST OF SEVERAL OCCURRENCES
COLUMN 17 PEAK WIND IN M.P.H.
PRELIMINARY LOCAL CLIMATOLOGICAL DATA (WS FORM: F-6) , PAGE 2
STATION: YUMA AZ
MONTH: SEPTEMBER
YEAR: 2020
LATITUDE: 32 39 N
LONGITUDE: 114 37 W
[TEMPERATURE DATA] [PRECIPITATION DATA] SYMBOLS USED IN COLUMN 16
AVERAGE MONTHLY: 91.0 TOTAL FOR MONTH: 0.00 1 = FOG OR MIST
DPTR FM NORMAL: 2.0 DPTR FM NORMAL: -0.53 2 = FOG REDUCING VISIBILITY
HIGHEST: 120 ON 5 GRTST 24HR 0.00 ON 1- 1 TO 1/4 MILE OR LESS
LOWEST: 68 ON 12 3 = THUNDER
SNOW, ICE PELLETS, HAIL 4 = ICE PELLETS
TOTAL MONTH: M 5 = HAIL
GRTST 24HR M ON M 6 = FREEZING RAIN OR DRIZZLE
GRTST DEPTH: M ON M 7 = DUSTSTORM OR SANDSTORM:
VSBY 1/2 MILE OR LESS
8 = SMOKE OR HAZE
[NO. OF DAYS WITH] [WEATHER - DAYS WITH] 9 = BLOWING SNOW
X = TORNADO
MAX 32 OR BELOW: 0 0.01 INCH OR MORE: 0
MAX 90 OR ABOVE: 30 0.10 INCH OR MORE: 0
MIN 32 OR BELOW: 0 0.50 INCH OR MORE: 0
MIN 0 OR BELOW: 0 1.00 INCH OR MORE: 0
[HDD (BASE 65) ]
TOTAL THIS MO. 0 CLEAR (SCALE 0-3) 29
DPTR FM NORMAL 0 PTCLDY (SCALE 4-7) 1
TOTAL FM JUL 1 0 CLOUDY (SCALE 8-10) 0
DPTR FM NORMAL 0
[CDD (BASE 65) ]
TOTAL THIS MO. 787
DPTR FM NORMAL 66 [PRESSURE DATA]
TOTAL FM JAN 1 4353 HIGHEST SLP 29.99 ON 10
DPTR FM NORMAL 179 LOWEST SLP 29.49 ON 8
[REMARKS]
#FINAL-09-20#