000
CXUS55 KPSR 011005
CF6NYL
PRELIMINARY LOCAL CLIMATOLOGICAL DATA (WS FORM: F-6)
STATION: YUMA AZ
MONTH: JULY
YEAR: 2020
LATITUDE: 32 39 N
LONGITUDE: 114 37 W
TEMPERATURE IN F: :PCPN: SNOW: WIND :SUNSHINE: SKY :PK WND
================================================================================
1 2 3 4 5 6A 6B 7 8 9 10 11 12 13 14 15 16 17 18
12Z AVG MX 2MIN
DY MAX MIN AVG DEP HDD CDD WTR SNW DPTH SPD SPD DIR MIN PSBL S-S WX SPD DR
================================================================================
1 102 78 90 -3 0 25 0.00 M M 9.6 20 170 M M 0 24 160
2 105 78 92 -1 0 27 0.00 M M 11.4 21 190 M M 0 27 200
3 106 80 93 0 0 28 0.00 M M 5.6 16 180 M M 0 21 190
4 109 80 95 2 0 30 0.00 M M 4.1 13 260 M M 0 15 180
5 112 80 96 2 0 31 0.00 M M 6.3 15 290 M M 0 20 270
6 112 79 96 2 0 31 0.00 M M 7.6 15 200 M M 0 19 200
7 113 81 97 3 0 32 0.00 M M 8.0 20 160 M M 0 8 24 150
8 110 81 96 2 0 31 0.00 M M 6.0 15 170 M M 0 19 150
9 108 79 94 0 0 29 0.00 M M 10.1 18 150 M M 1 24 160
10 108 84 96 2 0 31 0.00 M M 8.5 23 160 M M 3 28 160
11 109 83 96 2 0 31 0.00 M M 7.6 22 150 M M 0 28 160
12 115 85 100 6 0 35 0.00 M M 6.0 12 270 M M 0 15 240
13 111 86 99 4 0 34 0.00 M M 10.0 17 160 M M 2 21 160
14 111 84 98 3 0 33 0.00 M M 6.9 14 250 M M 1 18 250
15 109 81 95 0 0 30 0.00 M M 4.0 13 240 M M 0 16 220
16 109 80 95 0 0 30 0.00 M M 9.0 20 150 M M 0 24 180
17 109 85 97 2 0 32 0.00 M M 11.3 22 140 M M 1 27 150
18 109 81 95 0 0 30 0.00 M M 6.6 15 150 M M 0 18 140
19 113 83 98 3 0 33 0.00 M M 6.6 18 260 M M 0 24 270
20 110 77 94 -1 0 29 0.00 M M 6.3 17 190 M M 1 21 190
21 108 80 94 -1 0 29 0.00 M M 11.4 28 150 M M 0 33 150
22 107 84 96 1 0 31 0.00 M M 11.7 24 160 M M 1 8 30 160
23 103 82 93 -2 0 28 0.00 M M 11.9 20 160 M M 1 26 180
24 104 82 93 -2 0 28 0.00 M M 10.7 18 160 M M 0 24 160
25 106 76 91 -4 0 26 0.00 M M 6.1 14 200 M M 0 18 170
26 109 81 95 0 0 30 0.00 M M 4.4 12 270 M M 0 15 270
27 112 81 97 2 0 32 0.00 M M 4.8 15 200 M M 0 20 200
28 114 80 97 2 0 32 0.00 M M 5.1 13 200 M M 0 16 200
29 111 81 96 1 0 31 0.00 M M 8.8 22 160 M M 0 24 160
30 115 84 100 5 0 35 0.00 M M 8.3 18 160 M M 0 21 180
31 115 84 100 5 0 35 0.00 M M 9.6 18 200 M M 1 22 200
================================================================================
SM 3394 2520 0 949 0.00 M 244.3 M 12
================================================================================
AV109.5 81.3 7.9 FASTST M M 0 MAX(MPH)
MISC ----> 28 150 33 150
================================================================================
NOTES:
# LAST OF SEVERAL OCCURRENCES
COLUMN 17 PEAK WIND IN M.P.H.
PRELIMINARY LOCAL CLIMATOLOGICAL DATA (WS FORM: F-6) , PAGE 2
STATION: YUMA AZ
MONTH: JULY
YEAR: 2020
LATITUDE: 32 39 N
LONGITUDE: 114 37 W
[TEMPERATURE DATA] [PRECIPITATION DATA] SYMBOLS USED IN COLUMN 16
AVERAGE MONTHLY: 95.4 TOTAL FOR MONTH: 0.00 1 = FOG OR MIST
DPTR FM NORMAL: 0.9 DPTR FM NORMAL: -0.29 2 = FOG REDUCING VISIBILITY
HIGHEST: 115 ON 31,30 GRTST 24HR 0.00 ON 1- 1 TO 1/4 MILE OR LESS
LOWEST: 76 ON 25 3 = THUNDER
SNOW, ICE PELLETS, HAIL 4 = ICE PELLETS
TOTAL MONTH: M 5 = HAIL
GRTST 24HR M ON M 6 = FREEZING RAIN OR DRIZZLE
GRTST DEPTH: M ON M 7 = DUSTSTORM OR SANDSTORM:
VSBY 1/2 MILE OR LESS
8 = SMOKE OR HAZE
[NO. OF DAYS WITH] [WEATHER - DAYS WITH] 9 = BLOWING SNOW
X = TORNADO
MAX 32 OR BELOW: 0 0.01 INCH OR MORE: 0
MAX 90 OR ABOVE: 31 0.10 INCH OR MORE: 0
MIN 32 OR BELOW: 0 0.50 INCH OR MORE: 0
MIN 0 OR BELOW: 0 1.00 INCH OR MORE: 0
[HDD (BASE 65) ]
TOTAL THIS MO. 0 CLEAR (SCALE 0-3) 31
DPTR FM NORMAL 0 PTCLDY (SCALE 4-7) 0
TOTAL FM JUL 1 0 CLOUDY (SCALE 8-10) 0
DPTR FM NORMAL 0
[CDD (BASE 65) ]
TOTAL THIS MO. 949
DPTR FM NORMAL 36 [PRESSURE DATA]
TOTAL FM JAN 1 2549 HIGHEST SLP 29.91 ON 10
DPTR FM NORMAL 3 LOWEST SLP 29.60 ON 28
[REMARKS]
#FINAL-07-20#