000
CXUS53 KOAX 011030
CF6OAX
PRELIMINARY LOCAL CLIMATOLOGICAL DATA (WS FORM: F-6)
STATION: VALLEY NWS NE
MONTH: DECEMBER
YEAR: 2021
LATITUDE: 41 19 N
LONGITUDE: 96 22 W
TEMPERATURE IN F: :PCPN: SNOW: WIND :SUNSHINE: SKY :PK WND
================================================================================
1 2 3 4 5 6A 6B 7 8 9 10 11 12 13 14 15 16 17 18
12Z AVG MX 2MIN
DY MAX MIN AVG DEP HDD CDD WTR SNW DPTH SPD SPD DIR MIN PSBL S-S WX SPD DR
================================================================================
1 66 40 53 19 12 0 0.00 0.0 0 M M M M M M 22 M
2 65 40 53 20 12 0 0.00 0.0 0 M M M M M M 10 M
3 59 36 48 15 17 0 0.00 0.0 0 M M M M M M 25 M
4 45 32 39 7 26 0 0.00 0.0 0 M M M M M M 26 M
5 53 30 42 10 23 0 0.00 0.0 0 M M M M M M 44 M
6 31 18 25 -7 40 0 0.00 0.0 0 M M M M M M 41 M
7 43 21 32 1 33 0 0.00 0.0 0 M M M M M M 29 M
8 44 22 33 2 32 0 0.00 0.0 0 M M M M M M 31 M
9 57 36 47 17 18 0 T 0.0 0 M M M M M M 30 M
10 39 29 34 4 31 0 0.07 1.0 0 M M M M M M 6 35 M
11 38 27 33 3 32 0 T T 1 M M M M M M 33 M
12 53 31 42 12 23 0 0.00 0.0 0 M M M M M M 25 M
13 53 27 40 11 25 0 0.00 0.0 0 M M M M M M 14 M
14 57 32 45 16 20 0 0.00 0.0 0 M M M M M M 25 M
15 73 30 52 24 13 0 0.14 0.0 0 M M M M M M 38 60 M
16 43 27 35 7 30 0 0.00 0.0 0 M M M M M M 36 M
17 44 25 35 7 30 0 0.00 0.0 0 M M M M M M 24 M
18 29 19 24 -4 41 0 T T 0 M M M M M M 36 M
19 40 15 28 1 37 0 0.00 0.0 0 M M M M M M 33 M
20 35 17 26 -1 39 0 0.00 0.0 0 M M M M M M 32 M
21 47 16 32 5 33 0 0.00 0.0 0 M M M M M M 35 M
22 52 22 37 10 28 0 0.00 0.0 0 M M M M M M 25 M
23 47 31 39 13 26 0 0.00 0.0 0 M M M M M M 20 M
24 57 35 46 20 19 0 0.00 0.0 0 M M M M M M 12 22 M
25 49 23 36 10 29 0 0.00 0.0 0 M M M M M M 21 M
26 48 22 35 9 30 0 0.00 0.0 0 M M M M M M 1 25 M
27 40 25 33 7 32 0 0.00 0.0 0 M M M M M M 30 M
28 41 11 26 1 39 0 0.00 0.0 0 M M M M M M 32 M
29 26 10 18 -7 47 0 0.00 0.0 0 M M M M M M 18 M
30 41 13 27 2 38 0 0.00 0.0 0 M M M M M M 25 M
31 29 9 19 -6 46 0 T T 0 M M M M M M 16 32 M
================================================================================
SM 1444 771 901 0 0.21 1.0 M M M
================================================================================
AV 46.6 24.9 M FASTST M M M MAX(MPH)
MISC ----> M M 60 9999
================================================================================
NOTES:
# LAST OF SEVERAL OCCURRENCES
COLUMN 17 PEAK WIND IN M.P.H.
PRELIMINARY LOCAL CLIMATOLOGICAL DATA (WS FORM: F-6) , PAGE 2
STATION: VALLEY NWS NE
MONTH: DECEMBER
YEAR: 2021
LATITUDE: 41 19 N
LONGITUDE: 96 22 W
[TEMPERATURE DATA] [PRECIPITATION DATA] SYMBOLS USED IN COLUMN 16
AVERAGE MONTHLY: 35.7 TOTAL FOR MONTH: 0.21 1 = FOG OR MIST
DPTR FM NORMAL: 7.1 DPTR FM NORMAL: -1.11 2 = FOG REDUCING VISIBILITY
HIGHEST: 73 ON 15 GRTST 24HR 0.14 ON 15-15 TO 1/4 MILE OR LESS
LOWEST: 9 ON 31 3 = THUNDER
SNOW, ICE PELLETS, HAIL 4 = ICE PELLETS
TOTAL MONTH: 1.0 INCH 5 = HAIL
GRTST 24HR 1.0 ON 10-10 6 = FREEZING RAIN OR DRIZZLE
GRTST DEPTH: 1 ON 11 7 = DUSTSTORM OR SANDSTORM:
VSBY 1/2 MILE OR LESS
8 = SMOKE OR HAZE
[NO. OF DAYS WITH] [WEATHER - DAYS WITH] 9 = BLOWING SNOW
X = TORNADO
MAX 32 OR BELOW: 4 0.01 INCH OR MORE: 2
MAX 90 OR ABOVE: 0 0.10 INCH OR MORE: 1
MIN 32 OR BELOW: 26 0.50 INCH OR MORE: 0
MIN 0 OR BELOW: 0 1.00 INCH OR MORE: 0
[HDD (BASE 65) ]
TOTAL THIS MO. 901 CLEAR (SCALE 0-3) 0
DPTR FM NORMAL -227 PTCLDY (SCALE 4-7) 0
TOTAL FM JUL 1 1778 CLOUDY (SCALE 8-10) 31
DPTR FM NORMAL -530
[CDD (BASE 65) ]
TOTAL THIS MO. 0
DPTR FM NORMAL 0 [PRESSURE DATA]
TOTAL FM JAN 1 1424 HIGHEST SLP M ON M
DPTR FM NORMAL 221 LOWEST SLP M ON M
[REMARKS]
#FINAL-12-21#