000
CXUS53 KOAX 022034
CLAOFK
CLIMATE REPORT
NATIONAL WEATHER SERVICE OMAHA/VALLEY NE
234 PM CST SUN JAN 02 2022
...................................
...THE NORFOLK NE CLIMATE SUMMARY FOR THE YEAR OF 2021...
CLIMATE NORMAL PERIOD 1991 TO 2020
CLIMATE RECORD PERIOD 1888 TO 2022
WEATHER OBSERVED NORMAL DEPART
VALUE DATE(S) VALUE FROM
NORMAL
................................................
TEMPERATURE (F)
HIGHEST 100 06/16
06/17
LOWEST -31 02/16
AVG. MAXIMUM 63.4 60.9 2.5
AVG. MINIMUM 40.1 37.6 2.5
MEAN 51.7 49.2 2.5
DAYS MAX >= 90 41
DAYS MAX <= 32 39
DAYS MIN <= 32 134 149.9 -15.9
DAYS MIN <= 0 13
PRECIPITATION (INCHES)
TOTALS 25.66 27.01 -1.35
DAYS >= .01 90
DAYS >= .10 49
DAYS >= .50 13
DAYS >= 1.00 9
GREATEST
24 HR. TOTAL 2.82 03/13 TO 03/14
STORM TOTAL 2.74
(MM/DD(HH))
SNOWFALL (INCHES)
TOTALS 24.7 29.9 -5.2
DAYS >= TRACE 33
DAYS >= 1.0 9
GREATEST
SNOW DEPTH 10 02/14
02/15
02/16
24 HR TOTAL 6.6 01/25 TO 01/25
STORM TOTAL 6.6
(MM/DD(HH))
DEGREE DAYS
HEATING TOTAL 5867 6623 -756
COOLING TOTAL 1211 907 304
................................................
WIND (MPH)
HIGHEST WIND SPEED/DIRECTION 51/330 DATE 01/15
HIGHEST GUST SPEED/DIRECTION 67/340 DATE 01/15
WEATHER CONDITIONS. NUMBER OF DAYS WITH
THUNDERSTORM 49 MIXED PRECIP 0
HEAVY RAIN 24 RAIN 30
LIGHT RAIN 87 FREEZING RAIN 0
LT FREEZING RAIN 2 HAIL 0
HEAVY SNOW 1 SNOW 6
LIGHT SNOW 34 SLEET 0
FOG 140 FOG W/VIS <= 1/4 MILE 27
HAZE 95
- INDICATES NEGATIVE NUMBERS.
R INDICATES RECORD WAS SET OR TIED.
MM INDICATES DATA IS MISSING.
T INDICATES TRACE AMOUNT.
&&
2021 IN NORFOLK WAS WARMER AND DRIER THAN NORMAL. THE YEAR ENDED UP
2.5 DEGREES ABOVE NORMAL FOR AVERAGE TEMPERATURE AND 1.35 INCHES
BELOW NORMAL FOR PRECIPITATION. SNOWFALL FOR THE YEAR WAS 5.2 INCHES
BELOW NORMAL. THE YEAR RANKED AS THE 8TH WARMEST YEAR ON RECORD. IT
WAS THE 63RD DRIEST YEAR AND THE 80TH SNOWIEST YEAR. THE PEAK WIND
DURING THE YEAR WAS 67 MPH AND OCCURRED ON JANUARY 15.
TEMPERATURES PRECIPITATION
AVG. DEPARMAXMIN TOTALDEPARSNOW DEPARTSTORM PEAK
DAYS WIND
JAN 27.8 5.2 57 4 0.74 0.15 8.4 2.0 0 67
FEB 14.2 -12.6 56-31 0.57-0.19 11.3 5.8 0 46
MAR 44.0 6.6 78 20 5.64 3.87 0.9 -4.2 1 50
APR 49.9 0.3 85 18 1.66 -0.99 1.5 -1.1 3 46
MAY 60.1 0.0 91 30 2.33 -1.67 0.0 0.0 6 46
JUN 75.0 4.6 100 47 3.40 -0.97 0.0 0.0 10 60
JUL 75.2 0.4 99 55 3.10 0.12 0.0 0.0 7 64
AUG 75.6 3.2 95 52 3.75 0.25 0.0 0.0 11 61
SEP 68.5 4.1 94 35 1.78 -0.59 0.0 0.0 5 50
OCT 54.7 3.9 85 27 2.03 -0.12 0.0 0.0 5 50
NOV 43.3 6.5 74 19 0.16 -1.06 T -3.2 0 59
DEC 32.6 6.9 67 2 0.50 -0.35 2.6 -3.5 1 62
YEAR 51.7 2.5100-31 25.66 -1.35 24.7 -5.2 49 67
128 YEARS OF RECORD (1893 TO 2021)
NORFOLK DAILY RECORDS
DATE RECORD TYPE READING PREVIOUS RECORD
JANUARY25 PRECIPITATION 0.44 0.40 IN 1950
FEBRUARY 6 SNOWFALL 2.3 1.2 IN 2005
FEBRUARY 13 COOL MAX TEMP 4 5 IN 1936
FEBRUARY 16 MINIMUM TEMP -31 -22 IN 1936
MARCH 9 WARM MIN TEMP 46 37 IN 1902
MARCH 14 PRECIPITATION 2.74 1.14 IN 1913
APRIL 5 WARM MIN TEMP 60 56 IN 1921
JUNE 17 MAXIMUM TEMPERATURE 100 100 IN 1918
JUNE 17 WARM MIN TEMP 73 73 IN 1939
JULY 9 PRECIPITATION 1.70 1.47 IN 1911
AUGUST 31 PRECIPITATION 1.34 1.34 IN 2014
SEPTEMBER 28 MAXIMUM TEMPERATURE 93 90 IN 1922
OCTOBER 27 PRECIPITATION 1.32 0.81 IN 1901
DECEMBER 2 MAXIMUM TEMPERATURE 66 66 IN 1998
DECEMBER 15 MAXIMUM TEMPERATURE 67 64 IN 2002
DECEMBER 24 MAXIMUM TEMPERATURE 58 57 IN 1922
NORFOLK MONTHLY RECORDS (TOP 20 LISTED)
TEMPERATURE PRECIPITATION SNOWFALL
JAN 15TH WARMEST -- --
FEB 6TH COLDEST -- 18TH SNOWIEST
MAR 5TH WARMEST 2ND WETTEST --
APR -- -- --
MAY -- -- --
JUN 10TH WARMEST -- --
JUL -- -- --
AUG 20TH WARMEST -- --
SEP 15TH WARMEST -- --
OCT 20TH WARMEST 20TH DRIEST --
NOV 6TH WARMEST -- 6TH DRIEST
DEC 1ST WARMEST -- --
$$
DEWALD