000
CXUS51 KAKQ 010710
CF6OFP
PRELIMINARY LOCAL CLIMATOLOGICAL DATA (WS FORM: F-6)
STATION: RICHMOND/HANOVER
MONTH: APRIL
YEAR: 2022
LATITUDE: 37 42 N
LONGITUDE: 77 26 W
TEMPERATURE IN F: :PCPN: SNOW: WIND :SUNSHINE: SKY :PK WND
================================================================================
1 2 3 4 5 6A 6B 7 8 9 10 11 12 13 14 15 16 17 18
12Z AVG MX 2MIN
DY MAX MIN AVG DEP HDD CDD WTR SNW DPTH SPD SPD DIR MIN PSBL S-S WX SPD DR
================================================================================
1 68 40 54 1 11 0 0.00 M M 12.2 22 300 M M 4 39 280
2 61 31 46 -7 19 0 0.00 M M 3.2 9 170 M M 0 M M
3 68 44 56 3 9 0 0.00 M M 9.9 21 290 M M 3 36 280
4 63 32 48 -6 17 0 0.00 M M 3.4 7 200 M M 1 M M
5 71 49 60 6 5 0 0.17 M M 4.5 9 120 M M 7 1 18 120
6 70 55 63 9 2 0 0.40 M M 6.0 13 310 M M 7 1 18 99
7 58 47 53 -2 12 0 0.31 M M 4.2 14 310 M M 10 1 28 340
8 66 42 54 -1 11 0 0.00 M M 5.3 20 260 M M 4 12 27 240
9 59 44 52 -3 13 0 0.00 M M 7.8 17 290 M M 7 23 290
10 62 38 50 -6 15 0 0.00 M M 8.0 21 300 M M 2 28 290
11 72 34 53 -3 12 0 0.00 M M 4.1 10 160 M M 0 M M
12 82 55 69 13 0 4 T M M 4.2 15 190 M M 6 20 190
13 88 59 74 17 0 9 0.00 M M 9.2 20 220 M M 3 8 32 200
14 85 58 72 15 0 7 0.04 M M 11.6 18 210 M M 5 3 36 310
15 72 45 59 2 6 0 0.00 M M 5.2 12 180 M M 2 21 200
16 80 55 68 10 0 3 0.00 M M 10.4 17 220 M M 0 32 200
17 66 46 56 -2 9 0 0.00 M M 5.4 10 60 M M 2 16 99
18 47 42 45 -13 20 0 1.84 M M 6.4 14 310 M M 8 1 22 60
19 56 38 47 -12 18 0 0.00 M M 11.1 21 260 M M 3 31 300
20 64 32 48 -11 17 0 0.00 M M 2.9 8 190 M M 0 M M
21 71 45 58 -1 7 0 T M M 6.3 12 200 M M 2 21 160
22 79 51 65 5 0 0 0.00 M M 3.6 9 310 M M 1 1 M M
23 84 49 67 7 0 2 0.00 M M 4.5 12 190 M M 2 17 170
24 89 62 76 16 0 11 0.00 M M 5.8 10 230 M M 0 M M
25 81 54 68 8 0 3 0.00 M M 2.9 7 330 M M 0 18 M M
26 77 56 67 6 0 2 0.20 M M 3.6 13 340 M M 5 128 25 340
27 70 47 59 -2 6 0 0.00 M M 6.8 14 310 M M 2 24 300
28 64 39 52 -9 13 0 0.00 M M 4.0 14 340 M M 0 24 320
29 70 38 54 -8 11 0 0.00 M M 2.3 8 290 M M 0 M M
30 69 43 56 -6 9 0 0.00 M M 2.7 7 200 M M 2 M M
================================================================================
SM 2112 1370 242 41 2.96 M 177.4 M 88
================================================================================
AV 70.4 45.7 5.9 FASTST M M 3 MAX(MPH)
MISC ----> 22 300 39 280
================================================================================
NOTES:
# LAST OF SEVERAL OCCURRENCES
COLUMN 17 PEAK WIND IN M.P.H.
PRELIMINARY LOCAL CLIMATOLOGICAL DATA (WS FORM: F-6) , PAGE 2
STATION: RICHMOND/HANOVER
MONTH: APRIL
YEAR: 2022
LATITUDE: 37 42 N
LONGITUDE: 77 26 W
[TEMPERATURE DATA] [PRECIPITATION DATA] SYMBOLS USED IN COLUMN 16
AVERAGE MONTHLY: 58.0 TOTAL FOR MONTH: 2.96 1 = FOG OR MIST
DPTR FM NORMAL: 0.6 DPTR FM NORMAL: -0.47 2 = FOG REDUCING VISIBILITY
HIGHEST: 89 ON 24 GRTST 24HR 1.84 ON 18-18 TO 1/4 MILE OR LESS
LOWEST: 31 ON 2 3 = THUNDER
SNOW, ICE PELLETS, HAIL 4 = ICE PELLETS
TOTAL MONTH: M 5 = HAIL
GRTST 24HR M ON M 6 = FREEZING RAIN OR DRIZZLE
GRTST DEPTH: M ON M 7 = DUSTSTORM OR SANDSTORM:
VSBY 1/2 MILE OR LESS
8 = SMOKE OR HAZE
[NO. OF DAYS WITH] [WEATHER - DAYS WITH] 9 = BLOWING SNOW
X = TORNADO
MAX 32 OR BELOW: 0 0.01 INCH OR MORE: 6
MAX 90 OR ABOVE: 0 0.10 INCH OR MORE: 5
MIN 32 OR BELOW: 3 0.50 INCH OR MORE: 1
MIN 0 OR BELOW: 0 1.00 INCH OR MORE: 1
[HDD (BASE 65) ]
TOTAL THIS MO. 242 CLEAR (SCALE 0-3) 18
DPTR FM NORMAL -22 PTCLDY (SCALE 4-7) 10
TOTAL FM JUL 1 3256 CLOUDY (SCALE 8-10) 2
DPTR FM NORMAL -605
[CDD (BASE 65) ]
TOTAL THIS MO. 41
DPTR FM NORMAL 5 [PRESSURE DATA]
TOTAL FM JAN 1 58 HIGHEST SLP M ON M
DPTR FM NORMAL 15 LOWEST SLP M ON M
[REMARKS]
#FINAL-04-22#