000
CXUS51 KAKQ 010810
CF6OFP
PRELIMINARY LOCAL CLIMATOLOGICAL DATA (WS FORM: F-6)
STATION: RICHMOND/HANOVER
MONTH: FEBRUARY
YEAR: 2022
LATITUDE: 37 42 N
LONGITUDE: 77 26 W
TEMPERATURE IN F: :PCPN: SNOW: WIND :SUNSHINE: SKY :PK WND
================================================================================
1 2 3 4 5 6A 6B 7 8 9 10 11 12 13 14 15 16 17 18
12Z AVG MX 2MIN
DY MAX MIN AVG DEP HDD CDD WTR SNW DPTH SPD SPD DIR MIN PSBL S-S WX SPD DR
================================================================================
1 47 25 36 -2 29 0 0.00 M M 2.3 8 60 M M 0 8 12 110
2 54 23 39 1 26 0 0.00 M M 1.4 8 180 M M 2 18 13 170
3 62 44 53 15 12 0 0.15 M M 4.3 13 180 M M 9 1 21 180
4 68 36 52 14 13 0 0.33 M M 11.0 22 190 M M 10 1 36 220
5 39 25 32 -7 33 0 0.00 M M 6.1 16 310 M M 3 30 320
6 41 19 30 -9 35 0 0.00 M M 2.1 7 70 M M 3 M M
7 40 33 37 -2 28 0 0.28 M M 2.6 8 310 M M 8 1 M M
8 52 30 41 2 24 0 0.00 M M 3.7 13 300 M M 1 1 17 270
9 59 25 42 3 23 0 0.00 M M 4.0 14 210 M M 0 18 M M
10 64 32 48 9 17 0 0.00 M M 7.0 21 230 M M 0 31 270
11 69 29 49 10 16 0 0.00 M M 7.2 17 200 M M 0 31 190
12 70 48 59 19 6 0 0.00 M M 7.6 14 290 M M 2 17 280
13 50 28 39 -1 26 0 0.01 M M 4.5 8 30 M M 9 1 16 99
14 38 21 30 -10 35 0 T M M 2.5 13 300 M M 4 1 18 320
15 44 17 31 -9 34 0 0.00 M M 1.7 7 260 M M 0 M M
16 61 24 43 3 22 0 0.00 M M 6.0 14 200 M M 2 M M
17 74 52 63 23 2 0 0.00 M M 14.5 24 190 M M 5 38 200
18 69 30 50 9 15 0 0.16 M M 12.8 23 310 M M 3 1 38 220
19 57 24 41 0 24 0 0.00 M M 8.6 25 300 M M 0 43 300
20 49 19 34 -7 31 0 0.00 M M 4.8 12 170 M M 0 20 170
21 68 30 49 8 16 0 0.00 M M 6.0 15 180 M M 0 18 180
22 68 56 62 20 3 0 0.09 M M 10.2 15 180 M M 9 26 180
23 72 51 62 20 3 0 0.05 M M 9.7 14 210 M M 5 23 220
24 51 35 43 1 22 0 0.02 M M 4.4 8 30 M M 7 1 M M
25 66 35 51 9 14 0 0.04 M M 6.3 12 250 M M 5 1 21 270
26 44 34 39 -3 26 0 0.00 M M 3.0 7 270 M M 0 M M
27 55 34 45 2 20 0 0.00 M M 4.2 13 210 M M 3 8 16 250
28 54 28 41 -2 24 0 0.00 M M 3.8 8 20 M M 0 M M
================================================================================
SM 1585 887 579 0 1.13 M 162.2 M 90
================================================================================
AV 56.6 31.7 5.8 FASTST M M 3 MAX(MPH)
MISC ----> 25 300 43 300
================================================================================
NOTES:
# LAST OF SEVERAL OCCURRENCES
COLUMN 17 PEAK WIND IN M.P.H.
PRELIMINARY LOCAL CLIMATOLOGICAL DATA (WS FORM: F-6) , PAGE 2
STATION: RICHMOND/HANOVER
MONTH: FEBRUARY
YEAR: 2022
LATITUDE: 37 42 N
LONGITUDE: 77 26 W
[TEMPERATURE DATA] [PRECIPITATION DATA] SYMBOLS USED IN COLUMN 16
AVERAGE MONTHLY: 44.1 TOTAL FOR MONTH: 1.13 1 = FOG OR MIST
DPTR FM NORMAL: 3.9 DPTR FM NORMAL: -1.74 2 = FOG REDUCING VISIBILITY
HIGHEST: 74 ON 17 GRTST 24HR 0.33 ON 4- 4 TO 1/4 MILE OR LESS
LOWEST: 17 ON 15 3 = THUNDER
SNOW, ICE PELLETS, HAIL 4 = ICE PELLETS
TOTAL MONTH: M 5 = HAIL
GRTST 24HR M ON M 6 = FREEZING RAIN OR DRIZZLE
GRTST DEPTH: M ON M 7 = DUSTSTORM OR SANDSTORM:
VSBY 1/2 MILE OR LESS
8 = SMOKE OR HAZE
[NO. OF DAYS WITH] [WEATHER - DAYS WITH] 9 = BLOWING SNOW
X = TORNADO
MAX 32 OR BELOW: 0 0.01 INCH OR MORE: 9
MAX 90 OR ABOVE: 0 0.10 INCH OR MORE: 4
MIN 32 OR BELOW: 17 0.50 INCH OR MORE: 0
MIN 0 OR BELOW: 0 1.00 INCH OR MORE: 0
[HDD (BASE 65) ]
TOTAL THIS MO. 579 CLEAR (SCALE 0-3) 18
DPTR FM NORMAL -116 PTCLDY (SCALE 4-7) 5
TOTAL FM JUL 1 2592 CLOUDY (SCALE 8-10) 5
DPTR FM NORMAL -456
[CDD (BASE 65) ]
TOTAL THIS MO. 0
DPTR FM NORMAL -1 [PRESSURE DATA]
TOTAL FM JAN 1 0 HIGHEST SLP M ON M
DPTR FM NORMAL 0 LOWEST SLP M ON M
[REMARKS]
#FINAL-02-22#