000
CXUS53 KEAX 010736
CF6OJC
PRELIMINARY LOCAL CLIMATOLOGICAL DATA (WS FORM: F-6)
STATION: JOHNSON COUNTY EXECUTIVE KS
MONTH: OCTOBER
YEAR: 2021
LATITUDE: 38 50 N
LONGITUDE: 94 44 W
TEMPERATURE IN F: :PCPN: SNOW: WIND :SUNSHINE: SKY :PK WND
================================================================================
1 2 3 4 5 6A 6B 7 8 9 10 11 12 13 14 15 16 17 18
12Z AVG MX 2MIN
DY MAX MIN AVG DEP HDD CDD WTR SNW DPTH SPD SPD DIR MIN PSBL S-S WX SPD DR
================================================================================
1 78 66 72 9 0 7 0.00 M M 4.6 10 200 M M 6 12 15 190
2 76 63 70 8 0 5 0.04 M M 3.7 9 270 M M 6 13 240
3 78 59 69 7 0 4 T M M 6.3 14 310 M M 6 1 22 310
4 81 54 68 6 0 3 0.00 M M 3.9 15 10 M M 0 22 20
5 77 54 66 5 0 1 0.00 M M 5.2 17 40 M M 5 22 50
6 75 59 67 6 0 2 0.04 M M 5.5 13 40 M M 8 18 18 50
7 76 62 69 9 0 4 T M M 3.1 8 250 M M 6 1 10 220
8 84 61 73 13 0 8 0.00 M M 7.2 15 170 M M 1 20 160
9 89 65 77 17 0 12 0.00 M M 10.0 21 200 M M 0 32 180
10 81 59 70 11 0 5 1.26 M M 9.4 20 320 M M 5 13 27 330
11 67 51 59 0 6 0 1.14 M M 11.9 28 360 M M 6 13 39 10
12 77 50 64 6 1 0 0.15 M M 5.9 17 160 M M 2 3 23 160
13 74 57 66 8 0 1 0.68 M M 8.8 22 320 M M 6 13 30 170
14 73 52 63 5 2 0 0.14 M M 5.8 12 130 M M 4 13 20 60
15 64 46 55 -2 10 0 0.01 M M 9.5 20 10 M M 5 36 320
16 66 42 54 -3 11 0 0.00 M M 5.4 16 330 M M 0 24 260
17 72 42 57 1 8 0 0.00 M M 3.7 10 170 M M 0 15 190
18 73 47 60 4 5 0 0.00 M M 8.9 21 170 M M 0 29 160
19 75 52 64 8 1 0 0.00 M M 12.9 22 170 M M 0 30 170
20 69 50 60 5 5 0 0.00 M M 8.9 15 270 M M 2 25 250
21 60 42 51 -4 14 0 0.00 M M 6.3 14 340 M M 0 20 310
22 68 37 53 -1 12 0 0.00 M M 4.4 13 190 M M 0 19 210
23 62 48 55 1 10 0 0.00 M M 8.2 15 110 M M 8 22 70
24 75 50 63 9 2 0 0.33 M M 13.8 28 260 M M 6 13 44 280
25 50 47 49 -4 16 0 0.00 M M 7.7 17 10 M M 10 25 320
26 60 44 52 -1 13 0 0.00 M M 12.5 21 120 M M 6 34 140
27 58 51 55 3 10 0 0.75 M M 11.0 21 140 M M 10 18 29 130
28 52 46 49 -3 16 0 0.77 M M 15.0 26 360 M M 10 1 38 20
29 56 43 50 -1 15 0 0.28 M M 11.9 21 350 M M 7 1 34 330
30 64 38 51 0 14 0 0.00 M M 4.6 13 310 M M 0 18 19 320
31 58 43 51 1 14 0 0.00 M M 11.5 22 10 M M 2 29 10
================================================================================
SM 2168 1580 185 52 5.59 M 247.5 M 127
================================================================================
AV 69.9 51.0 8.0 FASTST M M 4 MAX(MPH)
MISC ----> # 28 360 44 280
================================================================================
NOTES:
# LAST OF SEVERAL OCCURRENCES
COLUMN 17 PEAK WIND IN M.P.H.
PRELIMINARY LOCAL CLIMATOLOGICAL DATA (WS FORM: F-6) , PAGE 2
STATION: JOHNSON COUNTY EXECUTIVE KS
MONTH: OCTOBER
YEAR: 2021
LATITUDE: 38 50 N
LONGITUDE: 94 44 W
[TEMPERATURE DATA] [PRECIPITATION DATA] SYMBOLS USED IN COLUMN 16
AVERAGE MONTHLY: 60.5 TOTAL FOR MONTH: 5.59 1 = FOG OR MIST
DPTR FM NORMAL: 3.8 DPTR FM NORMAL: 2.58 2 = FOG REDUCING VISIBILITY
HIGHEST: 89 ON 9 GRTST 24HR 2.38 ON 10-11 TO 1/4 MILE OR LESS
LOWEST: 37 ON 22 3 = THUNDER
SNOW, ICE PELLETS, HAIL 4 = ICE PELLETS
TOTAL MONTH: M 5 = HAIL
GRTST 24HR M ON M 6 = FREEZING RAIN OR DRIZZLE
GRTST DEPTH: M ON M 7 = DUSTSTORM OR SANDSTORM:
VSBY 1/2 MILE OR LESS
8 = SMOKE OR HAZE
[NO. OF DAYS WITH] [WEATHER - DAYS WITH] 9 = BLOWING SNOW
X = TORNADO
MAX 32 OR BELOW: 0 0.01 INCH OR MORE: 12
MAX 90 OR ABOVE: 0 0.10 INCH OR MORE: 9
MIN 32 OR BELOW: 0 0.50 INCH OR MORE: 5
MIN 0 OR BELOW: 0 1.00 INCH OR MORE: 2
[HDD (BASE 65) ]
TOTAL THIS MO. 185 CLEAR (SCALE 0-3) 13
DPTR FM NORMAL -100 PTCLDY (SCALE 4-7) 13
TOTAL FM JUL 1 194 CLOUDY (SCALE 8-10) 5
DPTR FM NORMAL -143
[CDD (BASE 65) ]
TOTAL THIS MO. 52
DPTR FM NORMAL 25 [PRESSURE DATA]
TOTAL FM JAN 1 1592 HIGHEST SLP M ON M
DPTR FM NORMAL 242 LOWEST SLP 29.41 ON 11
[REMARKS]
#FINAL-10-21#