000
CXUS54 KOUN 010700
CF6OKC
PRELIMINARY LOCAL CLIMATOLOGICAL DATA (WS FORM: F-6)
STATION: OKLAHOMA CITY
MONTH: JUNE
YEAR: 2020
LATITUDE: 35 24 N
LONGITUDE: 97 36 W
TEMPERATURE IN F: :PCPN: SNOW: WIND :SUNSHINE: SKY :PK WND
================================================================================
1 2 3 4 5 6A 6B 7 8 9 10 11 12 13 14 15 16 17 18
12Z AVG MX 2MIN
DY MAX MIN AVG DEP HDD CDD WTR SNW DPTH SPD SPD DIR MIN PSBL S-S WX SPD DR
================================================================================
1 84 60 72 -2 0 7 0.00 0.0 0 9.2 16 160 M M 8 21 200
2 88 63 76 2 0 11 0.00 0.0 0 10.1 20 200 M M 6 25 180
3 92 67 80 5 0 15 0.00 0.0 0 11.3 18 210 M M 2 1 24 210
4 96 70 83 8 0 18 T 0.0 0 11.7 37 290 M M 5 3 45 290
5 94 63 79 4 0 14 0.00 0.0 0 7.0 15 180 M M 3 19 190
6 94 70 82 6 0 17 0.00 0.0 0 7.9 16 180 M M 1 19 180
7 90 68 79 3 0 14 0.00 0.0 0 10.2 18 130 M M 2 26 170
8 92 67 80 4 0 15 0.00 0.0 0 6.6 16 100 M M 3 20 110
9 85 61 73 -3 0 8 0.00 0.0 0 19.0 39 310 M M 2 8 48 310
10 85 59 72 -5 0 7 0.00 0.0 0 17.8 41 310 M M 1 52 300
11 89 54 72 -5 0 7 0.00 0.0 0 7.9 16 170 M M 1 20 170
12 91 60 76 -1 0 11 T 0.0 0 9.6 22 180 M M 5 28 170
13 92 60 76 -1 0 11 0.00 0.0 0 9.5 18 200 M M 1 24 200
14 91 62 77 -1 0 12 0.00 0.0 0 11.2 21 180 M M 2 26 200
15 91 62 77 -1 0 12 0.00 0.0 0 9.4 20 180 M M 4 26 200
16 93 68 81 3 0 16 0.00 0.0 0 12.0 22 140 M M 4 26 140
17 92 70 81 3 0 16 0.00 0.0 0 13.9 24 150 M M 3 37 180
18 93 71 82 3 0 17 0.00 0.0 0 15.8 26 150 M M 5 33 140
19 81 65 73 -6 0 8 2.06 0.0 0 13.8 31 340 M M 7 13 37 350
20 88 64 76 -3 0 11 T 0.0 0 7.9 15 250 M M 6 22 250
21 85 62 74 -5 0 9 1.33 0.0 M 12.5 46 360 M M 8 13 58 10
22 88 64 76 -4 0 11 0.10 0.0 0 6.4 16 340 M M 7 13 20 330
23 85 66 76 -4 0 11 0.00 0.0 0 10.2 21 30 M M 7 26 40
24 87 60 74 -6 0 9 0.00 0.0 0 5.2 12 140 M M 4 17 170
25 89 65 77 -3 0 12 0.00 0.0 0 9.6 18 160 M M 5 8 25 180
26 92 67 80 0 0 15 0.00 0.0 0 12.2 20 200 M M 5 1 26 180
27 89 71 80 -1 0 15 0.00 0.0 0 15.4 25 190 M M 6 32 190
28 88 74 81 0 0 16 0.00 0.0 0 17.1 26 160 M M 7 33 190
29 91 75 83 2 0 18 0.00 0.0 0 19.9 28 190 M M 6 38 180
30 93 74 84 3 0 19 0.00 0.0 0 19.3 28 180 M M 3 35 180
================================================================================
SM 2688 1962 0 382 3.49 0.0 349.6 M 129
================================================================================
AV 89.6 65.4 11.7 FASTST M M 4 MAX(MPH)
MISC ----> # 46 360 # 58 10
================================================================================
NOTES:
# LAST OF SEVERAL OCCURRENCES
COLUMN 17 PEAK WIND IN M.P.H.
PRELIMINARY LOCAL CLIMATOLOGICAL DATA (WS FORM: F-6) , PAGE 2
STATION: OKLAHOMA CITY
MONTH: JUNE
YEAR: 2020
LATITUDE: 35 24 N
LONGITUDE: 97 36 W
[TEMPERATURE DATA] [PRECIPITATION DATA] SYMBOLS USED IN COLUMN 16
AVERAGE MONTHLY: 77.5 TOTAL FOR MONTH: 3.49 1 = FOG OR MIST
DPTR FM NORMAL: -0.5 DPTR FM NORMAL: -1.44 2 = FOG REDUCING VISIBILITY
HIGHEST: 96 ON 4 GRTST 24HR 2.06 ON 19-19 TO 1/4 MILE OR LESS
LOWEST: 54 ON 11 3 = THUNDER
SNOW, ICE PELLETS, HAIL 4 = ICE PELLETS
TOTAL MONTH: 0.0 INCH 5 = HAIL
GRTST 24HR 0.0 6 = FREEZING RAIN OR DRIZZLE
GRTST DEPTH: 0 7 = DUSTSTORM OR SANDSTORM:
VSBY 1/2 MILE OR LESS
8 = SMOKE OR HAZE
[NO. OF DAYS WITH] [WEATHER - DAYS WITH] 9 = BLOWING SNOW
X = TORNADO
MAX 32 OR BELOW: 0 0.01 INCH OR MORE: 3
MAX 90 OR ABOVE: 16 0.10 INCH OR MORE: 3
MIN 32 OR BELOW: 0 0.50 INCH OR MORE: 2
MIN 0 OR BELOW: 0 1.00 INCH OR MORE: 2
[HDD (BASE 65) ]
TOTAL THIS MO. 0 CLEAR (SCALE 0-3) 12
DPTR FM NORMAL -1 PTCLDY (SCALE 4-7) 18
TOTAL FM JUL 1 3499 CLOUDY (SCALE 8-10) 0
DPTR FM NORMAL 134
[CDD (BASE 65) ]
TOTAL THIS MO. 382
DPTR FM NORMAL -8 [PRESSURE DATA]
TOTAL FM JAN 1 574 HIGHEST SLP M ON M
DPTR FM NORMAL -66 LOWEST SLP 29.45 ON 9
[REMARKS]
#FINAL-06-20#