000
CXUS55 KSEW 011030
CF6OLM
PRELIMINARY LOCAL CLIMATOLOGICAL DATA (WS FORM: F-6)
STATION: OLYMPIA WA AIRPORT
MONTH: DECEMBER
YEAR: 2021
LATITUDE: 46 58 N
LONGITUDE: 122 54 W
TEMPERATURE IN F: :PCPN: SNOW: WIND :SUNSHINE: SKY :PK WND
================================================================================
1 2 3 4 5 6A 6B 7 8 9 10 11 12 13 14 15 16 17 18
12Z AVG MX 2MIN
DY MAX MIN AVG DEP HDD CDD WTR SNW DPTH SPD SPD DIR MIN PSBL S-S WX SPD DR
================================================================================
1 58 50 54 14 11 0 0.00 M M 7.0 13 210 M M 9 17 230
2 51 39 45 5 20 0 0.04 M M 5.0 14 240 M M 5 1 19 240
3 46 32 39 -1 26 0 0.00 M M 5.6 14 20 M M 4 1 20 10
4 43 37 40 0 25 0 0.64 M M 3.5 16 360 M M 9 1 23 360
5 43 33 38 -2 27 0 0.01 M M 0.6 5 270 M M 8 12 6 270
6 46 36 41 2 24 0 0.13 M M 4.3 14 200 M M 10 1 19 230
7 50 44 47 8 18 0 0.13 M M 4.0 12 190 M M 10 12 16 190
8 48 35 42 3 23 0 0.11 M M 10.6 20 290 M M 6 1 30 290
9 43 34 39 0 26 0 0.15 M M 8.9 15 210 M M 8 1 22 210
10 44 35 40 1 25 0 0.45 M M 13.2 30 180 M M 8 12 43 180
11 49 36 43 4 22 0 1.75 M M 13.9 31 180 M M 8 1 45 180
12 40 32 36 -3 29 0 0.34 M M 8.1 20 190 M M 8 1 32 190
13 40 34 37 -2 28 0 0.15 M M 5.3 18 190 M M 8 1 25 190
14 40 31 36 -3 29 0 0.14 M M 8.3 16 190 M M 8 1 23 200
15 43 38 41 2 24 0 0.24 M M 6.1 17 180 M M 10 1 25 170
16 M 34 M M M M T M M 4.4 13 220 M M 8 128 17 220
17 M 32 M M M M 0.25 M M 2.1 12 180 M M 9 128 15 170
18 48 38 43 5 22 0 0.68 M M 14.3 29 190 M M 8 1 45 210
19 45 38 42 4 23 0 0.00 M M 4.8 10 30 M M 9 1 14 30
20 41 36 39 1 26 0 0.76 M M 7.6 12 10 M M 10 1 16 10
21 45 37 41 3 24 0 0.18 M M 4.6 20 190 M M 10 18 28 180
22 49 45 47 9 18 0 0.90 M M 12.7 25 180 M M 10 13 37 170
23 48 38 43 5 22 0 0.33 M M 10.2 18 180 M M 9 1 27 210
24 42 36 39 1 26 0 0.75 M M 12.8 25 190 M M 10 1 35 170
25 39 31 35 -3 30 0 0.30 M M 7.9 15 180 M M 10 1 22 190
26 34 25 30 -8 35 0 0.33 M M 9.8 18 180 M M 10 128 26 170
27 26 19 23 -15 42 0 0.09 M M 3.8 15 30 M M 9 1 23 30
28 31 26 29 -9 36 0 0.03 M M 4.0 9 10 M M 10 18 13 80
29 33 18 26 -13 39 0 0.04 M M 5.7 12 210 M M 6 18 16 190
30 37 31 34 -5 31 0 0.19 M M 6.7 24 190 M M 10 128 35 180
31 37 7 22 -17 43 0 T M M 2.8 14 60 M M 5 12 21 70
================================================================================
SM 1239 1037 774 0 9.11 M 218.6 M 262
================================================================================
AV 42.7 33.5 7.1 FASTST M M 8 MAX(MPH)
MISC ----> 31 180 # 45 180
================================================================================
NOTES:
# LAST OF SEVERAL OCCURRENCES
COLUMN 17 PEAK WIND IN M.P.H.
PRELIMINARY LOCAL CLIMATOLOGICAL DATA (WS FORM: F-6) , PAGE 2
STATION: OLYMPIA WA AIRPORT
MONTH: DECEMBER
YEAR: 2021
LATITUDE: 46 58 N
LONGITUDE: 122 54 W
[TEMPERATURE DATA] [PRECIPITATION DATA] SYMBOLS USED IN COLUMN 16
AVERAGE MONTHLY: 38.1 TOTAL FOR MONTH: 9.11 1 = FOG OR MIST
DPTR FM NORMAL: -0.8 DPTR FM NORMAL: 1.26 2 = FOG REDUCING VISIBILITY
HIGHEST: 58 ON 1 GRTST 24HR 2.02 ON 10-11 TO 1/4 MILE OR LESS
LOWEST: 7 ON 31 3 = THUNDER
SNOW, ICE PELLETS, HAIL 4 = ICE PELLETS
TOTAL MONTH: M 5 = HAIL
GRTST 24HR M ON M 6 = FREEZING RAIN OR DRIZZLE
GRTST DEPTH: M ON M 7 = DUSTSTORM OR SANDSTORM:
VSBY 1/2 MILE OR LESS
8 = SMOKE OR HAZE
[NO. OF DAYS WITH] [WEATHER - DAYS WITH] 9 = BLOWING SNOW
X = TORNADO
MAX 32 OR BELOW: 2 0.01 INCH OR MORE: 26
MAX 90 OR ABOVE: 0 0.10 INCH OR MORE: 21
MIN 32 OR BELOW: 11 0.50 INCH OR MORE: 6
MIN 0 OR BELOW: 0 1.00 INCH OR MORE: 1
[HDD (BASE 65) ]
TOTAL THIS MO. 774 CLEAR (SCALE 0-3) 0
DPTR FM NORMAL -37 PTCLDY (SCALE 4-7) 10
TOTAL FM JUL 1 2056 CLOUDY (SCALE 8-10) 21
DPTR FM NORMAL -184
[CDD (BASE 65) ]
TOTAL THIS MO. 0
DPTR FM NORMAL 0 [PRESSURE DATA]
TOTAL FM JAN 1 248 HIGHEST SLP 30.59 ON 5
DPTR FM NORMAL 135 LOWEST SLP 29.25 ON 24
[REMARKS]
#FINAL-12-21#