000
CXUS53 KOAX 010930
CF6OMA
PRELIMINARY LOCAL CLIMATOLOGICAL DATA (WS FORM: F-6)
STATION: OMAHA NE
MONTH: SEPTEMBER
YEAR: 2023
LATITUDE: 41 17 N
LONGITUDE: 95 54 W
TEMPERATURE IN F: :PCPN: SNOW: WIND :SUNSHINE: SKY :PK WND
================================================================================
1 2 3 4 5 6A 6B 7 8 9 10 11 12 13 14 15 16 17 18
12Z AVG MX 2MIN
DY MAX MIN AVG DEP HDD CDD WTR SNW DPTH SPD SPD DIR MIN PSBL S-S WX SPD DR
================================================================================
1 90 61 76 4 0 11 0.00 0.0 0 13.1 24 170 M M 1 33 170
2 96 64 80 8 0 15 0.00 0.0 0 13.1 24 160 M M 2 31 170
3 97 64 81 9 0 16 0.00 0.0 0 13.3 24 170 M M 0 31 190
4 95 69 82 10 0 17 0.00 0.0 0 14.7 28 160 M M 1 35 180
5 89 64 77 6 0 12 0.12 0.0 0 15.0 28 310 M M 5 3 36 310
6 79 53 66 -5 0 1 0.00 0.0 0 11.5 22 310 M M 5 8 31 330
7 82 49 66 -5 0 1 0.01 0.0 0 4.7 10 70 M M 3 18 M M
8 86 59 73 3 0 8 T 0.0 0 3.3 17 320 M M 2 21 320
9 87 54 71 1 0 6 0.00 0.0 0 3.1 15 150 M M 5 1 22 230
10 78 59 69 -1 0 4 0.45 0.0 0 8.2 17 10 M M 8 1 24 50
11 76 52 64 -5 1 0 T 0.0 0 7.2 15 40 M M 6 1 24 50
12 79 48 64 -5 1 0 0.00 0.0 0 3.2 9 210 M M 1 14 210
13 81 47 64 -5 1 0 0.00 0.0 0 5.9 16 210 M M 3 19 210
14 81 61 71 3 0 6 0.00 0.0 0 9.2 18 160 M M 6 25 180
15 78 59 69 1 0 4 0.01 0.0 0 5.2 16 330 M M 7 22 320
16 81 51 66 -2 0 1 0.03 0.0 0 6.2 20 350 M M 3 13 32 360
17 77 46 62 -5 3 0 0.00 0.0 0 3.5 10 260 M M 1 18 16 250
18 88 54 71 4 0 6 0.00 0.0 0 15.0 26 170 M M 3 3 34 170
19 90 60 75 9 0 10 0.23 0.0 0 13.4 31 110 M M 7 13 39 100
20 84 63 74 8 0 9 0.30 0.0 0 12.4 22 130 M M 6 13 30 130
21 83 62 73 7 0 8 0.00 0.0 0 11.6 21 110 M M 6 29 130
22 74 62 68 3 0 3 0.15 0.0 0 6.1 17 100 M M 10 1 23 90
23 77 60 69 4 0 4 0.05 0.0 0 7.5 18 160 M M 8 123 23 170
24 82 54 68 4 0 3 0.00 0.0 0 5.2 18 240 M M 3 1 24 250
25 80 56 68 4 0 3 0.00 0.0 0 5.4 16 330 M M 1 21 300
26 77 53 65 1 0 0 0.00 0.0 0 6.7 16 350 M M 3 1 22 350
27 78 50 64 1 1 0 0.00 0.0 0 4.9 10 360 M M 4 128 16 50
28 86 55 71 8 0 6 0.00 0.0 0 12.5 23 140 M M 1 29 140
29 95 68 82 20 0 17 0.00 0.0 0 14.4 28 170 M M 4 37 210
30 94 74 84 22 0 19 0.00 0.0 0 16.8 28 170 M M 4 3 36 160
================================================================================
SM 2520 1731 7 190 1.35 0.0 272.3 M 119
================================================================================
AV 84.0 57.7 9.1 FASTST M M 4 MAX(MPH)
MISC ----> 31 110 39 100
================================================================================
NOTES:
# LAST OF SEVERAL OCCURRENCES
COLUMN 17 PEAK WIND IN M.P.H.
PRELIMINARY LOCAL CLIMATOLOGICAL DATA (WS FORM: F-6) , PAGE 2
STATION: OMAHA NE
MONTH: SEPTEMBER
YEAR: 2023
LATITUDE: 41 17 N
LONGITUDE: 95 54 W
[TEMPERATURE DATA] [PRECIPITATION DATA] SYMBOLS USED IN COLUMN 16
AVERAGE MONTHLY: 70.9 TOTAL FOR MONTH: 1.35 1 = FOG OR MIST
DPTR FM NORMAL: 3.3 DPTR FM NORMAL: -1.61 2 = FOG REDUCING VISIBILITY
HIGHEST: 97 ON 3 GRTST 24HR 0.53 ON 19-20 TO 1/4 MILE OR LESS
LOWEST: 46 ON 17 3 = THUNDER
SNOW, ICE PELLETS, HAIL 4 = ICE PELLETS
TOTAL MONTH: 0.0 INCH 5 = HAIL
GRTST 24HR 0.0 6 = FREEZING RAIN OR DRIZZLE
GRTST DEPTH: 0 7 = DUSTSTORM OR SANDSTORM:
VSBY 1/2 MILE OR LESS
8 = SMOKE OR HAZE
[NO. OF DAYS WITH] [WEATHER - DAYS WITH] 9 = BLOWING SNOW
X = TORNADO
MAX 32 OR BELOW: 0 0.01 INCH OR MORE: 9
MAX 90 OR ABOVE: 7 0.10 INCH OR MORE: 5
MIN 32 OR BELOW: 0 0.50 INCH OR MORE: 0
MIN 0 OR BELOW: 0 1.00 INCH OR MORE: 0
[HDD (BASE 65) ]
TOTAL THIS MO. 7 CLEAR (SCALE 0-3) 14
DPTR FM NORMAL -63 PTCLDY (SCALE 4-7) 14
TOTAL FM JUL 1 8 CLOUDY (SCALE 8-10) 2
DPTR FM NORMAL -66
[CDD (BASE 65) ]
TOTAL THIS MO. 190
DPTR FM NORMAL 42 [PRESSURE DATA]
TOTAL FM JAN 1 1372 HIGHEST SLP 30.21 ON 12
DPTR FM NORMAL 100 LOWEST SLP 29.57 ON 5
[REMARKS]
#FINAL-09-23#