000
CXUS53 KARX 240647
CF6ONA
PRELIMINARY LOCAL CLIMATOLOGICAL DATA (WS FORM: F-6)
STATION: WINONA_MUNI_(AWOS) MN
MONTH: JUNE
YEAR: 2022
LATITUDE: 44 4 N
LONGITUDE: 91 42 W
TEMPERATURE IN F: :PCPN: SNOW: WIND :SUNSHINE: SKY :PK WND
================================================================================
1 2 3 4 5 6A 6B 7 8 9 10 11 12 13 14 15 16 17 18
12Z AVG MX 2MIN
DY MAX MIN AVG DEP HDD CDD WTR SNW DPTH SPD SPD DIR MIN PSBL S-S WX SPD DR
================================================================================
1 70 54 62 M 3 0 0.00 0.0 0 4.8 7 360 M M 1 M M
2 77 45 61 M 4 0 0.00 0.0 0 4.2 14 330 M M 2 22 330
3 70 46 58 M 7 0 0.00 0.0 0 6.2 22 320 M M 0 29 320
4 61 54 58 M 7 0 T 0.0 0 2.1 6 110 M M 9 M M
5 63 57 60 M 5 0 0.31 0.0 0 3.2 8 130 M M 10 M M
6 73 59 66 M 0 1 0.06 0.0 0 2.9 9 50 M M 6 1 17 50
7 72 54 63 M 2 0 0.02 0.0 0 2.7 5 310 M M 5 M M
8 75 54 65 M 0 0 0.15 0.0 0 1.2 7 140 M M 6 M M
9 79 50 65 M 0 0 0.00 0.0 0 2.5 13 330 M M 0 17 340
10 79 55 67 M 0 2 0.00 0.0 0 1.3 9 270 M M 4 M M
11 72 61 67 M 0 2 0.62 0.0 0 2.1 9 220 M M 6 1 M M
12 73 63 68 M 0 3 0.00 0.0 0 6.2 10 120 M M 7 1 M M
13 79 64 72 M 0 7 0.46 0.0 0 7.2 16 130 M M 6 3 24 130
14 97 70 84 M 0 19 0.00 0.0 0 6.7 13 200 M M 3 1 25 200
15 81 61 71 M 0 6 0.73 0.0 0 4.0 15 240 M M 6 3 24 310
16 82 61 72 M 0 7 0.00 0.0 0 9.6 21 280 M M 1 32 280
17 81 57 69 M 0 4 0.00 0.0 0 4.5 13 320 M M 0 18 300
18 79 57 68 M 0 3 0.00 0.0 0 6.4 13 100 M M 0 17 110
19 88 61 75 M 0 10 0.00 0.0 0 5.0 10 150 M M 0 16 150
20 95 73 84 M 0 19 0.00 0.0 0 6.2 12 210 M M 0 21 210
21 90 72 81 M 0 16 0.00 0.0 0 6.3 14 310 M M 1 21 290
22 84 63 74 M 0 9 0.00 0.0 0 4.6 8 310 M M 1 16 350
23 91 61 76 M 0 11 0.00 0.0 0 3.0 8 220 M M 0 M M
24 90 70 80 M 0 15 0.00 0.0 0 4.3 12 200 M M 1 16 220
25 81 68 75 M 0 10 1.09 0.0 0 4.1 13 140 M M 7 3 16 290
26 73 59 66 M 0 1 0.00 0.0 0 9.7 16 300 M M 2 27 290
27 79 50 65 M 0 0 0.00 0.0 0 1.5 5 20 M M 0 M M
28 82 63 73 M 0 8 0.03 0.0 0 1.7 8 250 M M 4 18 250
29 86 61 74 M 0 9 0.00 0.0 0 4.7 10 110 M M 2 1 17 190
30 79 68 74 M 0 9 0.07 0.0 0 2.8 8 270 M M 2 18 270
================================================================================
SM 2381 1791 28 171 3.54 0.0 131.7 M 92
================================================================================
AV 79.4 59.7 4.4 FASTST M M 3 MAX(MPH)
MISC ----> 22 320 32 280
================================================================================
NOTES:
# LAST OF SEVERAL OCCURRENCES
COLUMN 17 PEAK WIND IN M.P.H.
PRELIMINARY LOCAL CLIMATOLOGICAL DATA (WS FORM: F-6) , PAGE 2
STATION: WINONA_MUNI_(AWOS) MN
MONTH: JUNE
YEAR: 2022
LATITUDE: 44 4 N
LONGITUDE: 91 42 W
[TEMPERATURE DATA] [PRECIPITATION DATA] SYMBOLS USED IN COLUMN 16
AVERAGE MONTHLY: 69.5 TOTAL FOR MONTH: 3.54 1 = FOG OR MIST
DPTR FM NORMAL: 0.0 DPTR FM NORMAL: M 2 = FOG REDUCING VISIBILITY
HIGHEST: 97 ON 14 GRTST 24HR 1.09 ON 25-25 TO 1/4 MILE OR LESS
LOWEST: 45 ON 2 3 = THUNDER
SNOW, ICE PELLETS, HAIL 4 = ICE PELLETS
TOTAL MONTH: 0.0 INCH 5 = HAIL
GRTST 24HR 0.0 6 = FREEZING RAIN OR DRIZZLE
GRTST DEPTH: 0 7 = DUSTSTORM OR SANDSTORM:
VSBY 1/2 MILE OR LESS
8 = SMOKE OR HAZE
[NO. OF DAYS WITH] [WEATHER - DAYS WITH] 9 = BLOWING SNOW
X = TORNADO
MAX 32 OR BELOW: 0 0.01 INCH OR MORE: 10
MAX 90 OR ABOVE: 5 0.10 INCH OR MORE: 6
MIN 32 OR BELOW: 0 0.50 INCH OR MORE: 3
MIN 0 OR BELOW: 0 1.00 INCH OR MORE: 1
[HDD (BASE 65) ]
TOTAL THIS MO. 28 CLEAR (SCALE 0-3) 18
DPTR FM NORMAL M PTCLDY (SCALE 4-7) 10
TOTAL FM JUL 1 6910 CLOUDY (SCALE 8-10) 2
DPTR FM NORMAL M
[CDD (BASE 65) ]
TOTAL THIS MO. 171
DPTR FM NORMAL M [PRESSURE DATA]
TOTAL FM JAN 1 211 HIGHEST SLP M ON M
DPTR FM NORMAL M LOWEST SLP M ON M
[REMARKS]
#FINAL-06-22#