000
CXUS53 KARX 011654
CF6ONA
PRELIMINARY LOCAL CLIMATOLOGICAL DATA (WS FORM: F-6)
STATION: WINONA_MUNI_(AWOS) MN
MONTH: DECEMBER
YEAR: 2020
LATITUDE: 44 4 N
LONGITUDE: 91 42 W
TEMPERATURE IN F: :PCPN: SNOW: WIND :SUNSHINE: SKY :PK WND
================================================================================
1 2 3 4 5 6A 6B 7 8 9 10 11 12 13 14 15 16 17 18
12Z AVG MX 2MIN
DY MAX MIN AVG DEP HDD CDD WTR SNW DPTH SPD SPD DIR MIN PSBL S-S WX SPD DR
================================================================================
1 34 14 24 M 41 0 0.00 0.0 0 0.6 5 310 M M 0 M M
2 45 16 31 M 34 0 0.00 0.0 0 2.3 8 320 M M 1 17 280
3 43 32 38 M 27 0 0.00 0.0 0 5.1 9 250 M M 3 M M
4 43 25 34 M 31 0 0.00 0.0 0 2.6 8 340 M M 0 M M
5 34 19 27 M 38 0 0.00 0.0 0 0.6 5 140 M M 4 M M
6 37 21 29 M 36 0 0.00 0.0 0 2.8 9 340 M M 5 M M
7 32 32 32 M 33 0 0.00 0.0 0 1.4 6 60 M M 10 M M
8 37 30 34 M 31 0 0.00 0.0 0 2.7 7 220 M M 5 M M
9 50 27 39 M 26 0 0.00 0.0 0 1.3 7 340 M M 0 M M
10 55 28 42 M 23 0 0.00 0.0 0 4.1 14 320 M M 0 16 220
11 37 32 35 M 30 0 0.00 0.0 0 5.0 9 50 M M 3 M M
12 34 23 29 M 36 0 0.00 0.0 0 6.3 12 340 M M 5 17 30
13 30 27 29 M 36 0 T T 0 5.8 13 310 M M 10 25 300
14 28 16 22 M 43 0 T T 0 8.2 15 330 M M 3 25 290
15 23 14 19 M 46 0 0.00 0.0 0 4.3 8 130 M M 3 M M
16 30 18 24 M 41 0 0.00 0.0 0 1.4 7 130 M M 4 M M
17 34 19 27 M 38 0 0.00 0.0 0 2.0 8 120 M M 2 M M
18 37 23 30 M 35 0 0.00 0.0 0 6.6 13 140 M M 8 17 160
19 34 28 31 M 34 0 M M 0 3.2 9 320 M M 10 1 M M
20 36 21 29 M 36 0 0.00 0.0 0 2.7 10 210 M M 4 16 210
21 41 28 35 M 30 0 0.00 0.0 0 10.1 17 300 M M 8 33 300
22 45 27 36 M 29 0 0.00 0.0 0 7.1 12 120 M M 6 24 160
23 50 14 32 M 33 0 M M 0 11.3 24 310 M M 8 1 33 310
24 14 3 9 M 56 0 M M M 13.5 24 320 M M 5 1 35 320
25 23 1 12 M 53 0 0.00 0.0 M 3.9 8 310 M M 1 M M
26 27 10 19 M 46 0 0.00 0.0 M 0.7 5 120 M M 1 M M
27 30 19 25 M 40 0 M M M 4.5 15 330 M M 7 18 320
28 28 16 22 M 43 0 0.00 0.0 M 6.2 13 320 M M 4 16 310
29 27 9 18 M 47 0 M M M 5.3 12 130 M M 5 M M
30 28 21 25 M 40 0 M M M 9.0 13 290 M M 10 25 280
31 23 18 21 M 44 0 0.00 0.0 M 4.0 8 160 M M 10 M M
================================================================================
SM 1069 631 1156 0 T T 144.6 M 145
================================================================================
AV 34.5 20.4 4.7 FASTST M M 5 MAX(MPH)
MISC ----> 24 310 35 320
================================================================================
NOTES:
# LAST OF SEVERAL OCCURRENCES
COLUMN 17 PEAK WIND IN M.P.H.
PRELIMINARY LOCAL CLIMATOLOGICAL DATA (WS FORM: F-6) , PAGE 2
STATION: WINONA_MUNI_(AWOS) MN
MONTH: DECEMBER
YEAR: 2020
LATITUDE: 44 4 N
LONGITUDE: 91 42 W
[TEMPERATURE DATA] [PRECIPITATION DATA] SYMBOLS USED IN COLUMN 16
AVERAGE MONTHLY: 27.4 TOTAL FOR MONTH: T 1 = FOG OR MIST
DPTR FM NORMAL: 0.0 DPTR FM NORMAL: M 2 = FOG REDUCING VISIBILITY
HIGHEST: 55 ON 10 GRTST 24HR T ON 13-13 TO 1/4 MILE OR LESS
LOWEST: 1 ON 25 3 = THUNDER
SNOW, ICE PELLETS, HAIL 4 = ICE PELLETS
TOTAL MONTH: T 5 = HAIL
GRTST 24HR T ON 13-13 6 = FREEZING RAIN OR DRIZZLE
GRTST DEPTH: 0 7 = DUSTSTORM OR SANDSTORM:
VSBY 1/2 MILE OR LESS
8 = SMOKE OR HAZE
[NO. OF DAYS WITH] [WEATHER - DAYS WITH] 9 = BLOWING SNOW
X = TORNADO
MAX 32 OR BELOW: 13 0.01 INCH OR MORE: 0
MAX 90 OR ABOVE: 0 0.10 INCH OR MORE: 0
MIN 32 OR BELOW: 31 0.50 INCH OR MORE: 0
MIN 0 OR BELOW: 0 1.00 INCH OR MORE: 0
[HDD (BASE 65) ]
TOTAL THIS MO. 1156 CLEAR (SCALE 0-3) 11
DPTR FM NORMAL M PTCLDY (SCALE 4-7) 15
TOTAL FM JUL 1 2621 CLOUDY (SCALE 8-10) 5
DPTR FM NORMAL M
[CDD (BASE 65) ]
TOTAL THIS MO. 0
DPTR FM NORMAL M [PRESSURE DATA]
TOTAL FM JAN 1 685 HIGHEST SLP M ON M
DPTR FM NORMAL M LOWEST SLP M ON M
[REMARKS]
#FINAL-12-20#