000
CXUS56 KSGX 011145
CF6ONT
PRELIMINARY LOCAL CLIMATOLOGICAL DATA (WS FORM: F-6)
STATION: ONTARIO INTL AIRPORT CA
MONTH: JANUARY
YEAR: 2022
LATITUDE: 34 2 N
LONGITUDE: 117 37 W
TEMPERATURE IN F: :PCPN: SNOW: WIND :SUNSHINE: SKY :PK WND
================================================================================
1 2 3 4 5 6A 6B 7 8 9 10 11 12 13 14 15 16 17 18
12Z AVG MX 2MIN
DY MAX MIN AVG DEP HDD CDD WTR SNW DPTH SPD SPD DIR MIN PSBL S-S WX SPD DR
================================================================================
1 61 41 51 -4 14 0 0.00 M M 1.6 12 330 M M 5 18 14 320
2 63 35 49 -6 16 0 0.00 M M 2.8 9 100 M M 0 12 120
3 63 34 49 -7 16 0 0.00 M M 3.1 10 270 M M 4 12 260
4 62 37 50 -6 15 0 0.00 M M 1.7 9 10 M M 4 11 230
5 70 40 55 -1 10 0 0.00 M M 2.1 9 280 M M 2 8 12 280
6 75 46 61 5 4 0 0.00 M M 2.7 8 270 M M 3 11 270
7 64 41 53 -3 12 0 0.00 M M 5.1 15 270 M M 4 18 18 280
8 61 46 54 -2 11 0 0.00 M M 2.2 10 290 M M 7 18 12 290
9 73 38 56 0 9 0 0.00 M M 5.8 15 110 M M 2 18 21 70
10 71 42 57 1 8 0 0.00 M M 2.7 14 60 M M 7 20 60
11 75 40 58 2 7 0 0.00 M M 3.5 9 360 M M 3 13 350
12 74 43 59 3 6 0 0.00 M M 2.6 8 360 M M 6 11 340
13 67 51 59 3 6 0 0.00 M M 1.6 12 360 M M 8 13 30
14 79 50 65 9 0 0 0.00 M M 8.0 28 30 M M 8 38 40
15 68 56 62 6 3 0 0.00 M M 3.9 23 40 M M 9 31 50
16 73 50 62 6 3 0 0.00 M M 3.0 9 230 M M 8 12 240
17 63 54 59 3 6 0 0.02 M M 1.7 8 280 M M 9 18 11 340
18 61 53 57 1 8 0 0.00 M M 5.5 13 270 M M 8 18 15 270
19 63 50 57 1 8 0 0.00 M M 2.4 9 280 M M 5 18 11 270
20 74 47 61 5 4 0 0.00 M M 5.0 13 100 M M 0 22 70
21 72 44 58 2 7 0 0.00 M M 12.3 44 30 M M 1 57 20
22 69 56 63 7 2 0 0.00 M M 20.8 44 30 M M 1 63 20
23 72 47 60 4 5 0 0.00 M M 8.7 23 50 M M 1 32 50
24 71 43 57 1 8 0 0.00 M M 3.9 14 280 M M 1 17 270
25 69 43 56 0 9 0 0.00 M M 4.0 20 40 M M 2 29 30
26 69 41 55 -1 10 0 0.00 M M 4.6 18 100 M M 3 23 90
27 73 37 55 -1 10 0 0.00 M M 7.9 25 40 M M 1 34 40
28 72 42 57 1 8 0 0.00 M M 9.6 31 30 M M 6 38 30
29 65 41 53 -3 12 0 0.00 M M 2.0 9 320 M M 6 11 320
30 71 36 54 -2 11 0 0.00 M M 3.4 15 260 M M 1 21 240
31 63 40 52 -4 13 0 0.00 M M 1.2 9 260 M M 7 11 220
================================================================================
SM 2126 1364 261 0 0.02 M 145.4 M 132
================================================================================
AV 68.6 44.0 4.7 FASTST M M 4 MAX(MPH)
MISC ----> # 44 30 63 20
================================================================================
NOTES:
# LAST OF SEVERAL OCCURRENCES
COLUMN 17 PEAK WIND IN M.P.H.
PRELIMINARY LOCAL CLIMATOLOGICAL DATA (WS FORM: F-6) , PAGE 2
STATION: ONTARIO INTL AIRPORT CA
MONTH: JANUARY
YEAR: 2022
LATITUDE: 34 2 N
LONGITUDE: 117 37 W
[TEMPERATURE DATA] [PRECIPITATION DATA] SYMBOLS USED IN COLUMN 16
AVERAGE MONTHLY: 56.3 TOTAL FOR MONTH: 0.02 1 = FOG OR MIST
DPTR FM NORMAL: 0.2 DPTR FM NORMAL: -2.55 2 = FOG REDUCING VISIBILITY
HIGHEST: 79 ON 14 GRTST 24HR 0.05 ON 15-15 TO 1/4 MILE OR LESS
LOWEST: 34 ON 3 3 = THUNDER
SNOW, ICE PELLETS, HAIL 4 = ICE PELLETS
TOTAL MONTH: M 5 = HAIL
GRTST 24HR M ON M 6 = FREEZING RAIN OR DRIZZLE
GRTST DEPTH: M ON M 7 = DUSTSTORM OR SANDSTORM:
VSBY 1/2 MILE OR LESS
8 = SMOKE OR HAZE
[NO. OF DAYS WITH] [WEATHER - DAYS WITH] 9 = BLOWING SNOW
X = TORNADO
MAX 32 OR BELOW: 0 0.01 INCH OR MORE: 1
MAX 90 OR ABOVE: 0 0.10 INCH OR MORE: 0
MIN 32 OR BELOW: 0 0.50 INCH OR MORE: 0
MIN 0 OR BELOW: 0 1.00 INCH OR MORE: 0
[HDD (BASE 65) ]
TOTAL THIS MO. 261 CLEAR (SCALE 0-3) 12
DPTR FM NORMAL -19 PTCLDY (SCALE 4-7) 15
TOTAL FM JUL 1 699 CLOUDY (SCALE 8-10) 4
DPTR FM NORMAL -50
[CDD (BASE 65) ]
TOTAL THIS MO. 0
DPTR FM NORMAL -5 [PRESSURE DATA]
TOTAL FM JAN 1 0 HIGHEST SLP 30.35 ON 10
DPTR FM NORMAL -5 LOWEST SLP 29.86 ON 7
[REMARKS]
#FINAL-01-22#