000
CXUS52 KMFL 011030
CF6OPF
PRELIMINARY LOCAL CLIMATOLOGICAL DATA (WS FORM: F-6)
STATION: OPA-LOCKA ARPT
MONTH: SEPTEMBER
YEAR: 2022
LATITUDE: 25 53 N
LONGITUDE: 80 17 W
TEMPERATURE IN F: :PCPN: SNOW: WIND :SUNSHINE: SKY :PK WND
================================================================================
1 2 3 4 5 6A 6B 7 8 9 10 11 12 13 14 15 16 17 18
12Z AVG MX 2MIN
DY MAX MIN AVG DEP HDD CDD WTR SNW DPTH SPD SPD DIR MIN PSBL S-S WX SPD DR
================================================================================
1 92 75 84 1 0 19 0.34 M M 4.7 20 160 M M 3 38 23 160
2 92 76 84 1 0 19 0.00 M M 5.7 17 100 M M 2 3 20 90
3 92 76 84 1 0 19 0.30 0.0 0 8.2 24 100 M M 2 1 27 100
4 93 78 86 3 0 21 0.00 M M 7.0 16 80 M M 1 21 70
5 93 77 85 2 0 20 T M M 6.2 15 120 M M 2 3 18 130
6 92 79 86 3 0 21 0.00 M M 3.8 13 110 M M 3 3 16 100
7 95 77 86 3 0 21 0.59 M M 4.0 17 150 M M 3 13 22 150
8 93 74 84 1 0 19 0.53 0.0 0 5.1 25 250 M M 2 13 31 240
9 93 77 85 2 0 20 0.22 0.0 0 6.7 23 160 M M 3 38 27 240
10 94 79 87 4 0 22 0.00 M M 7.2 17 180 M M 1 3 25 140
11 93 78 86 3 0 21 0.00 M M 6.5 22 320 M M 2 3 27 320
12 92 76 84 1 0 19 0.00 0.0 0 3.5 22 330 M M 1 3 26 340
13 91 75 83 0 0 18 0.33 0.0 0 4.0 23 340 M M 2 13 28 280
14 85 74 80 -3 0 15 0.11 0.0 0 2.7 23 170 M M 2 13 28 170
15 90 74 82 -1 0 17 1.12 0.0 0 4.6 25 190 M M 3 13 32 200
16 89 73 81 -2 0 16 0.14 0.0 0 4.0 13 120 M M 3 3 14 300
17 92 73 83 0 0 18 2.40 0.0 0 6.1 18 180 M M 5 13 24 180
18 87 73 80 -3 0 15 0.03 0.0 0 3.5 21 80 M M 2 3 23 70
19 87 75 81 -2 0 16 0.25 0.0 M 3.1 15 270 M M 2 3 18 260
20 92 76 84 1 0 19 T 0.0 M 5.0 24 300 M M 2 3 28 310
21 91 77 84 2 0 19 0.06 0.0 0 6.9 18 40 M M 2 3 22 40
22 92 76 84 2 0 19 T 0.0 0 5.4 17 50 M M 2 3 20 50
23 94 76 85 3 0 20 T 0.0 0 5.5 14 80 M M 0 17 10
24 90 75 83 1 0 18 0.96 0.0 0 3.9 17 40 M M 3 13 22 40
25 91 76 84 2 0 19 0.00 0.0 0 4.8 15 90 M M 1 18 90
26 89 74 82 0 0 17 2.70 0.0 0 6.3 22 130 M M 4 138 25 110
27 82 74 78 -4 0 13 3.12 0.0 0 12.2 31 120 M M 8 138 40 110
28 85 78 82 0 0 17 0.30 0.0 0 24.0 33 170 M M 6 18 48 140
29 86 71 79 -3 0 14 0.00 0.0 0 14.9 26 270 M M 6 35 250
30 84 67 76 -6 0 11 0.00 M M 7.0 14 320 M M 1 18 330
================================================================================
SM 2711 2259 0 542 13.50 0.0 192.5 M 79
================================================================================
AV 90.4 75.3 6.4 FASTST M M 3 MAX(MPH)
MISC ----> 33 170 48 140
================================================================================
NOTES:
# LAST OF SEVERAL OCCURRENCES
COLUMN 17 PEAK WIND IN M.P.H.
PRELIMINARY LOCAL CLIMATOLOGICAL DATA (WS FORM: F-6) , PAGE 2
STATION: OPA-LOCKA ARPT
MONTH: SEPTEMBER
YEAR: 2022
LATITUDE: 25 53 N
LONGITUDE: 80 17 W
[TEMPERATURE DATA] [PRECIPITATION DATA] SYMBOLS USED IN COLUMN 16
AVERAGE MONTHLY: 82.8 TOTAL FOR MONTH: 13.50 1 = FOG OR MIST
DPTR FM NORMAL: 0.0 DPTR FM NORMAL: 4.79 2 = FOG REDUCING VISIBILITY
HIGHEST: 95 ON 7 GRTST 24HR 4.97 ON 26-27 TO 1/4 MILE OR LESS
LOWEST: 67 ON 30 3 = THUNDER
SNOW, ICE PELLETS, HAIL 4 = ICE PELLETS
TOTAL MONTH: 0.0 INCH 5 = HAIL
GRTST 24HR 0.0 6 = FREEZING RAIN OR DRIZZLE
GRTST DEPTH: 0 7 = DUSTSTORM OR SANDSTORM:
VSBY 1/2 MILE OR LESS
8 = SMOKE OR HAZE
[NO. OF DAYS WITH] [WEATHER - DAYS WITH] 9 = BLOWING SNOW
X = TORNADO
MAX 32 OR BELOW: 0 0.01 INCH OR MORE: 17
MAX 90 OR ABOVE: 21 0.10 INCH OR MORE: 15
MIN 32 OR BELOW: 0 0.50 INCH OR MORE: 7
MIN 0 OR BELOW: 0 1.00 INCH OR MORE: 4
[HDD (BASE 65) ]
TOTAL THIS MO. 0 CLEAR (SCALE 0-3) 24
DPTR FM NORMAL 0 PTCLDY (SCALE 4-7) 6
TOTAL FM JUL 1 0 CLOUDY (SCALE 8-10) 0
DPTR FM NORMAL 0
[CDD (BASE 65) ]
TOTAL THIS MO. 542
DPTR FM NORMAL 10 [PRESSURE DATA]
TOTAL FM JAN 1 3969 HIGHEST SLP 30.11 ON 15
DPTR FM NORMAL 407 LOWEST SLP 29.62 ON 28
[REMARKS]
#FINAL-09-22#