000
CXUS52 KMFL 011130
CF6OPF
PRELIMINARY LOCAL CLIMATOLOGICAL DATA (WS FORM: F-6)
STATION: OPA-LOCKA ARPT
MONTH: DECEMBER
YEAR: 2020
LATITUDE: 25 53 N
LONGITUDE: 80 17 W
TEMPERATURE IN F: :PCPN: SNOW: WIND :SUNSHINE: SKY :PK WND
================================================================================
1 2 3 4 5 6A 6B 7 8 9 10 11 12 13 14 15 16 17 18
12Z AVG MX 2MIN
DY MAX MIN AVG DEP HDD CDD WTR SNW DPTH SPD SPD DIR MIN PSBL S-S WX SPD DR
================================================================================
1 65 52 59 -13 6 0 0.01 0.0 0 11.7 23 320 M M 1 29 310
2 73 50 62 -10 3 0 0.00 0.0 0 10.1 18 50 M M 1 24 40
3 76 56 66 -5 0 1 0.00 0.0 0 8.8 18 90 M M 4 25 100
4 78 64 71 0 0 6 0.00 0.0 0 6.0 18 130 M M 0 8 23 130
5 82 66 74 3 0 9 T 0.0 0 3.5 10 280 M M 0 18 14 250
6 81 68 75 4 0 10 T 0.0 0 4.5 12 150 M M 5 8 13 130
7 75 60 68 -3 0 3 1.15 0.0 0 11.6 28 300 M M 4 1 35 310
8 62 51 57 -14 8 0 0.00 0.0 0 11.4 21 330 M M 0 24 330
9 64 47 56 -15 9 0 0.00 M M 8.9 18 300 M M 0 23 320
10 72 46 59 -11 6 0 0.00 M M 4.9 14 360 M M 2 19 30
11 77 57 67 -3 0 2 0.19 M M 5.8 17 80 M M 8 1 21 80
12 79 67 73 3 0 8 0.20 M M 4.8 17 120 M M 7 1 25 120
13 83 63 73 3 0 8 0.00 M M 3.9 13 120 M M 2 1 16 130
14 83 62 73 3 0 8 0.00 M M 5.4 14 270 M M 0 1 17 240
15 82 69 76 6 0 11 0.00 M M 3.1 10 280 M M 3 1 13 320
16 82 66 74 4 0 9 T M M 6.9 20 170 M M 3 128 25 160
17 83 62 73 4 0 8 0.00 M M 9.3 18 350 M M 3 128 24 340
18 71 53 62 -7 3 0 0.00 M M 10.2 18 30 M M 2 23 30
19 76 55 66 -3 0 1 0.00 0.0 M 5.6 15 80 M M 3 22 80
20 81 60 71 2 0 6 T 0.0 M 5.8 16 150 M M 2 1 20 160
21 77 61 69 0 0 4 0.00 0.0 M 8.4 17 280 M M 2 8 20 280
22 76 58 67 -2 0 2 0.00 0.0 M 9.0 16 50 M M 1 22 40
23 79 58 69 0 0 4 0.00 0.0 M 8.3 18 80 M M 5 23 120
24 82 71 77 9 0 12 0.46 M M 10.9 23 170 M M 6 1 30 160
25 73 47 60 -8 5 0 0.02 0.0 0 12.5 30 330 M M 3 43 310
26 63 45 54 -14 11 0 0.00 0.0 0 7.4 14 340 M M 1 17 330
27 74 50 62 -6 3 0 0.12 0.0 0 8.6 17 70 M M 3 20 60
28 76 60 68 0 0 3 0.11 0.0 M 9.5 20 80 M M 6 25 50
29 76 60 68 0 0 3 T 0.0 M 13.2 22 60 M M 5 29 70
30 79 70 75 7 0 10 0.00 0.0 0 16.7 26 110 M M 8 33 100
31 81 72 77 9 0 12 0.00 M M 16.1 25 140 M M 2 32 150
================================================================================
SM 2361 1826 54 140 2.26 0.0 262.8 M 92
================================================================================
AV 76.2 58.9 8.5 FASTST M M 3 MAX(MPH)
MISC ----> 30 330 43 310
================================================================================
NOTES:
# LAST OF SEVERAL OCCURRENCES
COLUMN 17 PEAK WIND IN M.P.H.
PRELIMINARY LOCAL CLIMATOLOGICAL DATA (WS FORM: F-6) , PAGE 2
STATION: OPA-LOCKA ARPT
MONTH: DECEMBER
YEAR: 2020
LATITUDE: 25 53 N
LONGITUDE: 80 17 W
[TEMPERATURE DATA] [PRECIPITATION DATA] SYMBOLS USED IN COLUMN 16
AVERAGE MONTHLY: 67.5 TOTAL FOR MONTH: 2.26 1 = FOG OR MIST
DPTR FM NORMAL: -2.1 DPTR FM NORMAL: -0.00 2 = FOG REDUCING VISIBILITY
HIGHEST: 83 ON 17,14 GRTST 24HR 1.15 ON 6- 7 TO 1/4 MILE OR LESS
LOWEST: 45 ON 26 3 = THUNDER
SNOW, ICE PELLETS, HAIL 4 = ICE PELLETS
TOTAL MONTH: 0.0 INCH 5 = HAIL
GRTST 24HR 0.0 6 = FREEZING RAIN OR DRIZZLE
GRTST DEPTH: 0 7 = DUSTSTORM OR SANDSTORM:
VSBY 1/2 MILE OR LESS
8 = SMOKE OR HAZE
[NO. OF DAYS WITH] [WEATHER - DAYS WITH] 9 = BLOWING SNOW
X = TORNADO
MAX 32 OR BELOW: 0 0.01 INCH OR MORE: 8
MAX 90 OR ABOVE: 0 0.10 INCH OR MORE: 6
MIN 32 OR BELOW: 0 0.50 INCH OR MORE: 1
MIN 0 OR BELOW: 0 1.00 INCH OR MORE: 1
[HDD (BASE 65) ]
TOTAL THIS MO. 54 CLEAR (SCALE 0-3) 18
DPTR FM NORMAL 20 PTCLDY (SCALE 4-7) 12
TOTAL FM JUL 1 54 CLOUDY (SCALE 8-10) 1
DPTR FM NORMAL 19
[CDD (BASE 65) ]
TOTAL THIS MO. 140
DPTR FM NORMAL -36 [PRESSURE DATA]
TOTAL FM JAN 1 4954 HIGHEST SLP 30.27 ON 29
DPTR FM NORMAL 626 LOWEST SLP 29.77 ON 7
[REMARKS]
#FINAL-12-20#