000
CXUS51 KBOX 051215
CF6ORH
PRELIMINARY LOCAL CLIMATOLOGICAL DATA (WS FORM: F-6)
STATION: WORCESTER MA
MONTH: JUNE
YEAR: 2023
LATITUDE: 42 16 N
LONGITUDE: 71 52 W
TEMPERATURE IN F: :PCPN: SNOW: WIND :SUNSHINE: SKY :PK WND
================================================================================
1 2 3 4 5 6A 6B 7 8 9 10 11 12 13 14 15 16 17 18
12Z AVG MX 2MIN
DY MAX MIN AVG DEP HDD CDD WTR SNW DPTH SPD SPD DIR MIN PSBL S-S WX SPD DR
================================================================================
1 88 56 72 11 0 7 0.00 0.0 M 7.5 14 270 M M 0 19 260
2 89 57 73 12 0 8 0.12 0.0 M 7.4 17 310 M M 5 123 25 40
3 57 45 51 -11 14 0 0.01 0.0 M 9.6 16 60 M M 10 12 25 70
4 54 45 50 -12 15 0 0.06 0.0 M 9.7 18 360 M M 10 24 20
5 64 48 56 -6 9 0 0.01 0.0 M 9.6 18 350 M M 9 1 26 350
6 73 53 63 1 2 0 T 0.0 M 12.8 20 290 M M 4 38 28 310
7 62 50 56 -7 9 0 T 0.0 M 9.3 14 280 M M 7 14 280
8 62 48 55 -8 10 0 T 0.0 M 5.9 14 300 M M 8 18 20 290
9 65 48 57 -6 8 0 0.37 0.0 M 5.0 14 10 M M 7 13 22 360
10 68 50 59 -5 6 0 0.08 0.0 M 6.0 16 310 M M 7 23 320
11 79 56 68 4 0 3 0.00 0.0 M 6.2 14 150 M M 1 18 210
12 78 58 68 4 0 3 0.12 0.0 M 9.1 20 130 M M 4 12 27 180
13 79 62 71 7 0 6 0.04 0.0 M 5.4 15 130 M M 10 12 22 130
14 76 56 66 1 0 1 0.18 0.0 M 7.5 23 210 M M 3 138 33 220
15 75 56 66 1 0 1 0.00 0.0 M 9.6 18 320 M M 6 23 300
16 78 62 70 5 0 5 0.03 0.0 M 7.0 15 250 M M 5 20 240
17 66 57 62 -4 3 0 1.38 0.0 M 6.5 17 330 M M 9 13 25 330
18 73 56 65 -1 0 0 T 0.0 M 10.3 20 310 M M 6 27 320
19 69 54 62 -4 3 0 0.00 0.0 M 5.1 12 100 M M 5 16 100
20 72 57 65 -2 0 0 0.07 0.0 M 5.6 14 90 M M 8 1 19 80
21 70 54 62 -5 3 0 0.00 0.0 M 5.3 12 90 M M 4 17 90
22 74 54 64 -3 1 0 0.00 0.0 M 7.3 13 90 M M 5 1 19 70
23 78 58 68 0 0 3 T 0.0 M 6.0 13 220 M M 8 19 210
24 74 67 71 3 0 6 0.52 0.0 M 9.3 18 200 M M 10 12 25 210
25 84 68 76 8 0 11 T 0.0 M 6.5 15 230 M M 5 13 20 220
26 79 67 73 5 0 8 0.27 0.0 M 7.4 16 180 M M 9 123 23 170
27 75 65 70 2 0 5 0.55 0.0 M 11.5 20 150 M M 7 123 28 190
28 77 65 71 2 0 6 0.92 0.0 M 7.9 20 150 M M 9 138 25 150
29 77 61 69 0 0 4 0.00 0.0 M 6.6 13 280 M M 5 19 270
30 81 63 72 3 0 7 0.00 0.0 M 4.6 10 190 M M 2 18 14 190
================================================================================
SM 2196 1696 83 84 4.73 0.0 227.5 M 188
================================================================================
AV 73.2 56.5 7.6 FASTST M M 6 MAX(MPH)
MISC ----> 23 210 33 220
================================================================================
NOTES:
# LAST OF SEVERAL OCCURRENCES
COLUMN 17 PEAK WIND IN M.P.H.
PRELIMINARY LOCAL CLIMATOLOGICAL DATA (WS FORM: F-6) , PAGE 2
STATION: WORCESTER MA
MONTH: JUNE
YEAR: 2023
LATITUDE: 42 16 N
LONGITUDE: 71 52 W
[TEMPERATURE DATA] [PRECIPITATION DATA] SYMBOLS USED IN COLUMN 16
AVERAGE MONTHLY: 64.9 TOTAL FOR MONTH: 4.73 1 = FOG OR MIST
DPTR FM NORMAL: -0.3 DPTR FM NORMAL: 0.51 2 = FOG REDUCING VISIBILITY
HIGHEST: 89 ON 2 GRTST 24HR 1.38 ON 17-17 TO 1/4 MILE OR LESS
LOWEST: 45 ON 4, 3 3 = THUNDER
SNOW, ICE PELLETS, HAIL 4 = ICE PELLETS
TOTAL MONTH: 0.0 INCH 5 = HAIL
GRTST 24HR 0.0 6 = FREEZING RAIN OR DRIZZLE
GRTST DEPTH: M ON M 7 = DUSTSTORM OR SANDSTORM:
VSBY 1/2 MILE OR LESS
8 = SMOKE OR HAZE
[NO. OF DAYS WITH] [WEATHER - DAYS WITH] 9 = BLOWING SNOW
X = TORNADO
MAX 32 OR BELOW: 0 0.01 INCH OR MORE: 16
MAX 90 OR ABOVE: 0 0.10 INCH OR MORE: 9
MIN 32 OR BELOW: 0 0.50 INCH OR MORE: 4
MIN 0 OR BELOW: 0 1.00 INCH OR MORE: 1
[HDD (BASE 65) ]
TOTAL THIS MO. 83 CLEAR (SCALE 0-3) 3
DPTR FM NORMAL 5 PTCLDY (SCALE 4-7) 18
TOTAL FM JUL 1 5445 CLOUDY (SCALE 8-10) 9
DPTR FM NORMAL -1178
[CDD (BASE 65) ]
TOTAL THIS MO. 84
DPTR FM NORMAL 0 [PRESSURE DATA]
TOTAL FM JAN 1 115 HIGHEST SLP 30.36 ON 21
DPTR FM NORMAL 7 LOWEST SLP 29.45 ON 15
[REMARKS]
#FINAL-06-23#