000
CXUS52 KMLB 010723
CF6ORL
PRELIMINARY LOCAL CLIMATOLOGICAL DATA (WS FORM: F-6)
STATION: ORLANDO EXEC
MONTH: JANUARY
YEAR: 2022
LATITUDE: 28 32 N
LONGITUDE: 81 20 W
TEMPERATURE IN F: :PCPN: SNOW: WIND :SUNSHINE: SKY :PK WND
================================================================================
1 2 3 4 5 6A 6B 7 8 9 10 11 12 13 14 15 16 17 18
12Z AVG MX 2MIN
DY MAX MIN AVG DEP HDD CDD WTR SNW DPTH SPD SPD DIR MIN PSBL S-S WX SPD DR
================================================================================
1 85 68 77 15 0 12 0.00 0.0 0 6.5 15 220 M M 1 1 20 180
2 85 69 77 15 0 12 0.00 0.0 0 9.9 16 220 M M 3 22 220
3 74 54 64 2 1 0 0.01 0.0 0 12.0 24 270 M M 2 31 270
4 77 50 64 2 1 0 0.00 0.0 0 6.8 16 80 M M 1 20 80
5 79 58 69 8 0 4 0.00 0.0 0 4.5 15 300 M M 7 1 18 310
6 74 58 66 5 0 1 0.00 0.0 0 4.4 12 240 M M 3 16 250
7 77 57 67 6 0 2 0.02 0.0 0 7.6 15 60 M M 4 19 340
8 79 55 67 6 0 2 0.00 0.0 0 8.0 18 100 M M 1 22 60
9 83 60 72 11 0 7 0.00 0.0 0 7.2 18 160 M M 3 24 110
10 80 61 71 10 0 6 0.01 0.0 0 8.3 22 20 M M 5 26 20
11 73 54 64 3 1 0 0.00 0.0 0 10.6 18 30 M M 2 26 60
12 75 55 65 4 0 0 0.00 0.0 0 6.1 16 60 M M 1 20 50
13 74 57 66 5 0 1 0.00 0.0 0 7.9 20 280 M M 2 24 300
14 69 54 62 1 3 0 0.00 0.0 0 7.0 15 300 M M 0 24 290
15 74 45 60 -1 5 0 0.00 0.0 0 4.2 14 150 M M 1 18 140
16 70 61 66 5 0 1 0.73 0.0 0 16.5 28 170 M M 7 1 37 170
17 63 51 57 -4 8 0 0.00 0.0 0 13.7 26 270 M M 4 34 300
18 63 41 52 -9 13 0 0.00 0.0 0 5.5 13 340 M M 0 18 340
19 76 45 61 0 4 0 0.00 0.0 0 4.5 13 140 M M 1 18 150
20 81 52 67 6 0 2 0.00 0.0 0 4.4 18 210 M M 2 1 22 250
21 77 57 67 6 0 2 0.00 0.0 0 4.6 18 20 M M 3 23 360
22 59 47 53 -9 12 0 0.03 0.0 0 10.6 17 10 M M 10 1 22 10
23 54 41 48 -14 17 0 0.00 0.0 0 7.9 14 310 M M 6 17 340
24 63 37 50 -12 15 0 0.00 0.0 0 4.2 12 250 M M 0 14 330
25 57 51 54 -8 11 0 0.15 0.0 0 4.7 10 150 M M 8 1 13 140
26 63 52 58 -4 7 0 0.19 0.0 0 8.5 16 20 M M 10 1 22 10
27 70 59 65 3 0 0 T 0.0 0 12.3 21 20 M M 10 1 27 10
28 72 56 64 2 1 0 0.02 0.0 0 10.1 20 300 M M 7 1 27 290
29 58 42 50 -12 15 0 0.00 0.0 0 14.2 26 300 M M 1 35 300
30 59 35 47 -15 18 0 0.00 0.0 0 4.7 15 20 M M 0 19 10
31 70 40 55 -7 10 0 0.00 0.0 0 3.5 10 270 M M 0 15 280
================================================================================
SM 2213 1622 142 52 1.16 0.0 240.9 M 105
================================================================================
AV 71.4 52.3 7.8 FASTST M M 3 MAX(MPH)
MISC ----> 28 170 37 170
================================================================================
NOTES:
# LAST OF SEVERAL OCCURRENCES
COLUMN 17 PEAK WIND IN M.P.H.
PRELIMINARY LOCAL CLIMATOLOGICAL DATA (WS FORM: F-6) , PAGE 2
STATION: ORLANDO EXEC
MONTH: JANUARY
YEAR: 2022
LATITUDE: 28 32 N
LONGITUDE: 81 20 W
[TEMPERATURE DATA] [PRECIPITATION DATA] SYMBOLS USED IN COLUMN 16
AVERAGE MONTHLY: 61.9 TOTAL FOR MONTH: 1.16 1 = FOG OR MIST
DPTR FM NORMAL: 0.4 DPTR FM NORMAL: -1.45 2 = FOG REDUCING VISIBILITY
HIGHEST: 85 ON 2, 1 GRTST 24HR 0.73 ON 16-16 TO 1/4 MILE OR LESS
LOWEST: 35 ON 30 3 = THUNDER
SNOW, ICE PELLETS, HAIL 4 = ICE PELLETS
TOTAL MONTH: 0.0 INCH 5 = HAIL
GRTST 24HR 0.0 6 = FREEZING RAIN OR DRIZZLE
GRTST DEPTH: 0 7 = DUSTSTORM OR SANDSTORM:
VSBY 1/2 MILE OR LESS
8 = SMOKE OR HAZE
[NO. OF DAYS WITH] [WEATHER - DAYS WITH] 9 = BLOWING SNOW
X = TORNADO
MAX 32 OR BELOW: 0 0.01 INCH OR MORE: 8
MAX 90 OR ABOVE: 0 0.10 INCH OR MORE: 3
MIN 32 OR BELOW: 0 0.50 INCH OR MORE: 1
MIN 0 OR BELOW: 0 1.00 INCH OR MORE: 0
[HDD (BASE 65) ]
TOTAL THIS MO. 142 CLEAR (SCALE 0-3) 18
DPTR FM NORMAL -22 PTCLDY (SCALE 4-7) 10
TOTAL FM JUL 1 189 CLOUDY (SCALE 8-10) 3
DPTR FM NORMAL -140
[CDD (BASE 65) ]
TOTAL THIS MO. 52
DPTR FM NORMAL -4 [PRESSURE DATA]
TOTAL FM JAN 1 52 HIGHEST SLP 30.42 ON 8
DPTR FM NORMAL -4 LOWEST SLP 29.73 ON 16
[REMARKS]
#FINAL-01-22#