000
CXUS53 KGRB 281452
CF6OSH
PRELIMINARY LOCAL CLIMATOLOGICAL DATA (WS FORM: F-6)
STATION: OSHKOSH WI
MONTH: FEBRUARY
YEAR: 2023
LATITUDE: 44 0 N
LONGITUDE: 88 34 W
TEMPERATURE IN F: :PCPN: SNOW: WIND :SUNSHINE: SKY :PK WND
================================================================================
1 2 3 4 5 6A 6B 7 8 9 10 11 12 13 14 15 16 17 18
12Z AVG MX 2MIN
DY MAX MIN AVG DEP HDD CDD WTR SNW DPTH SPD SPD DIR MIN PSBL S-S WX SPD DR
================================================================================
1 22 0 11 -7 54 0 0.00 0.0 5 7.8 14 210 M M 3 20 210
2 23 1 12 -6 53 0 0.00 0.0 5 11.5 22 320 M M 2 34 310
3 5 -8 -1 -20 66 0 0.00 0.0 5 8.5 17 330 M M 5 23 340
4 30 5 18 -1 47 0 0.00 0.0 4 12.0 22 190 M M 2 28 180
5 32 15 24 5 41 0 0.00 0.0 4 5.3 13 290 M M 2 18 18 340
6 40 7 24 5 41 0 0.03 0.0 4 10.4 29 180 M M 1 138 41 180
7 41 30 36 17 29 0 0.03 0.0 2 10.2 26 180 M M 7 36 210
8 44 22 33 13 32 0 0.00 0.0 T 6.2 14 200 M M 0 20 200
9 37 30 34 14 31 0 0.25 1.2 1 10.5 22 320 M M 7 128 34 330
10 35 14 25 5 40 0 0.00 0.0 1 9.7 21 310 M M 1 30 330
11 39 15 27 7 38 0 0.00 0.0 0 11.6 20 210 M M 0 31 190
12 39 22 31 11 34 0 0.00 0.0 0 6.5 15 180 M M 0 16 180
13 44 30 37 16 28 0 0.00 0.0 0 8.9 17 300 M M 1 27 310
14 47 30 39 18 26 0 0.10 0.0 0 13.2 23 180 M M 4 34 190
15 46 29 38 17 27 0 T 0.0 0 12.4 21 210 M M 9 18 37 220
16 29 19 24 2 41 0 0.13 2.5 3 13.8 22 20 M M 9 18 29 20
17 22 6 14 -8 51 0 0.00 0.0 3 10.4 21 200 M M 2 33 200
18 37 17 27 5 38 0 0.00 0.0 3 8.3 17 190 M M 0 24 190
19 47 28 38 15 27 0 0.00 0.0 T 11.2 20 310 M M 1 29 310
20 39 20 30 7 35 0 T T 0 7.3 18 260 M M 3 18 32 250
21 34 19 27 4 38 0 T T T 9.9 26 290 M M 8 1 40 300
22 28 23 26 2 39 0 0.17 3.0 3 16.8 25 50 M M 10 12 36 40
23 26 15 21 -3 44 0 0.32 6.0 6 11.2 22 80 M M 10 168 33 80
24 17 2 10 -14 55 0 0.03 0.7 7 4.6 10 330 M M 4 16 330
25 28 12 20 -5 45 0 0.12 2.5 9 6.3 17 190 M M 6 18 23 220
26 33 11 22 -3 43 0 0.00 0.0 8 4.3 9 250 M M 0 1 14 240
27 34 23 29 3 36 0 1.35 T 5 13.5 25 110 M M 8 16 40 120
28 41 31 36 10 29 0 0.00 0.0 5 6.3 20 300 M M 5 29 300
================================================================================
SM 939 468 1108 0 2.53 15.9 268.6 M 110
================================================================================
AV 33.5 16.7 9.6 FASTST M M 4 MAX(MPH)
MISC ----> 29 180 41 180
================================================================================
NOTES:
# LAST OF SEVERAL OCCURRENCES
COLUMN 17 PEAK WIND IN M.P.H.
PRELIMINARY LOCAL CLIMATOLOGICAL DATA (WS FORM: F-6) , PAGE 2
STATION: OSHKOSH WI
MONTH: FEBRUARY
YEAR: 2023
LATITUDE: 44 0 N
LONGITUDE: 88 34 W
[TEMPERATURE DATA] [PRECIPITATION DATA] SYMBOLS USED IN COLUMN 16
AVERAGE MONTHLY: 25.1 TOTAL FOR MONTH: 2.53 1 = FOG OR MIST
DPTR FM NORMAL: 3.5 DPTR FM NORMAL: 1.70 2 = FOG REDUCING VISIBILITY
HIGHEST: 47 ON 19,14 GRTST 24HR 1.35 ON 27-27 TO 1/4 MILE OR LESS
LOWEST: -8 ON 3 3 = THUNDER
SNOW, ICE PELLETS, HAIL 4 = ICE PELLETS
TOTAL MONTH: 15.9 INCHES 5 = HAIL
GRTST 24HR 6.0 ON 23-23 6 = FREEZING RAIN OR DRIZZLE
GRTST DEPTH: 9 ON 25 7 = DUSTSTORM OR SANDSTORM:
VSBY 1/2 MILE OR LESS
8 = SMOKE OR HAZE
[NO. OF DAYS WITH] [WEATHER - DAYS WITH] 9 = BLOWING SNOW
X = TORNADO
MAX 32 OR BELOW: 11 0.01 INCH OR MORE: 10
MAX 90 OR ABOVE: 0 0.10 INCH OR MORE: 7
MIN 32 OR BELOW: 28 0.50 INCH OR MORE: 1
MIN 0 OR BELOW: 2 1.00 INCH OR MORE: 1
[HDD (BASE 65) ]
TOTAL THIS MO. 1108 CLEAR (SCALE 0-3) 14
DPTR FM NORMAL -107 PTCLDY (SCALE 4-7) 8
TOTAL FM JUL 1 4980 CLOUDY (SCALE 8-10) 6
DPTR FM NORMAL -454
[CDD (BASE 65) ]
TOTAL THIS MO. 0
DPTR FM NORMAL 0 [PRESSURE DATA]
TOTAL FM JAN 1 0 HIGHEST SLP 30.74 ON 24
DPTR FM NORMAL 0 LOWEST SLP 29.22 ON 27
[REMARKS]
#FINAL-02-23#