679
CXUS56 KMFR 011000
CF6OTH
PRELIMINARY LOCAL CLIMATOLOGICAL DATA (WS FORM: F-6)
STATION: NORTH BEND OR
MONTH: JULY
YEAR: 2020
LATITUDE: 43 25 N
LONGITUDE: 124 15 W
TEMPERATURE IN F: :PCPN: SNOW: WIND :SUNSHINE: SKY :PK WND
================================================================================
1 2 3 4 5 6A 6B 7 8 9 10 11 12 13 14 15 16 17 18
12Z AVG MX 2MIN
DY MAX MIN AVG DEP HDD CDD WTR SNW DPTH SPD SPD DIR MIN PSBL S-S WX SPD DR
================================================================================
1 64 51 58 0 7 0 M M M 9.2 20 330 M M 5 24 340
2 66 49 58 0 7 0 M M M 10.1 22 340 M M 3 26 360
3 65 53 59 1 6 0 M M M 6.9 17 330 M M 6 21 330
4 66 53 60 2 5 0 M M M 6.7 16 350 M M 6 21 330
5 66 49 58 0 7 0 M M M 8.1 18 350 M M 4 23 340
6 64 55 60 2 5 0 0.00 M M 5.3 15 340 M M 10 1 18 330
7 67 56 62 4 3 0 T M M 7.6 15 280 M M 6 17 320
8 68 56 62 4 3 0 T M M 11.5 25 350 M M 4 30 360
9 68 55 62 4 3 0 0.00 M M 6.5 16 340 M M 4 21 350
10 69 54 62 4 3 0 0.02 M M 8.4 21 330 M M 5 1 24 340
11 69 53 61 3 4 0 0.00 M M 5.0 14 290 M M 5 16 300
12 70 53 62 3 3 0 0.00 M M 13.9 29 360 M M 1 36 360
13 66 52 59 0 6 0 0.00 M M 16.1 31 360 M M 0 40 10
14 64 50 57 -2 8 0 0.00 M M 15.1 36 350 M M 2 12 41 350
15 65 50 58 -1 7 0 0.00 M M 15.8 32 360 M M 5 12 40 360
16 67 54 61 2 4 0 0.00 M M 13.8 29 350 M M 9 128 35 350
17 68 56 62 3 3 0 0.00 M M 17.5 30 360 M M 6 1 37 10
18 65 51 58 -1 7 0 0.00 M M 15.1 32 360 M M 0 39 350
19 64 49 57 -2 8 0 0.00 M M 14.7 33 360 M M 7 12 40 360
20 65 52 59 0 6 0 T M M 11.0 25 350 M M 7 12 31 350
21 64 53 59 0 6 0 0.00 M M 12.8 30 350 M M 9 1 36 350
22 67 54 61 2 4 0 T M M 11.5 24 350 M M 9 1 30 350
23 67 54 61 2 4 0 0.02 M M 10.1 21 350 M M 6 1 30 360
24 67 50 59 0 6 0 0.00 M M 13.8 32 360 M M 2 1 39 360
25 64 51 58 -1 7 0 0.00 M M 15.8 30 350 M M 0 1 38 350
26 72 49 61 2 4 0 0.00 M M 6.6 13 280 M M 3 128 15 290
27 64 54 59 0 6 0 0.00 M M 7.6 17 340 M M 5 12 22 340
28 65 53 59 0 6 0 0.00 M M 10.5 25 350 M M 5 1 31 350
29 68 51 60 1 5 0 0.00 M M 7.4 16 320 M M 5 1 20 320
30 66 53 60 1 5 0 0.00 M M 6.2 14 270 M M 8 12 M M
31 66 54 60 1 5 0 0.00 M M 4.1 12 280 M M 7 1 M M
================================================================================
SM 2056 1627 163 0 0.04 M 324.7 M 154
================================================================================
AV 66.3 52.5 10.5 FASTST M M 5 MAX(MPH)
MISC ----> # 36 350 # 41 350
================================================================================
NOTES:
# LAST OF SEVERAL OCCURRENCES
COLUMN 17 PEAK WIND IN M.P.H.
PRELIMINARY LOCAL CLIMATOLOGICAL DATA (WS FORM: F-6) , PAGE 2
STATION: NORTH BEND OR
MONTH: JULY
YEAR: 2020
LATITUDE: 43 25 N
LONGITUDE: 124 15 W
[TEMPERATURE DATA] [PRECIPITATION DATA] SYMBOLS USED IN COLUMN 16
AVERAGE MONTHLY: 59.4 TOTAL FOR MONTH: 0.04 1 = FOG OR MIST
DPTR FM NORMAL: 0.8 DPTR FM NORMAL: -0.46 2 = FOG REDUCING VISIBILITY
HIGHEST: 72 ON 26 GRTST 24HR 4.30 ON 30- 1 TO 1/4 MILE OR LESS
LOWEST: 49 ON 26,19 3 = THUNDER
SNOW, ICE PELLETS, HAIL 4 = ICE PELLETS
TOTAL MONTH: M 5 = HAIL
GRTST 24HR M ON M 6 = FREEZING RAIN OR DRIZZLE
GRTST DEPTH: M ON M 7 = DUSTSTORM OR SANDSTORM:
VSBY 1/2 MILE OR LESS
8 = SMOKE OR HAZE
[NO. OF DAYS WITH] [WEATHER - DAYS WITH] 9 = BLOWING SNOW
X = TORNADO
MAX 32 OR BELOW: 0 0.01 INCH OR MORE: 2
MAX 90 OR ABOVE: 0 0.10 INCH OR MORE: 0
MIN 32 OR BELOW: 0 0.50 INCH OR MORE: 0
MIN 0 OR BELOW: 0 1.00 INCH OR MORE: 0
[HDD (BASE 65) ]
TOTAL THIS MO. 163 CLEAR (SCALE 0-3) 8
DPTR FM NORMAL -34 PTCLDY (SCALE 4-7) 19
TOTAL FM JUL 1 163 CLOUDY (SCALE 8-10) 4
DPTR FM NORMAL -34
[CDD (BASE 65) ]
TOTAL THIS MO. 0
DPTR FM NORMAL 0 [PRESSURE DATA]
TOTAL FM JAN 1 0 HIGHEST SLP 30.25 ON 4
DPTR FM NORMAL 0 LOWEST SLP 29.91 ON 29
[REMARKS]
#FINAL-07-20#