000
CXAK56 PAFG 190950
CF6OTZ
PRELIMINARY LOCAL CLIMATOLOGICAL DATA (WS FORM: F-6)
STATION: KOTZEBUE AK
MONTH: MARCH
YEAR: 2024
LATITUDE: 66 52 N
LONGITUDE: 162 38 W
TEMPERATURE IN F: :PCPN: SNOW: WIND :SUNSHINE: SKY :PK WND
================================================================================
1 2 3 4 5 6A 6B 7 8 9 10 11 12 13 14 15 16 17 18
12Z AVG MX 2MIN
DY MAX MIN AVG DEP HDD CDD WTR SNW DPTH SPD SPD DIR MIN PSBL S-S WX SPD DR
================================================================================
1 -21 -28 -24 -26 89 0 0.00 M M 4.2 10 100 M M 0 1 12 100
2 0 -25 -12 -13 77 0 T M M 18.7 33 90 M M 0 18 40 90
3 9 -1 4 3 61 0 0.03 M M 28.0 38 120 M M 7 189 48 110
4 17 9 13 12 52 0 0.14 M M 23.7 30 90 M M 10 1 37 100
5 22 13 18 17 47 0 T M M 16.7 24 110 M M 9 1 30 110
6 22 -1 11 10 54 0 0.00 M M 5.7 17 100 M M 6 19 100
7 2 -14 -6 -7 71 0 0.00 M M 4.3 13 130 M M 1 1 14 120
8 2 -19 -8 -9 73 0 0.00 M M 9.7 22 350 M M 0 28 360
9 -4 -17 -10 -11 75 0 0.00 M M 12.8 24 10 M M 0 32 360
10 -4 -22 -13 -13 78 0 0.00 M M 7.7 17 10 M M 0 22 360
11 -4 -20 -12 -12 77 0 0.00 M M 4.5 13 360 M M 0 17 20
12 -2 -28 -15 -15 80 0 T M M 2.5 12 360 M M 0 15 10
13 0 -15 -7 -7 72 0 0.00 M M 6.8 16 360 M M 0 20 360
14 -2 -18 -10 -10 75 0 0.00 M M 4.3 14 360 M M 0 19 360
15 -10 -24 -17 -17 82 0 T M M 1.7 7 60 M M 0 1 8 50
16 1 -22 -10 -10 75 0 T M M 5.1 22 50 M M 0 28 50
17 4 -13 -4 -5 69 0 T M M 9.2 22 70 M M 9 18 26 70
18 5 -5 0 -1 65 0 T M M 14.5 21 100 M M 6 1 24 100
================================================================================
SM 37 -250 1272 0 0.17 M 180.1 M 48
================================================================================
AV 2.1-13.9 10.0 FASTST M M 3 MAX(MPH)
MISC ----> 38 120 48 110
================================================================================
NOTES:
# LAST OF SEVERAL OCCURRENCES
COLUMN 17 PEAK WIND IN M.P.H.
PRELIMINARY LOCAL CLIMATOLOGICAL DATA (WS FORM: F-6) , PAGE 2
STATION: KOTZEBUE AK
MONTH: MARCH
YEAR: 2024
LATITUDE: 66 52 N
LONGITUDE: 162 38 W
[TEMPERATURE DATA] [PRECIPITATION DATA] SYMBOLS USED IN COLUMN 16
AVERAGE MONTHLY: -5.9 TOTAL FOR MONTH: 0.17 1 = FOG OR MIST
DPTR FM NORMAL: -6.6 DPTR FM NORMAL: -0.17 2 = FOG REDUCING VISIBILITY
HIGHEST: 22 ON 6, 5 GRTST 24HR 0.14 ON 4- 4 TO 1/4 MILE OR LESS
LOWEST: -28 ON 12, 1 3 = THUNDER
SNOW, ICE PELLETS, HAIL 4 = ICE PELLETS
TOTAL MONTH: M 5 = HAIL
GRTST 24HR M ON M 6 = FREEZING RAIN OR DRIZZLE
GRTST DEPTH: M ON M 7 = DUSTSTORM OR SANDSTORM:
VSBY 1/2 MILE OR LESS
8 = SMOKE OR HAZE
[NO. OF DAYS WITH] [WEATHER - DAYS WITH] 9 = BLOWING SNOW
X = TORNADO
MAX 32 OR BELOW: 18 0.01 INCH OR MORE: 2
MAX 90 OR ABOVE: 0 0.10 INCH OR MORE: 1
MIN 32 OR BELOW: 18 0.50 INCH OR MORE: 0
MIN 0 OR BELOW: 16 1.00 INCH OR MORE: 0
[HDD (BASE 65) ]
TOTAL THIS MO. 1272 CLEAR (SCALE 0-3) 12
DPTR FM NORMAL 116 PTCLDY (SCALE 4-7) 3
TOTAL FM JUL 1 10891 CLOUDY (SCALE 8-10) 3
DPTR FM NORMAL -230
[CDD (BASE 65) ]
TOTAL THIS MO. 0
DPTR FM NORMAL 0 [PRESSURE DATA]
TOTAL FM JAN 1 0 HIGHEST SLP M ON M
DPTR FM NORMAL 0 LOWEST SLP 29.62 ON 3
[REMARKS]