000
CXAK56 PAFG 011035
CF6OTZ
PRELIMINARY LOCAL CLIMATOLOGICAL DATA (WS FORM: F-6)
STATION: KOTZEBUE AK
MONTH: MAY
YEAR: 2023
LATITUDE: 66 52 N
LONGITUDE: 162 38 W
TEMPERATURE IN F: :PCPN: SNOW: WIND :SUNSHINE: SKY :PK WND
================================================================================
1 2 3 4 5 6A 6B 7 8 9 10 11 12 13 14 15 16 17 18
12Z AVG MX 2MIN
DY MAX MIN AVG DEP HDD CDD WTR SNW DPTH SPD SPD DIR MIN PSBL S-S WX SPD DR
================================================================================
1 35 28 32 4 33 0 0.01 M M 10.5 20 90 M M 9 1 24 90
2 37 27 32 3 33 0 0.01 M M 5.4 10 100 M M 7 12 12 90
3 33 23 28 -1 37 0 0.02 M M 6.0 12 210 M M 10 1 13 210
4 24 19 22 -8 43 0 0.01 M M 5.5 12 290 M M 10 1 13 280
5 33 18 26 -4 39 0 0.00 M M 5.4 13 300 M M 7 16 310
6 20 12 16 -15 49 0 0.00 M M 10.0 17 290 M M 3 12 19 270
7 27 14 21 -10 44 0 0.00 M M 4.6 10 280 M M 5 12 13 280
8 30 10 20 -12 45 0 T M M 4.3 9 300 M M 0 1 11 300
9 32 8 20 -12 45 0 0.00 M M 4.5 13 300 M M 0 1 14 300
10 27 8 18 -14 47 0 0.00 M M 5.8 13 280 M M 0 2 15 290
11 28 17 23 -10 42 0 0.00 M M 15.2 25 300 M M 4 1 29 300
12 30 16 23 -10 42 0 0.00 M M 9.2 15 120 M M 6 12 17 130
13 38 21 30 -3 35 0 0.01 M M 18.3 32 160 M M 2 38 150
14 36 30 33 -1 32 0 T M M 22.9 38 150 M M 9 46 140
15 32 20 26 -8 39 0 0.00 M M 14.4 21 310 M M 6 1 24 310
16 36 29 33 -1 32 0 0.35 M M 11.5 20 90 M M 10 1 22 80
17 42 27 35 0 30 0 0.00 M M 6.4 13 120 M M 4 15 110
18 37 25 31 -4 34 0 0.00 M M 2.2 8 310 M M 0 9 330
19 37 24 31 -5 34 0 0.00 M M 4.5 12 310 M M 0 14 310
20 38 24 31 -5 34 0 0.00 M M 3.0 9 310 M M 0 10 300
21 41 26 34 -2 31 0 0.00 M M 2.5 9 220 M M 0 11 220
22 43 28 36 -1 29 0 T M M 3.0 12 200 M M 5 14 190
23 40 32 36 -1 29 0 0.00 M M 5.5 12 300 M M 2 13 290
24 40 30 35 -2 30 0 0.00 M M 3.1 7 300 M M 0 1 9 360
25 53 34 44 6 21 0 0.00 M M 5.8 12 110 M M 4 16 30
26 50 37 44 6 21 0 T M M 11.4 22 110 M M 4 25 110
27 44 33 39 0 26 0 0.00 M M 6.3 18 100 M M 6 1 21 100
28 33 29 31 -8 34 0 0.00 M M 13.3 22 280 M M 10 12 25 280
29 38 29 34 -6 31 0 0.04 M M 5.3 13 300 M M 10 1 14 290
30 34 28 31 -9 34 0 0.08 M M 11.2 25 270 M M 10 12 30 280
31 30 25 28 -12 37 0 T M M 20.3 35 290 M M 6 1 42 290
================================================================================
SM 1098 731 1092 0 0.53 M 257.3 M 149
================================================================================
AV 35.4 23.6 8.3 FASTST M M 5 MAX(MPH)
MISC ----> 38 150 46 140
================================================================================
NOTES:
# LAST OF SEVERAL OCCURRENCES
COLUMN 17 PEAK WIND IN M.P.H.
PRELIMINARY LOCAL CLIMATOLOGICAL DATA (WS FORM: F-6) , PAGE 2
STATION: KOTZEBUE AK
MONTH: MAY
YEAR: 2023
LATITUDE: 66 52 N
LONGITUDE: 162 38 W
[TEMPERATURE DATA] [PRECIPITATION DATA] SYMBOLS USED IN COLUMN 16
AVERAGE MONTHLY: 29.5 TOTAL FOR MONTH: 0.53 1 = FOG OR MIST
DPTR FM NORMAL: -4.9 DPTR FM NORMAL: 0.09 2 = FOG REDUCING VISIBILITY
HIGHEST: 53 ON 25 GRTST 24HR 0.35 ON 16-16 TO 1/4 MILE OR LESS
LOWEST: 8 ON 10, 9 3 = THUNDER
SNOW, ICE PELLETS, HAIL 4 = ICE PELLETS
TOTAL MONTH: M 5 = HAIL
GRTST 24HR M ON M 6 = FREEZING RAIN OR DRIZZLE
GRTST DEPTH: M ON M 7 = DUSTSTORM OR SANDSTORM:
VSBY 1/2 MILE OR LESS
8 = SMOKE OR HAZE
[NO. OF DAYS WITH] [WEATHER - DAYS WITH] 9 = BLOWING SNOW
X = TORNADO
MAX 32 OR BELOW: 10 0.01 INCH OR MORE: 8
MAX 90 OR ABOVE: 0 0.10 INCH OR MORE: 1
MIN 32 OR BELOW: 28 0.50 INCH OR MORE: 0
MIN 0 OR BELOW: 0 1.00 INCH OR MORE: 0
[HDD (BASE 65) ]
TOTAL THIS MO. 1092 CLEAR (SCALE 0-3) 10
DPTR FM NORMAL 143 PTCLDY (SCALE 4-7) 13
TOTAL FM JUL 1 14665 CLOUDY (SCALE 8-10) 8
DPTR FM NORMAL 699
[CDD (BASE 65) ]
TOTAL THIS MO. 0
DPTR FM NORMAL 0 [PRESSURE DATA]
TOTAL FM JAN 1 0 HIGHEST SLP M ON M
DPTR FM NORMAL 0 LOWEST SLP 29.35 ON 26
[REMARKS]
#FINAL-05-23#