000
CXAK56 PAFG 011016
CF6OTZ
PRELIMINARY LOCAL CLIMATOLOGICAL DATA (WS FORM: F-6)
STATION: KOTZEBUE AK
MONTH: DECEMBER
YEAR: 2022
LATITUDE: 66 52 N
LONGITUDE: 162 38 W
TEMPERATURE IN F: :PCPN: SNOW: WIND :SUNSHINE: SKY :PK WND
================================================================================
1 2 3 4 5 6A 6B 7 8 9 10 11 12 13 14 15 16 17 18
12Z AVG MX 2MIN
DY MAX MIN AVG DEP HDD CDD WTR SNW DPTH SPD SPD DIR MIN PSBL S-S WX SPD DR
================================================================================
1 23 15 19 12 46 0 0.03 M M 15.8 30 130 M M 8 169 34 120
2 34 20 27 21 38 0 0.58 M M 16.5 30 140 M M 10 16 35 130
3 32 24 28 22 37 0 0.01 M M 14.8 32 120 M M 10 16 37 120
4 34 30 32 26 33 0 T M M 33.4 43 130 M M 8 1 59 130
5 34 20 27 21 38 0 0.01 M M 17.5 48 130 M M 8 1 61 130
6 27 21 24 18 41 0 0.11 M M 13.9 28 110 M M 10 1 32 110
7 26 7 17 11 48 0 0.00 M M 5.6 15 280 M M 7 12 17 270
8 19 6 13 8 52 0 T M M 6.6 15 280 M M 10 12 18 280
9 17 4 11 6 54 0 0.02 M M 13.9 26 110 M M 9 1 31 110
10 18 12 15 10 50 0 0.13 M M 31.0 45 110 M M 9 129 53 110
11 18 15 17 12 48 0 0.32 M M 31.8 48 110 M M 7 1269 63 120
12 19 12 16 12 49 0 0.01 M M 13.7 23 170 M M 6 1 27 170
13 16 3 10 6 55 0 T M M 6.1 15 240 M M 9 1 16 250
14 11 -7 2 -2 63 0 0.00 M M 13.2 24 130 M M 4 1 28 120
15 8 -6 1 -3 64 0 T M M 9.6 21 130 M M 8 1 23 130
16 2 -11 -4 -8 69 0 0.00 M M 9.0 16 80 M M 1 19 90
17 5 -7 -1 -4 66 0 0.00 M M 19.5 28 100 M M 0 8 33 100
18 5 -7 -1 -4 66 0 0.00 M M 11.1 21 120 M M 0 25 100
19 -6 -10 -8 -11 73 0 0.00 M M 6.1 15 90 M M 0 19 90
20 -2 -13 -7 -10 72 0 0.00 M M 2.7 9 70 M M 1 10 30
21 -3 -11 -7 -10 72 0 0.00 M M 6.8 14 50 M M 0 18 15 50
22 5 -8 -1 -3 66 0 0.00 M M 4.7 15 50 M M 0 17 50
23 24 -5 10 8 55 0 0.00 M M 7.7 23 50 M M 0 28 50
24 -4 -10 -7 -9 72 0 0.00 M M 3.4 14 120 M M 0 16 130
25 -7 -17 -12 -14 77 0 0.00 M M 4.6 15 130 M M 0 16 130
26 -6 -18 -12 -14 77 0 0.00 M M 4.5 16 100 M M 0 17 100
27 1 -12 -5 -6 70 0 T M M 8.5 16 80 M M 7 19 90
28 3 -1 1 0 64 0 0.01 M M 15.0 22 90 M M 10 1 26 90
29 5 1 3 2 62 0 T M M 7.5 13 20 M M 10 1 15 20
30 9 5 7 6 58 0 T M M 5.0 12 320 M M 10 1 13 290
31 10 7 9 9 56 0 0.00 M M 5.4 13 10 M M 10 14 10
================================================================================
SM 377 59 1791 0 1.23 M 364.9 M 172
================================================================================
AV 12.2 1.9 11.8 FASTST M M 6 MAX(MPH)
MISC ----> # 48 130 63 120
================================================================================
NOTES:
# LAST OF SEVERAL OCCURRENCES
COLUMN 17 PEAK WIND IN M.P.H.
PRELIMINARY LOCAL CLIMATOLOGICAL DATA (WS FORM: F-6) , PAGE 2
STATION: KOTZEBUE AK
MONTH: DECEMBER
YEAR: 2022
LATITUDE: 66 52 N
LONGITUDE: 162 38 W
[TEMPERATURE DATA] [PRECIPITATION DATA] SYMBOLS USED IN COLUMN 16
AVERAGE MONTHLY: 7.0 TOTAL FOR MONTH: 1.23 1 = FOG OR MIST
DPTR FM NORMAL: 3.4 DPTR FM NORMAL: 0.50 2 = FOG REDUCING VISIBILITY
HIGHEST: 34 ON 5, 4 GRTST 24HR 0.61 ON 1- 2 TO 1/4 MILE OR LESS
LOWEST: -18 ON 26 3 = THUNDER
SNOW, ICE PELLETS, HAIL 4 = ICE PELLETS
TOTAL MONTH: M 5 = HAIL
GRTST 24HR M ON M 6 = FREEZING RAIN OR DRIZZLE
GRTST DEPTH: M ON M 7 = DUSTSTORM OR SANDSTORM:
VSBY 1/2 MILE OR LESS
8 = SMOKE OR HAZE
[NO. OF DAYS WITH] [WEATHER - DAYS WITH] 9 = BLOWING SNOW
X = TORNADO
MAX 32 OR BELOW: 28 0.01 INCH OR MORE: 10
MAX 90 OR ABOVE: 0 0.10 INCH OR MORE: 4
MIN 32 OR BELOW: 31 0.50 INCH OR MORE: 1
MIN 0 OR BELOW: 15 1.00 INCH OR MORE: 0
[HDD (BASE 65) ]
TOTAL THIS MO. 1791 CLEAR (SCALE 0-3) 11
DPTR FM NORMAL -112 PTCLDY (SCALE 4-7) 9
TOTAL FM JUL 1 5995 CLOUDY (SCALE 8-10) 11
DPTR FM NORMAL 111
[CDD (BASE 65) ]
TOTAL THIS MO. 0
DPTR FM NORMAL 0 [PRESSURE DATA]
TOTAL FM JAN 1 0 HIGHEST SLP M ON M
DPTR FM NORMAL -9 LOWEST SLP 29.25 ON 27
[REMARKS]
#FINAL-12-22#