000
CXAK56 PAFG 010947
CF6OTZ
PRELIMINARY LOCAL CLIMATOLOGICAL DATA (WS FORM: F-6)
STATION: KOTZEBUE AK
MONTH: APRIL
YEAR: 2022
LATITUDE: 66 52 N
LONGITUDE: 162 38 W
TEMPERATURE IN F: :PCPN: SNOW: WIND :SUNSHINE: SKY :PK WND
================================================================================
1 2 3 4 5 6A 6B 7 8 9 10 11 12 13 14 15 16 17 18
12Z AVG MX 2MIN
DY MAX MIN AVG DEP HDD CDD WTR SNW DPTH SPD SPD DIR MIN PSBL S-S WX SPD DR
================================================================================
1 21 3 12 5 53 0 0.00 M M 14.4 25 80 M M 0 31 80
2 17 -3 7 -1 58 0 0.00 M M 8.8 14 60 M M 0 16 70
3 10 -7 2 -6 63 0 0.00 M M 6.5 14 70 M M 0 16 70
4 15 -10 3 -6 62 0 0.00 M M 6.8 20 360 M M 0 8 23 10
5 4 -9 -2 -12 67 0 0.00 M M 7.7 20 360 M M 0 24 10
6 1 -17 -8 -18 73 0 T M M 5.6 14 240 M M 4 18 16 240
7 -8 -18 -13 -24 78 0 T M M 8.8 17 250 M M 4 18 19 250
8 -2 -25 -13 -25 78 0 0.00 M M 15.2 28 110 M M 4 189 31 110
9 28 -5 12 -1 53 0 0.19 M M 18.1 26 120 M M 9 19 29 120
10 30 18 24 11 41 0 0.00 M M 11.7 20 230 M M 10 23 230
11 29 17 23 9 42 0 0.00 M M 13.8 23 120 M M 3 27 120
12 35 19 27 12 38 0 0.00 M M 6.6 17 110 M M 7 20 110
13 34 22 28 12 37 0 0.00 M M 12.7 22 100 M M 5 25 110
14 35 27 31 15 34 0 0.00 M M 17.2 26 90 M M 5 31 80
15 30 20 25 8 40 0 0.00 M M 24.7 33 90 M M 0 8 40 100
16 26 13 20 2 45 0 0.00 M M 22.4 31 110 M M 3 37 110
17 27 16 22 3 43 0 0.00 M M 21.4 29 120 M M 1 34 120
18 34 13 24 4 41 0 0.00 M M 12.1 18 90 M M 0 21 90
19 34 13 24 4 41 0 0.00 M M 7.7 12 30 M M 0 15 20
20 32 9 21 0 44 0 0.00 M M 5.9 12 60 M M 0 13 50
21 32 11 22 0 43 0 0.00 M M 5.7 10 40 M M 0 13 30
22 36 16 26 3 39 0 0.00 M M 7.7 13 40 M M 0 14 40
23 38 19 29 6 36 0 0.00 M M 5.1 8 40 M M 2 8 10 50
24 38 28 33 9 32 0 0.00 M M 3.9 10 300 M M 10 12 300
25 30 23 27 2 38 0 0.00 M M 13.3 18 290 M M 10 22 290
26 26 16 21 -4 44 0 0.00 M M 11.6 20 280 M M 1 23 280
27 26 16 21 -5 44 0 0.00 M M 4.1 9 280 M M 9 12 11 290
28 36 20 28 1 37 0 0.00 M M 9.2 17 110 M M 4 20 120
29 40 32 36 9 29 0 0.00 M M 13.7 20 120 M M 4 22 100
30 46 30 38 10 27 0 0.00 M M 8.2 14 10 M M 1 19 350
================================================================================
SM 780 307 1400 0 0.19 M 330.6 M 96
================================================================================
AV 26.0 10.2 11.0 FASTST M M 3 MAX(MPH)
MISC ----> 33 90 40 100
================================================================================
NOTES:
# LAST OF SEVERAL OCCURRENCES
COLUMN 17 PEAK WIND IN M.P.H.
PRELIMINARY LOCAL CLIMATOLOGICAL DATA (WS FORM: F-6) , PAGE 2
STATION: KOTZEBUE AK
MONTH: APRIL
YEAR: 2022
LATITUDE: 66 52 N
LONGITUDE: 162 38 W
[TEMPERATURE DATA] [PRECIPITATION DATA] SYMBOLS USED IN COLUMN 16
AVERAGE MONTHLY: 18.1 TOTAL FOR MONTH: 0.19 1 = FOG OR MIST
DPTR FM NORMAL: 0.5 DPTR FM NORMAL: -0.37 2 = FOG REDUCING VISIBILITY
HIGHEST: 46 ON 30 GRTST 24HR 0.19 ON 9- 9 TO 1/4 MILE OR LESS
LOWEST: -25 ON 8 3 = THUNDER
SNOW, ICE PELLETS, HAIL 4 = ICE PELLETS
TOTAL MONTH: M 5 = HAIL
GRTST 24HR M ON M 6 = FREEZING RAIN OR DRIZZLE
GRTST DEPTH: M ON M 7 = DUSTSTORM OR SANDSTORM:
VSBY 1/2 MILE OR LESS
8 = SMOKE OR HAZE
[NO. OF DAYS WITH] [WEATHER - DAYS WITH] 9 = BLOWING SNOW
X = TORNADO
MAX 32 OR BELOW: 19 0.01 INCH OR MORE: 1
MAX 90 OR ABOVE: 0 0.10 INCH OR MORE: 1
MIN 32 OR BELOW: 30 0.50 INCH OR MORE: 0
MIN 0 OR BELOW: 8 1.00 INCH OR MORE: 0
[HDD (BASE 65) ]
TOTAL THIS MO. 1400 CLEAR (SCALE 0-3) 17
DPTR FM NORMAL -24 PTCLDY (SCALE 4-7) 8
TOTAL FM JUL 1 14363 CLOUDY (SCALE 8-10) 5
DPTR FM NORMAL 1348
[CDD (BASE 65) ]
TOTAL THIS MO. 0
DPTR FM NORMAL 0 [PRESSURE DATA]
TOTAL FM JAN 1 0 HIGHEST SLP M ON M
DPTR FM NORMAL 0 LOWEST SLP 29.37 ON 3
[REMARKS]
#FINAL-04-22#