000
CXAK56 PAFG 021750
CF6OTZ
PRELIMINARY LOCAL CLIMATOLOGICAL DATA (WS FORM: F-6)
STATION: KOTZEBUE AK
MONTH: JANUARY
YEAR: 2022
LATITUDE: 66 52 N
LONGITUDE: 162 38 W
TEMPERATURE IN F: :PCPN: SNOW: WIND :SUNSHINE: SKY :PK WND
================================================================================
1 2 3 4 5 6A 6B 7 8 9 10 11 12 13 14 15 16 17 18
12Z AVG MX 2MIN
DY MAX MIN AVG DEP HDD CDD WTR SNW DPTH SPD SPD DIR MIN PSBL S-S WX SPD DR
================================================================================
1 -7 -19 -13 -13 78 0 0.00 M M 14.0 33 360 M M 0 8 40 360
2 -15 -28 -21 -21 86 0 0.00 M M 3.3 12 10 M M 0 18 13 360
3 -24 -32 -28 -28 93 0 0.00 M M 4.4 13 120 M M 0 18 15 120
4 -7 -28 -17 -17 82 0 0.00 M M 4.5 10 100 M M 1 13 100
5 -1 -14 -7 -7 72 0 0.00 M M 3.0 8 30 M M 1 10 60
6 -2 -15 -8 -7 73 0 0.00 M M 2.1 8 210 M M 0 1 8 210
7 4 -15 -5 -4 70 0 0.00 M M 4.6 20 360 M M 0 23 10
8 -6 -20 -13 -12 78 0 0.00 M M 4.9 12 10 M M 0 13 360
9 -8 -24 -16 -15 81 0 0.00 M M 3.3 13 30 M M 0 14 30
10 5 -24 -9 -8 74 0 0.00 M M 4.3 12 30 M M 6 13 30
11 -3 -19 -11 -10 76 0 0.00 M M 5.2 16 20 M M 0 18 20
12 -8 -20 -14 -13 79 0 0.00 M M 6.0 16 10 M M 0 20 360
13 7 -18 -5 -4 70 0 0.06 M M 9.1 17 20 M M 7 18 21 20
14 7 -11 -2 -1 67 0 0.02 M M 2.0 9 40 M M 6 1 10 40
15 8 5 7 8 58 0 0.18 M M 6.2 12 30 M M 10 1 14 30
16 6 -3 2 3 63 0 0.07 M M 4.8 10 210 M M 10 1 12 40
17 -2 -33 -17 -16 82 0 0.01 M M 3.6 10 20 M M 7 128 12 20
18 -24 -44 -34 -33 99 0 0.00 M M 1.5 9 260 M M 1 128 10 250
19 -17 -44 -30 -29 95 0 0.00 M M 1.8 8 10 M M 0 18 11 40
20 6 -40 -17 -16 82 0 0.00 M M 6.8 22 50 M M 3 18 25 60
21 15 6 11 12 54 0 0.00 M M 24.0 33 90 M M 7 89 40 100
22 21 2 12 13 53 0 T M M 17.2 29 110 M M 9 18 34 90
23 9 -9 0 1 65 0 0.06 M M 5.1 14 110 M M 2 1 15 90
24 30 2 16 17 49 0 0.67 M M 16.2 43 300 M M 10 12 50 300
25 2 -26 -12 -12 77 0 0.02 M M 12.7 37 280 M M 5 128 43 290
26 -24 -31 -27 -27 92 0 0.00 M M 1.0 9 280 M M 1 18 10 270
27 -14 -32 -23 -23 88 0 0.00 M M 8.0 17 360 M M 0 18 20 360
28 -19 -34 -26 -26 91 0 0.00 M M 1.4 9 50 M M 0 10 60
29 -19 -34 -26 -26 91 0 0.00 M M 1.9 9 110 M M 0 8 10 110
30 -26 -30 -28 -28 93 0 0.00 M M 3.3 9 60 M M 0 18 10 60
31 -17 -31 -24 -25 89 0 0.00 M M 4.8 10 60 M M 0 18 12 60
================================================================================
SM -123 -663 2400 0 1.09 M 191.0 M 86
================================================================================
AV -4.0-21.4 6.2 FASTST M M 3 MAX(MPH)
MISC ----> 43 300 50 300
================================================================================
NOTES:
# LAST OF SEVERAL OCCURRENCES
COLUMN 17 PEAK WIND IN M.P.H.
PRELIMINARY LOCAL CLIMATOLOGICAL DATA (WS FORM: F-6) , PAGE 2
STATION: KOTZEBUE AK
MONTH: JANUARY
YEAR: 2022
LATITUDE: 66 52 N
LONGITUDE: 162 38 W
[TEMPERATURE DATA] [PRECIPITATION DATA] SYMBOLS USED IN COLUMN 16
AVERAGE MONTHLY:-12.7 TOTAL FOR MONTH: 1.09 1 = FOG OR MIST
DPTR FM NORMAL: -12.0 DPTR FM NORMAL: 0.47 2 = FOG REDUCING VISIBILITY
HIGHEST: 30 ON 24 GRTST 24HR 0.77 ON 18-18 TO 1/4 MILE OR LESS
LOWEST: -44 ON 19,18 3 = THUNDER
SNOW, ICE PELLETS, HAIL 4 = ICE PELLETS
TOTAL MONTH: M 5 = HAIL
GRTST 24HR M ON M 6 = FREEZING RAIN OR DRIZZLE
GRTST DEPTH: M ON M 7 = DUSTSTORM OR SANDSTORM:
VSBY 1/2 MILE OR LESS
8 = SMOKE OR HAZE
[NO. OF DAYS WITH] [WEATHER - DAYS WITH] 9 = BLOWING SNOW
X = TORNADO
MAX 32 OR BELOW: 31 0.01 INCH OR MORE: 8
MAX 90 OR ABOVE: 0 0.10 INCH OR MORE: 2
MIN 32 OR BELOW: 31 0.50 INCH OR MORE: 1
MIN 0 OR BELOW: 27 1.00 INCH OR MORE: 0
[HDD (BASE 65) ]
TOTAL THIS MO. 2400 CLEAR (SCALE 0-3) 20
DPTR FM NORMAL 364 PTCLDY (SCALE 4-7) 7
TOTAL FM JUL 1 9210 CLOUDY (SCALE 8-10) 4
DPTR FM NORMAL 1291
[CDD (BASE 65) ]
TOTAL THIS MO. 0
DPTR FM NORMAL 0 [PRESSURE DATA]
TOTAL FM JAN 1 0 HIGHEST SLP 30.94 ON 2
DPTR FM NORMAL 0 LOWEST SLP 29.10 ON 24
[REMARKS]
#FINAL-01-22#