000
CXAK56 PAFG 050754
CF6OTZ
PRELIMINARY LOCAL CLIMATOLOGICAL DATA (WS FORM: F-6)
STATION: KOTZEBUE AK
MONTH: JANUARY
YEAR: 2024
LATITUDE: 66 52 N
LONGITUDE: 162 38 W
TEMPERATURE IN F: :PCPN: SNOW: WIND :SUNSHINE: SKY :PK WND
================================================================================
1 2 3 4 5 6A 6B 7 8 9 10 11 12 13 14 15 16 17 18
12Z AVG MX 2MIN
DY MAX MIN AVG DEP HDD CDD WTR SNW DPTH SPD SPD DIR MIN PSBL S-S WX SPD DR
================================================================================
1 14 8 11 12 54 0 0.00 M M 26.6 38 90 M M 2 189 52 100
2 16 11 14 15 51 0 0.00 M M 29.4 46 100 M M 1 89 59 100
3 13 8 11 12 54 0 T M M 26.9 41 100 M M 0 89 54 110
4 10 -5 3 5 62 0 0.00 M M 14.8 32 70 M M 3 41 60
5 9 7 8 10 57 0 0.00 M M 25.4 40 100 M M 7 47 110
6 12 7 10 12 55 0 0.00 M M 31.5 38 80 M M 6 52 80
7 19 12 16 18 49 0 0.06 M M 30.7 43 90 M M 8 1289 54 90
8 20 16 18 20 47 0 0.00 M M 29.7 37 110 M M 6 1 45 110
9 19 13 16 18 49 0 T M M 19.8 32 100 M M 10 1 38 110
10 13 4 9 11 56 0 0.00 M M 21.3 38 90 M M 7 8 49 90
11 19 7 13 15 52 0 0.00 M M 42.2 48 90 M M 10 129 67 90
12 21 17 19 21 46 0 T M M 35.7 49 110 M M 4 18 60 110
13 21 7 14 17 51 0 0.00 M M 32.3 44 100 M M 7 18 53 100
14 10 4 7 10 58 0 0.07 M M 29.4 40 110 M M 10 129 49 110
15 32 4 18 21 47 0 0.22 M M 26.9 46 110 M M 9 19 M M
16 28 3 16 19 49 0 0.00 M M 13.2 26 270 M M 4 33 270
17 7 2 5 8 60 0 0.00 M M 18.0 24 110 M M 0 29 120
18 9 3 6 9 59 0 0.00 M M 14.6 23 120 M M 3 26 120
19 16 4 10 12 55 0 0.00 M M 8.3 22 350 M M 1 26 350
20 10 -12 -1 1 66 0 0.00 M M 9.5 21 360 M M 0 25 360
21 -10 -19 -14 -12 79 0 T M M 4.6 10 60 M M 1 12 60
22 -4 -18 -11 -9 76 0 T M M 19.0 30 120 M M 10 1 38 130
23 -3 -18 -10 -8 75 0 T M M 7.0 21 110 M M 5 1 24 110
24 -13 -23 -18 -16 83 0 0.00 M M 4.8 10 320 M M 4 1 14 80
25 -14 -25 -19 -17 84 0 0.00 M M 5.6 13 310 M M 1 18 17 320
26 -17 -26 -21 -19 86 0 0.00 M M 8.3 20 310 M M 2 1 24 310
27 -21 -37 -29 -27 94 0 0.00 M M 2.9 14 310 M M 1 18 17 310
28 -34 -40 -37 -36 102 0 0.00 M M 3.3 7 70 M M 0 18 9 100
29 -21 -36 -28 -27 93 0 0.00 M M 2.4 13 90 M M 1 18 14 90
30 -15 -29 -22 -21 87 0 T M M 7.8 15 110 M M 6 1 19 120
31 -23 -30 -26 -25 91 0 0.00 M M 6.2 16 100 M M 0 20 100
================================================================================
SM 143 -181 2027 0 0.35 M 558.1 M 129
================================================================================
AV 4.6 -5.8 18.0 FASTST M M 4 MAX(MPH)
MISC ----> 49 110 67 90
================================================================================
NOTES:
# LAST OF SEVERAL OCCURRENCES
COLUMN 17 PEAK WIND IN M.P.H.
PRELIMINARY LOCAL CLIMATOLOGICAL DATA (WS FORM: F-6) , PAGE 2
STATION: KOTZEBUE AK
MONTH: JANUARY
YEAR: 2024
LATITUDE: 66 52 N
LONGITUDE: 162 38 W
[TEMPERATURE DATA] [PRECIPITATION DATA] SYMBOLS USED IN COLUMN 16
AVERAGE MONTHLY: -0.6 TOTAL FOR MONTH: 0.35 1 = FOG OR MIST
DPTR FM NORMAL: 1.3 DPTR FM NORMAL: -0.27 2 = FOG REDUCING VISIBILITY
HIGHEST: 32 ON 15 GRTST 24HR 0.41 ON 14-15 TO 1/4 MILE OR LESS
LOWEST: -40 ON 28 3 = THUNDER
SNOW, ICE PELLETS, HAIL 4 = ICE PELLETS
TOTAL MONTH: M 5 = HAIL
GRTST 24HR M ON M 6 = FREEZING RAIN OR DRIZZLE
GRTST DEPTH: M ON M 7 = DUSTSTORM OR SANDSTORM:
VSBY 1/2 MILE OR LESS
8 = SMOKE OR HAZE
[NO. OF DAYS WITH] [WEATHER - DAYS WITH] 9 = BLOWING SNOW
X = TORNADO
MAX 32 OR BELOW: 31 0.01 INCH OR MORE: 3
MAX 90 OR ABOVE: 0 0.10 INCH OR MORE: 1
MIN 32 OR BELOW: 31 0.50 INCH OR MORE: 0
MIN 0 OR BELOW: 13 1.00 INCH OR MORE: 0
[HDD (BASE 65) ]
TOTAL THIS MO. 2027 CLEAR (SCALE 0-3) 15
DPTR FM NORMAL -48 PTCLDY (SCALE 4-7) 11
TOTAL FM JUL 1 7904 CLOUDY (SCALE 8-10) 5
DPTR FM NORMAL -282
[CDD (BASE 65) ]
TOTAL THIS MO. 0
DPTR FM NORMAL 0 [PRESSURE DATA]
TOTAL FM JAN 1 0 HIGHEST SLP 30.84 ON 17
DPTR FM NORMAL 0 LOWEST SLP 29.21 ON 29
[REMARKS]
#FINAL-01-24#