000
CXAK56 PAFG 010954
CF6OTZ
PRELIMINARY LOCAL CLIMATOLOGICAL DATA (WS FORM: F-6)
STATION: KOTZEBUE AK
MONTH: OCTOBER
YEAR: 2021
LATITUDE: 66 52 N
LONGITUDE: 162 38 W
TEMPERATURE IN F: :PCPN: SNOW: WIND :SUNSHINE: SKY :PK WND
================================================================================
1 2 3 4 5 6A 6B 7 8 9 10 11 12 13 14 15 16 17 18
12Z AVG MX 2MIN
DY MAX MIN AVG DEP HDD CDD WTR SNW DPTH SPD SPD DIR MIN PSBL S-S WX SPD DR
================================================================================
1 33 23 28 -9 37 0 0.00 M M 19.1 24 350 M M 2 30 10
2 34 26 30 -6 35 0 0.00 M M 15.5 23 350 M M 2 8 29 360
3 36 26 31 -5 34 0 T M M 8.1 17 240 M M 5 8 20 250
4 33 27 30 -5 35 0 T M M 20.6 33 110 M M 8 1 41 120
5 33 29 31 -3 34 0 0.07 M M 26.2 33 110 M M 10 19 40 110
6 37 33 35 1 30 0 0.08 M M 18.9 28 90 M M 10 1 34 80
7 37 33 35 2 30 0 0.03 M M 7.1 18 80 M M 10 1 22 90
8 39 31 35 2 30 0 0.00 M M 12.7 24 90 M M 7 28 90
9 34 26 30 -2 35 0 0.00 M M 6.1 12 10 M M 6 M M
10 32 30 31 -1 34 0 T M M 11.3 18 100 M M 10 18 21 100
11 37 30 34 3 31 0 0.00 M M 12.3 21 70 M M 7 26 80
12 34 29 32 2 33 0 0.00 M M 9.9 15 70 M M 10 19 70
13 31 25 28 -2 37 0 0.00 M M 7.1 10 30 M M 8 12 20
14 28 21 25 -4 40 0 0.00 M M 7.1 10 60 M M 4 13 40
15 30 20 25 -4 40 0 0.00 M M 5.5 15 100 M M 5 17 100
16 25 16 21 -7 44 0 0.00 M M 8.8 15 80 M M 2 17 100
17 24 17 21 -7 44 0 0.00 M M 11.5 18 10 M M 4 23 10
18 21 12 17 -10 48 0 0.00 M M 11.0 25 90 M M 1 31 90
19 31 20 26 0 39 0 0.01 M M 24.5 32 100 M M 9 18 39 100
20 31 27 29 3 36 0 0.02 M M 17.5 24 110 M M 10 1 28 110
21 32 26 29 4 36 0 0.01 M M 11.9 23 130 M M 10 1 29 120
22 29 23 26 1 39 0 0.00 M M 9.7 15 10 M M 4 19 10
23 31 22 27 3 38 0 0.00 M M 4.8 13 100 M M 4 15 90
24 31 27 29 6 36 0 0.03 M M 12.2 17 140 M M 10 1 20 130
25 30 24 27 4 38 0 0.05 M M 18.5 30 230 M M 9 12 35 230
26 29 16 23 1 42 0 0.00 M M 12.2 23 240 M M 9 27 240
27 25 13 19 -3 46 0 0.02 M M 4.7 12 100 M M 6 18 13 210
28 25 14 20 -1 45 0 0.13 M M 12.2 22 230 M M 9 12 26 220
29 24 7 16 -4 49 0 0.00 M M 15.7 21 110 M M 3 1 23 110
30 16 0 8 -12 57 0 0.02 M M 9.2 18 120 M M 6 1 21 130
31 29 16 23 4 42 0 0.15 M M 9.4 23 310 M M 9 1 27 310
================================================================================
SM 941 689 1194 0 0.62 M 381.3 M 209
================================================================================
AV 30.4 22.2 12.3 FASTST M M 7 MAX(MPH)
MISC ----> # 33 110 41 120
================================================================================
NOTES:
# LAST OF SEVERAL OCCURRENCES
COLUMN 17 PEAK WIND IN M.P.H.
PRELIMINARY LOCAL CLIMATOLOGICAL DATA (WS FORM: F-6) , PAGE 2
STATION: KOTZEBUE AK
MONTH: OCTOBER
YEAR: 2021
LATITUDE: 66 52 N
LONGITUDE: 162 38 W
[TEMPERATURE DATA] [PRECIPITATION DATA] SYMBOLS USED IN COLUMN 16
AVERAGE MONTHLY: 26.3 TOTAL FOR MONTH: 0.62 1 = FOG OR MIST
DPTR FM NORMAL: -1.8 DPTR FM NORMAL: -0.45 2 = FOG REDUCING VISIBILITY
HIGHEST: 39 ON 8 GRTST 24HR 0.16 ON 30-31 TO 1/4 MILE OR LESS
LOWEST: 0 ON 30 3 = THUNDER
SNOW, ICE PELLETS, HAIL 4 = ICE PELLETS
TOTAL MONTH: M 5 = HAIL
GRTST 24HR M ON M 6 = FREEZING RAIN OR DRIZZLE
GRTST DEPTH: M ON M 7 = DUSTSTORM OR SANDSTORM:
VSBY 1/2 MILE OR LESS
8 = SMOKE OR HAZE
[NO. OF DAYS WITH] [WEATHER - DAYS WITH] 9 = BLOWING SNOW
X = TORNADO
MAX 32 OR BELOW: 20 0.01 INCH OR MORE: 12
MAX 90 OR ABOVE: 0 0.10 INCH OR MORE: 2
MIN 32 OR BELOW: 29 0.50 INCH OR MORE: 0
MIN 0 OR BELOW: 1 1.00 INCH OR MORE: 0
[HDD (BASE 65) ]
TOTAL THIS MO. 1194 CLEAR (SCALE 0-3) 5
DPTR FM NORMAL 50 PTCLDY (SCALE 4-7) 12
TOTAL FM JUL 1 2753 CLOUDY (SCALE 8-10) 14
DPTR FM NORMAL 361
[CDD (BASE 65) ]
TOTAL THIS MO. 0
DPTR FM NORMAL 0 [PRESSURE DATA]
TOTAL FM JAN 1 6 HIGHEST SLP M ON M
DPTR FM NORMAL -3 LOWEST SLP 29.10 ON 19
[REMARKS]
#FINAL-10-21#