196
CXAK56 PAFG 011400
CF6OTZ
PRELIMINARY LOCAL CLIMATOLOGICAL DATA (WS FORM: F-6)
STATION: KOTZEBUE AK
MONTH: OCTOBER
YEAR: 2020
LATITUDE: 66 52 N
LONGITUDE: 162 38 W
TEMPERATURE IN F: :PCPN: SNOW: WIND :SUNSHINE: SKY :PK WND
================================================================================
1 2 3 4 5 6A 6B 7 8 9 10 11 12 13 14 15 16 17 18
12Z AVG MX 2MIN
DY MAX MIN AVG DEP HDD CDD WTR SNW DPTH SPD SPD DIR MIN PSBL S-S WX SPD DR
================================================================================
1 50 41 46 12 19 0 0.01 M M 15.1 28 120 M M 4 32 120
2 48 40 44 11 21 0 0.02 M M 9.7 17 110 M M 6 20 10
3 47 42 45 12 20 0 0.06 M M 6.1 9 40 M M 10 1 12 30
4 43 39 41 9 24 0 0.05 M M 5.2 9 210 M M 10 1 11 230
5 39 33 36 5 29 0 0.18 M M 13.9 23 350 M M 9 12 27 350
6 37 30 34 3 31 0 0.01 M M 7.7 23 130 M M 3 1 29 130
7 42 33 38 8 27 0 T M M 28.6 38 110 M M 8 45 110
8 44 40 42 12 23 0 0.00 M M 23.6 32 110 M M 7 39 110
9 44 37 41 12 24 0 0.00 M M 11.8 21 90 M M 6 25 80
10 41 32 37 9 28 0 0.00 M M 9.1 16 60 M M 3 20 60
11 37 29 33 5 32 0 0.00 M M 15.2 25 90 M M 3 30 90
12 30 22 26 -1 39 0 0.00 M M 7.5 12 50 M M 2 16 70
13 25 19 22 -4 43 0 0.00 M M 8.3 15 130 M M 6 16 130
14 25 21 23 -3 42 0 0.00 M M 12.1 17 120 M M 10 19 120
15 23 20 22 -3 43 0 0.04 M M 24.4 33 110 M M 8 1 43 110
16 25 23 24 0 41 0 0.02 M M 36.9 44 110 M M 10 19 51 110
17 27 23 25 1 40 0 T M M 28.4 38 110 M M 4 9 44 110
18 30 26 28 5 37 0 0.01 M M 22.8 28 110 M M 10 1 36 110
19 34 26 30 8 35 0 T M M 7.7 21 120 M M 9 12 24 110
20 36 28 32 10 33 0 0.01 M M 8.0 14 170 M M 9 16 170
21 37 32 35 14 30 0 0.15 M M 7.4 20 150 M M 10 12 22 150
22 32 26 29 9 36 0 T M M 10.3 23 100 M M 8 1 26 100
23 29 25 27 7 38 0 0.02 M M 19.8 26 110 M M 3 1 31 110
24 31 26 29 10 36 0 T M M 13.2 23 110 M M 10 1 27 110
25 33 25 29 10 36 0 T M M 6.9 10 30 M M 9 1 12 40
26 30 22 26 8 39 0 0.00 M M 10.0 21 300 M M 3 24 300
27 28 19 24 7 41 0 0.00 M M 2.2 8 350 M M 5 10 340
28 25 16 21 4 44 0 0.01 M M 4.6 9 80 M M 6 12 12 80
29 23 18 21 5 44 0 0.08 M M 12.8 21 120 M M 10 1 24 120
30 27 14 21 5 44 0 0.18 M M 10.0 26 310 M M 8 128 33 310
31 24 7 16 1 49 0 0.00 M M 8.6 24 310 M M 0 1 28 320
================================================================================
SM 1046 834 1068 0 0.85 M 407.9 M 209
================================================================================
AV 33.7 26.9 13.2 FASTST M M 7 MAX(MPH)
MISC ----> 44 110 51 110
================================================================================
NOTES:
# LAST OF SEVERAL OCCURRENCES
COLUMN 17 PEAK WIND IN M.P.H.
PRELIMINARY LOCAL CLIMATOLOGICAL DATA (WS FORM: F-6) , PAGE 2
STATION: KOTZEBUE AK
MONTH: OCTOBER
YEAR: 2020
LATITUDE: 66 52 N
LONGITUDE: 162 38 W
[TEMPERATURE DATA] [PRECIPITATION DATA] SYMBOLS USED IN COLUMN 16
AVERAGE MONTHLY: 30.3 TOTAL FOR MONTH: 0.85 1 = FOG OR MIST
DPTR FM NORMAL: 6.0 DPTR FM NORMAL: -0.16 2 = FOG REDUCING VISIBILITY
HIGHEST: 50 ON 1 GRTST 24HR 0.18 ON 5- 5 TO 1/4 MILE OR LESS
LOWEST: 7 ON 31 3 = THUNDER
SNOW, ICE PELLETS, HAIL 4 = ICE PELLETS
TOTAL MONTH: M 5 = HAIL
GRTST 24HR M ON M 6 = FREEZING RAIN OR DRIZZLE
GRTST DEPTH: M ON M 7 = DUSTSTORM OR SANDSTORM:
VSBY 1/2 MILE OR LESS
8 = SMOKE OR HAZE
[NO. OF DAYS WITH] [WEATHER - DAYS WITH] 9 = BLOWING SNOW
X = TORNADO
MAX 32 OR BELOW: 16 0.01 INCH OR MORE: 15
MAX 90 OR ABOVE: 0 0.10 INCH OR MORE: 3
MIN 32 OR BELOW: 23 0.50 INCH OR MORE: 0
MIN 0 OR BELOW: 0 1.00 INCH OR MORE: 0
[HDD (BASE 65) ]
TOTAL THIS MO. 1068 CLEAR (SCALE 0-3) 7
DPTR FM NORMAL -194 PTCLDY (SCALE 4-7) 11
TOTAL FM JUL 1 2414 CLOUDY (SCALE 8-10) 13
DPTR FM NORMAL -269
[CDD (BASE 65) ]
TOTAL THIS MO. 0
DPTR FM NORMAL 0 [PRESSURE DATA]
TOTAL FM JAN 1 0 HIGHEST SLP 30.64 ON 21
DPTR FM NORMAL -5 LOWEST SLP 29.24 ON 3
[REMARKS]
#FINAL-10-20#