000
CXAK56 PAFG 020225
CF6OTZ
PRELIMINARY LOCAL CLIMATOLOGICAL DATA (WS FORM: F-6)
STATION: KOTZEBUE AK
MONTH: AUGUST
YEAR: 2020
LATITUDE: 66 52 N
LONGITUDE: 162 38 W
TEMPERATURE IN F: :PCPN: SNOW: WIND :SUNSHINE: SKY :PK WND
================================================================================
1 2 3 4 5 6A 6B 7 8 9 10 11 12 13 14 15 16 17 18
12Z AVG MX 2MIN
DY MAX MIN AVG DEP HDD CDD WTR SNW DPTH SPD SPD DIR MIN PSBL S-S WX SPD DR
================================================================================
1 56 50 53 -1 12 0 0.00 M M 8.9 16 280 M M 2 18 280
2 58 50 54 0 11 0 0.00 M M 12.7 22 270 M M 1 25 270
3 56 47 52 -2 13 0 0.00 M M 11.1 21 240 M M 8 1 25 230
4 52 45 49 -5 16 0 0.00 M M 19.7 25 290 M M 2 28 290
5 57 45 51 -3 14 0 T M M 6.9 15 310 M M 3 17 310
6 61 50 56 2 9 0 0.13 M M 5.9 12 50 M M 10 1 14 20
7 57 49 53 0 12 0 T M M 8.7 16 280 M M 10 20 270
8 50 47 49 -4 16 0 0.02 M M 10.0 15 280 M M 10 1 17 280
9 53 46 50 -3 15 0 0.00 M M 5.8 9 290 M M 5 12 250
10 55 50 53 0 12 0 T M M 5.2 10 240 M M 4 13 260
11 57 48 53 0 12 0 0.00 M M 4.3 10 280 M M 2 8 12 270
12 55 48 52 -1 13 0 0.00 M M 4.5 12 210 M M 2 13 190
13 54 51 53 1 12 0 0.00 M M 6.1 12 330 M M 7 8 13 320
14 56 47 52 0 13 0 0.00 M M 8.9 16 290 M M 3 8 18 290
15 59 52 56 4 9 0 0.00 M M 10.9 17 270 M M 0 19 270
16 61 51 56 4 9 0 0.00 M M 6.9 15 300 M M 0 17 300
17 73 53 63 11 2 0 0.00 M M 10.3 21 120 M M 1 24 130
18 65 56 61 9 4 0 0.00 M M 9.3 17 110 M M 1 1 20 110
19 59 54 57 6 8 0 0.00 M M 12.4 18 280 M M 3 21 280
20 55 49 52 1 13 0 0.00 M M 14.4 18 290 M M 4 22 290
21 65 48 57 6 8 0 0.00 M M 6.6 12 110 M M 0 1 13 100
22 59 54 57 6 8 0 0.03 M M 6.1 13 280 M M 6 21 240
23 57 52 55 4 10 0 0.02 M M 7.7 15 240 M M 8 1 18 170
24 58 50 54 4 11 0 0.12 M M 5.0 10 180 M M 6 1 13 160
25 59 51 55 5 10 0 0.03 M M 5.8 14 50 M M 8 8 17 40
26 61 48 55 5 10 0 0.00 M M 8.3 18 290 M M 1 22 290
27 59 50 55 5 10 0 T M M 7.0 16 310 M M 5 18 310
28 63 52 58 9 7 0 0.00 M M 8.7 17 300 M M 4 21 300
29 62 52 57 8 8 0 T M M 10.7 18 80 M M 8 24 80
30 59 49 54 5 11 0 T M M 15.4 24 90 M M 7 30 90
31 54 43 49 0 16 0 T M M 9.1 16 20 M M 9 19 10
================================================================================
SM 1805 1537 334 0 0.35 M 273.3 M 140
================================================================================
AV 58.2 49.6 8.8 FASTST M M 5 MAX(MPH)
MISC ----> # 25 290 # 30 90
================================================================================
NOTES:
# LAST OF SEVERAL OCCURRENCES
COLUMN 17 PEAK WIND IN M.P.H.
PRELIMINARY LOCAL CLIMATOLOGICAL DATA (WS FORM: F-6) , PAGE 2
STATION: KOTZEBUE AK
MONTH: AUGUST
YEAR: 2020
LATITUDE: 66 52 N
LONGITUDE: 162 38 W
[TEMPERATURE DATA] [PRECIPITATION DATA] SYMBOLS USED IN COLUMN 16
AVERAGE MONTHLY: 53.9 TOTAL FOR MONTH: 0.35 1 = FOG OR MIST
DPTR FM NORMAL: 2.2 DPTR FM NORMAL: -1.83 2 = FOG REDUCING VISIBILITY
HIGHEST: 73 ON 17 GRTST 24HR 0.13 ON 6- 6 TO 1/4 MILE OR LESS
LOWEST: 43 ON 31 3 = THUNDER
SNOW, ICE PELLETS, HAIL 4 = ICE PELLETS
TOTAL MONTH: M 5 = HAIL
GRTST 24HR M ON M 6 = FREEZING RAIN OR DRIZZLE
GRTST DEPTH: M ON M 7 = DUSTSTORM OR SANDSTORM:
VSBY 1/2 MILE OR LESS
8 = SMOKE OR HAZE
[NO. OF DAYS WITH] [WEATHER - DAYS WITH] 9 = BLOWING SNOW
X = TORNADO
MAX 32 OR BELOW: 0 0.01 INCH OR MORE: 6
MAX 90 OR ABOVE: 0 0.10 INCH OR MORE: 2
MIN 32 OR BELOW: 0 0.50 INCH OR MORE: 0
MIN 0 OR BELOW: 0 1.00 INCH OR MORE: 0
[HDD (BASE 65) ]
TOTAL THIS MO. 334 CLEAR (SCALE 0-3) 12
DPTR FM NORMAL -79 PTCLDY (SCALE 4-7) 14
TOTAL FM JUL 1 692 CLOUDY (SCALE 8-10) 5
DPTR FM NORMAL -46
[CDD (BASE 65) ]
TOTAL THIS MO. 0
DPTR FM NORMAL -1 [PRESSURE DATA]
TOTAL FM JAN 1 0 HIGHEST SLP 30.15 ON 14
DPTR FM NORMAL -5 LOWEST SLP 29.15 ON 31
[REMARKS]
#FINAL-08-20#