868
CXAK56 PAFG 011042
CF6OTZ
PRELIMINARY LOCAL CLIMATOLOGICAL DATA (WS FORM: F-6)
STATION: KOTZEBUE AK
MONTH: JUNE
YEAR: 2020
LATITUDE: 66 52 N
LONGITUDE: 162 38 W
TEMPERATURE IN F: :PCPN: SNOW: WIND :SUNSHINE: SKY :PK WND
================================================================================
1 2 3 4 5 6A 6B 7 8 9 10 11 12 13 14 15 16 17 18
12Z AVG MX 2MIN
DY MAX MIN AVG DEP HDD CDD WTR SNW DPTH SPD SPD DIR MIN PSBL S-S WX SPD DR
================================================================================
1 59 35 47 8 18 0 0.00 M M 7.4 16 280 M M 2 28 19 280
2 39 33 36 -4 29 0 0.00 M M 14.3 21 280 M M 7 12 25 270
3 40 31 36 -4 29 0 0.00 M M 7.8 18 280 M M 8 12 21 280
4 41 32 37 -3 28 0 0.00 M M 7.4 14 250 M M 6 12 16 250
5 37 33 35 -6 30 0 0.00 M M 10.5 20 280 M M 10 12 23 280
6 39 32 36 -5 29 0 0.00 M M 18.5 28 280 M M 6 1 32 290
7 43 36 40 -2 25 0 0.00 M M 16.4 25 290 M M 2 28 290
8 38 34 36 -6 29 0 0.00 M M 23.2 32 270 M M 3 1 38 270
9 43 32 38 -5 27 0 0.00 M M 11.5 26 280 M M 4 8 31 290
10 42 34 38 -5 27 0 0.04 M M 9.4 21 250 M M 7 1 24 240
11 55 41 48 4 17 0 0.00 M M 10.8 20 120 M M 5 23 120
12 57 44 51 7 14 0 0.00 M M 4.5 12 210 M M 0 8 13 210
13 58 49 54 9 11 0 0.00 M M 8.2 17 300 M M 0 20 290
14 61 51 56 11 9 0 0.00 M M 12.7 22 290 M M 0 26 290
15 62 46 54 8 11 0 0.03 M M 8.8 25 110 M M 3 30 110
16 60 53 57 11 8 0 0.00 M M 8.6 16 290 M M 0 M M
17 59 49 54 7 11 0 0.03 M M 8.4 14 280 M M 7 16 280
18 61 50 56 9 9 0 0.00 M M 9.8 20 280 M M 1 24 290
19 72 53 63 16 2 0 T M M 11.0 22 50 M M 2 29 60
20 72 55 64 16 1 0 0.00 M M 11.3 21 80 M M 0 24 70
21 63 51 57 9 8 0 0.00 M M 13.9 24 290 M M 0 29 280
22 59 44 52 3 13 0 T M M 16.6 24 350 M M 5 12 28 360
23 48 41 45 -4 20 0 0.00 M M 21.9 30 290 M M 0 8 36 290
24 45 37 41 -9 24 0 0.00 M M 10.6 21 300 M M 2 24 300
25 43 38 41 -9 24 0 0.00 M M 13.0 23 290 M M 6 1 26 290
26 54 41 48 -3 17 0 0.01 M M 16.6 29 150 M M 7 36 150
27 50 47 49 -2 16 0 0.34 M M 23.0 33 150 M M 9 1 43 150
28 53 47 50 -1 15 0 0.14 M M 14.5 22 150 M M 10 1 25 150
29 51 42 47 -5 18 0 0.29 M M 13.3 35 280 M M 8 1 40 280
30 53 44 49 -3 16 0 T M M 7.9 17 260 M M 6 21 260
================================================================================
SM 1557 1255 535 0 0.88 M 371.8 M 126
================================================================================
AV 51.9 41.8 12.4 FASTST M M 4 MAX(MPH)
MISC ----> # 35 280 # 43 150
================================================================================
NOTES:
# LAST OF SEVERAL OCCURRENCES
COLUMN 17 PEAK WIND IN M.P.H.
PRELIMINARY LOCAL CLIMATOLOGICAL DATA (WS FORM: F-6) , PAGE 2
STATION: KOTZEBUE AK
MONTH: JUNE
YEAR: 2020
LATITUDE: 66 52 N
LONGITUDE: 162 38 W
[TEMPERATURE DATA] [PRECIPITATION DATA] SYMBOLS USED IN COLUMN 16
AVERAGE MONTHLY: 46.9 TOTAL FOR MONTH: 0.88 1 = FOG OR MIST
DPTR FM NORMAL: 1.2 DPTR FM NORMAL: 0.30 2 = FOG REDUCING VISIBILITY
HIGHEST: 72 ON 20,19 GRTST 24HR 0.34 ON 27-27 TO 1/4 MILE OR LESS
LOWEST: 31 ON 3 3 = THUNDER
SNOW, ICE PELLETS, HAIL 4 = ICE PELLETS
TOTAL MONTH: M 5 = HAIL
GRTST 24HR M ON M 6 = FREEZING RAIN OR DRIZZLE
GRTST DEPTH: M ON M 7 = DUSTSTORM OR SANDSTORM:
VSBY 1/2 MILE OR LESS
8 = SMOKE OR HAZE
[NO. OF DAYS WITH] [WEATHER - DAYS WITH] 9 = BLOWING SNOW
X = TORNADO
MAX 32 OR BELOW: 0 0.01 INCH OR MORE: 7
MAX 90 OR ABOVE: 0 0.10 INCH OR MORE: 3
MIN 32 OR BELOW: 4 0.50 INCH OR MORE: 0
MIN 0 OR BELOW: 0 1.00 INCH OR MORE: 0
[HDD (BASE 65) ]
TOTAL THIS MO. 535 CLEAR (SCALE 0-3) 13
DPTR FM NORMAL -45 PTCLDY (SCALE 4-7) 14
TOTAL FM JUL 1 14053 CLOUDY (SCALE 8-10) 3
DPTR FM NORMAL -1331
[CDD (BASE 65) ]
TOTAL THIS MO. 0
DPTR FM NORMAL -1 [PRESSURE DATA]
TOTAL FM JAN 1 0 HIGHEST SLP M ON M
DPTR FM NORMAL -1 LOWEST SLP 29.51 ON 22
[REMARKS]
#FINAL-06-20#