000
CXAK56 PAFG 010954
CF6OTZ
PRELIMINARY LOCAL CLIMATOLOGICAL DATA (WS FORM: F-6)
STATION: KOTZEBUE AK
MONTH: SEPTEMBER
YEAR: 2023
LATITUDE: 66 52 N
LONGITUDE: 162 38 W
TEMPERATURE IN F: :PCPN: SNOW: WIND :SUNSHINE: SKY :PK WND
================================================================================
1 2 3 4 5 6A 6B 7 8 9 10 11 12 13 14 15 16 17 18
12Z AVG MX 2MIN
DY MAX MIN AVG DEP HDD CDD WTR SNW DPTH SPD SPD DIR MIN PSBL S-S WX SPD DR
================================================================================
1 50 44 47 -2 18 0 0.49 M M 13.0 32 270 M M 9 1 43 270
2 49 44 47 -2 18 0 0.21 M M 20.4 32 270 M M 7 1 39 120
3 52 40 46 -2 19 0 0.38 M M 17.4 35 310 M M 10 1 44 320
4 43 38 41 -7 24 0 0.11 M M 12.6 30 320 M M 9 1 39 320
5 47 43 45 -3 20 0 0.93 M M 10.6 24 130 M M 10 1 30 130
6 46 39 43 -4 22 0 0.04 M M 11.7 22 340 M M 10 1 26 360
7 48 37 43 -4 22 0 0.00 M M 13.4 21 350 M M 2 27 360
8 48 34 41 -6 24 0 0.00 M M 6.4 12 30 M M 1 14 20
9 48 38 43 -3 22 0 0.06 M M 9.3 17 360 M M 8 1 22 360
10 51 40 46 0 19 0 0.00 M M 7.9 14 120 M M 5 12 16 160
11 46 39 43 -2 22 0 0.02 M M 4.0 12 180 M M 5 1 15 190
12 45 42 44 -1 21 0 0.02 M M 7.4 14 170 M M 9 1 16 160
13 46 39 43 -2 22 0 0.05 M M 9.8 20 160 M M 8 1 23 160
14 50 40 45 1 20 0 0.00 M M 10.1 17 90 M M 7 21 90
15 48 42 45 1 20 0 0.02 M M 11.1 20 120 M M 9 1 23 120
16 46 40 43 0 22 0 0.16 M M 7.1 17 130 M M 10 1 22 130
17 44 40 42 -1 23 0 0.14 M M 6.2 13 250 M M 10 1 16 270
18 43 38 41 -1 24 0 0.04 M M 6.3 14 140 M M 9 1 16 140
19 41 37 39 -3 26 0 0.17 M M 9.4 20 230 M M 10 1 26 230
20 42 34 38 -3 27 0 0.00 M M 8.0 15 340 M M 5 1 18 340
21 42 32 37 -4 28 0 0.00 M M 8.7 23 350 M M 0 27 350
22 41 36 39 -1 26 0 0.03 M M 3.3 12 230 M M 10 1 14 240
23 42 34 38 -2 27 0 T M M 5.1 8 90 M M 7 M M
24 42 36 39 0 26 0 0.00 M M 8.1 14 100 M M 9 16 110
25 40 37 39 0 26 0 0.00 M M 9.5 18 100 M M 10 23 100
26 41 32 37 -1 28 0 0.00 M M 6.5 15 310 M M 9 19 300
27 40 34 37 -1 28 0 0.02 M M 6.8 17 110 M M 10 1 20 120
28 42 35 39 2 26 0 0.21 M M 15.7 21 160 M M 9 1 28 180
29 41 36 39 3 26 0 0.01 M M 13.7 17 120 M M 10 1 21 110
30 39 34 37 1 28 0 0.08 M M 10.7 18 120 M M 10 1 22 120
================================================================================
SM 1343 1134 704 0 3.19 M 290.2 M 237
================================================================================
AV 44.8 37.8 9.7 FASTST M M 8 MAX(MPH)
MISC ----> 35 310 44 320
================================================================================
NOTES:
# LAST OF SEVERAL OCCURRENCES
COLUMN 17 PEAK WIND IN M.P.H.
PRELIMINARY LOCAL CLIMATOLOGICAL DATA (WS FORM: F-6) , PAGE 2
STATION: KOTZEBUE AK
MONTH: SEPTEMBER
YEAR: 2023
LATITUDE: 66 52 N
LONGITUDE: 162 38 W
[TEMPERATURE DATA] [PRECIPITATION DATA] SYMBOLS USED IN COLUMN 16
AVERAGE MONTHLY: 41.3 TOTAL FOR MONTH: 3.19 1 = FOG OR MIST
DPTR FM NORMAL: -1.8 DPTR FM NORMAL: 1.77 2 = FOG REDUCING VISIBILITY
HIGHEST: 52 ON 3 GRTST 24HR 0.93 ON 5- 5 TO 1/4 MILE OR LESS
LOWEST: 32 ON 26,21 3 = THUNDER
SNOW, ICE PELLETS, HAIL 4 = ICE PELLETS
TOTAL MONTH: M 5 = HAIL
GRTST 24HR M ON M 6 = FREEZING RAIN OR DRIZZLE
GRTST DEPTH: M ON M 7 = DUSTSTORM OR SANDSTORM:
VSBY 1/2 MILE OR LESS
8 = SMOKE OR HAZE
[NO. OF DAYS WITH] [WEATHER - DAYS WITH] 9 = BLOWING SNOW
X = TORNADO
MAX 32 OR BELOW: 0 0.01 INCH OR MORE: 20
MAX 90 OR ABOVE: 0 0.10 INCH OR MORE: 9
MIN 32 OR BELOW: 2 0.50 INCH OR MORE: 1
MIN 0 OR BELOW: 0 1.00 INCH OR MORE: 0
[HDD (BASE 65) ]
TOTAL THIS MO. 704 CLEAR (SCALE 0-3) 3
DPTR FM NORMAL 47 PTCLDY (SCALE 4-7) 7
TOTAL FM JUL 1 1261 CLOUDY (SCALE 8-10) 20
DPTR FM NORMAL -97
[CDD (BASE 65) ]
TOTAL THIS MO. 0
DPTR FM NORMAL 0 [PRESSURE DATA]
TOTAL FM JAN 1 3 HIGHEST SLP M ON M
DPTR FM NORMAL -3 LOWEST SLP 29.22 ON 16
[REMARKS]
#FINAL-09-23#