000
CXUS51 KAKQ 010810
CF6OXB
PRELIMINARY LOCAL CLIMATOLOGICAL DATA (WS FORM: F-6)
STATION: OCEAN_CITY
MONTH: JANUARY
YEAR: 2023
LATITUDE: 38 18 N
LONGITUDE: 75 7 W
TEMPERATURE IN F: :PCPN: SNOW: WIND :SUNSHINE: SKY :PK WND
================================================================================
1 2 3 4 5 6A 6B 7 8 9 10 11 12 13 14 15 16 17 18
12Z AVG MX 2MIN
DY MAX MIN AVG DEP HDD CDD WTR SNW DPTH SPD SPD DIR MIN PSBL S-S WX SPD DR
================================================================================
1 63 36 50 12 15 0 0.00 M M 6.3 13 310 M M 2 1 33 280
2 59 42 51 13 14 0 0.00 M M 4.8 8 240 M M 1 M M
3 59 48 54 17 11 0 0.00 M M 10.8 18 220 M M 3 1 31 230
4 69 52 61 24 4 0 0.02 M M 10.1 20 250 M M 3 1 33 250
5 63 41 52 15 13 0 0.00 M M 4.1 17 240 M M 6 12 31 130
6 54 37 46 9 19 0 0.00 M M 6.2 15 320 M M 9 12 32 220
7 50 30 40 3 25 0 0.00 M M 5.7 13 320 M M 4 35 290
8 43 30 37 0 28 0 0.41 M M 5.4 8 200 M M 4 1 48 210
9 49 36 43 6 22 0 T M M 7.6 13 310 M M 6 25 350
10 45 24 35 -2 30 0 0.00 M M 2.4 5 340 M M 0 1 M M
11 47 24 36 0 29 0 0.00 M M 5.0 9 80 M M 1 1 30 90
12 57 41 49 13 16 0 0.11 M M 5.8 12 210 M M 9 13 37 220
13 56 39 48 12 17 0 0.13 M M 10.8 24 240 M M 7 32 240
14 39 30 35 -1 30 0 0.00 M M 15.7 23 340 M M 10 33 350
15 44 28 36 0 29 0 0.00 M M 14.7 24 340 M M 5 36 340
16 50 27 39 3 26 0 0.00 M M 9.7 14 330 M M 0 20 330
17 48 33 41 5 24 0 T M M 5.9 12 240 M M 6 M M
18 61 35 48 12 17 0 0.00 M M 7.5 14 280 M M 0 1 24 280
19 54 37 46 10 19 0 0.08 M M 6.1 15 230 M M 6 1 24 220
20 53 36 45 9 20 0 0.00 M M 10.2 18 320 M M 2 1 33 310
21 46 34 40 4 25 0 0.00 M M 6.7 13 330 M M 6 M M
22 53 28 41 5 24 0 0.37 M M 4.3 15 230 M M 6 1 22 230
23 54 38 46 10 19 0 0.13 M M 10.2 16 290 M M 10 1 35 330
24 50 26 38 2 27 0 0.00 M M 6.1 16 280 M M 0 24 310
25 55 25 40 4 25 0 1.11 M M 8.5 18 130 M M 5 1 33 180
26 55 41 48 12 17 0 0.20 M M 10.0 18 300 M M 8 1 33 300
27 45 25 35 -1 30 0 0.00 M M 4.1 9 320 M M 5 8 33 320
28 56 33 45 9 20 0 0.00 M M 7.1 12 250 M M 0 M M
29 55 34 45 9 20 0 T M M 7.4 12 240 M M 5 20 220
30 52 36 44 8 21 0 0.01 M M 2.8 7 100 M M 5 1 M M
31 49 38 44 8 21 0 0.06 M M 7.1 12 20 M M 9 12 23 330
================================================================================
SM 1633 1064 657 0 2.63 M 229.1 M 143
================================================================================
AV 52.7 34.3 7.4 FASTST M M 5 MAX(MPH)
MISC ----> # 24 240 48 210
================================================================================
NOTES:
# LAST OF SEVERAL OCCURRENCES
COLUMN 17 PEAK WIND IN M.P.H.
PRELIMINARY LOCAL CLIMATOLOGICAL DATA (WS FORM: F-6) , PAGE 2
STATION: OCEAN_CITY
MONTH: JANUARY
YEAR: 2023
LATITUDE: 38 18 N
LONGITUDE: 75 7 W
[TEMPERATURE DATA] [PRECIPITATION DATA] SYMBOLS USED IN COLUMN 16
AVERAGE MONTHLY: 43.5 TOTAL FOR MONTH: 2.63 1 = FOG OR MIST
DPTR FM NORMAL: 7.1 DPTR FM NORMAL: -0.76 2 = FOG REDUCING VISIBILITY
HIGHEST: 69 ON 4 GRTST 24HR 1.39 ON 25-26 TO 1/4 MILE OR LESS
LOWEST: 24 ON 11,10 3 = THUNDER
SNOW, ICE PELLETS, HAIL 4 = ICE PELLETS
TOTAL MONTH: M 5 = HAIL
GRTST 24HR M ON M 6 = FREEZING RAIN OR DRIZZLE
GRTST DEPTH: M ON M 7 = DUSTSTORM OR SANDSTORM:
VSBY 1/2 MILE OR LESS
8 = SMOKE OR HAZE
[NO. OF DAYS WITH] [WEATHER - DAYS WITH] 9 = BLOWING SNOW
X = TORNADO
MAX 32 OR BELOW: 0 0.01 INCH OR MORE: 11
MAX 90 OR ABOVE: 0 0.10 INCH OR MORE: 7
MIN 32 OR BELOW: 11 0.50 INCH OR MORE: 1
MIN 0 OR BELOW: 0 1.00 INCH OR MORE: 1
[HDD (BASE 65) ]
TOTAL THIS MO. 657 CLEAR (SCALE 0-3) 10
DPTR FM NORMAL -229 PTCLDY (SCALE 4-7) 16
TOTAL FM JUL 1 2216 CLOUDY (SCALE 8-10) 5
DPTR FM NORMAL -193
[CDD (BASE 65) ]
TOTAL THIS MO. 0
DPTR FM NORMAL 0 [PRESSURE DATA]
TOTAL FM JAN 1 0 HIGHEST SLP M ON M
DPTR FM NORMAL 0 LOWEST SLP M ON M
[REMARKS]
#FINAL-01-23#