000
CXUS51 KAKQ 010710
CF6OXB
PRELIMINARY LOCAL CLIMATOLOGICAL DATA (WS FORM: F-6)
STATION: OCEAN_CITY
MONTH: OCTOBER
YEAR: 2022
LATITUDE: 38 18 N
LONGITUDE: 75 7 W
TEMPERATURE IN F: :PCPN: SNOW: WIND :SUNSHINE: SKY :PK WND
================================================================================
1 2 3 4 5 6A 6B 7 8 9 10 11 12 13 14 15 16 17 18
12Z AVG MX 2MIN
DY MAX MIN AVG DEP HDD CDD WTR SNW DPTH SPD SPD DIR MIN PSBL S-S WX SPD DR
================================================================================
1 70 65 68 4 0 3 0.95 M M 9.4 25 70 M M 10 1 37 60
2 67 52 60 -4 5 0 1.12 M M 17.0 32 30 M M 10 1 47 30
3 56 49 53 -10 12 0 0.57 M M 18.6 29 20 M M 10 1 43 20
4 55 48 52 -11 13 0 0.03 M M 17.3 21 320 M M 10 1 37 360
5 66 53 60 -2 5 0 0.23 M M 10.1 16 330 M M 10 1 24 330
6 72 49 61 -1 4 0 0.00 M M 4.1 8 130 M M 2 1 M M
7 76 50 63 1 2 0 0.00 M M 5.0 8 210 M M 0 M M
8 64 40 52 -9 13 0 0.01 M M 7.5 13 350 M M 4 18 350
9 64 36 50 -11 15 0 0.00 M M 5.0 10 290 M M 0 18 280
10 67 37 52 -8 13 0 0.00 M M 3.9 12 180 M M 0 18 190
11 71 40 56 -4 9 0 0.00 M M 4.1 9 220 M M 0 14 220
12 69 40 55 -5 10 0 0.00 M M 2.4 10 200 M M 0 16 170
13 68 62 65 6 0 0 0.09 M M 3.7 15 340 M M 4 1 24 360
14 69 44 57 -2 8 0 0.05 M M 5.5 23 360 M M 4 1 33 360
15 68 40 54 -5 11 0 0.00 M M 5.7 13 220 M M 0 23 180
16 70 50 60 2 5 0 0.13 M M 5.6 13 10 M M M 1 18 230
17 68 51 60 2 5 0 1.06 M M 8.7 28 290 M M 8 13 40 290
18 58 38 48 -10 17 0 T M M 6.8 15 300 M M M 22 330
19 57 31 44 -13 21 0 0.00 M M 5.4 17 230 M M M 28 260
20 60 32 46 -11 19 0 0.00 M M 6.1 17 220 M M M 24 220
21 64 38 51 -5 14 0 0.00 M M 3.3 10 140 M M M 14 130
22 65 36 51 -5 14 0 0.00 M M 5.3 13 40 M M M 17 40
23 63 59 61 5 4 0 0.73 M M 12.3 20 20 M M M 1 30 20
24 62 55 59 4 6 0 0.02 M M 6.2 13 30 M M M 1 18 20
25 63 57 60 5 5 0 T M M 2.5 8 80 M M 0 12 11 60
26 69 55 62 7 3 0 T M M 3.3 9 250 M M 0 12 M M
27 67 50 59 5 6 0 0.00 M M 7.4 15 350 M M 0 22 350
28 63 54 59 5 6 0 0.00 M M 13.1 18 60 M M 0 27 60
29 60 50 55 1 10 0 0.00 M M 10.5 15 30 M M 0 23 30
30 62 49 56 3 9 0 0.00 M M 5.1 8 50 M M 0 M M
31 65 45 55 2 10 0 0.00 M M 3.9 8 200 M M 0 1 M M
================================================================================
SM 2018 1455 274 3 4.99 M 224.8 M 72
================================================================================
AV 65.1 46.9 7.3 FASTST M M 3 MAX(MPH)
MISC ----> 32 30 47 30
================================================================================
NOTES:
# LAST OF SEVERAL OCCURRENCES
COLUMN 17 PEAK WIND IN M.P.H.
PRELIMINARY LOCAL CLIMATOLOGICAL DATA (WS FORM: F-6) , PAGE 2
STATION: OCEAN_CITY
MONTH: OCTOBER
YEAR: 2022
LATITUDE: 38 18 N
LONGITUDE: 75 7 W
[TEMPERATURE DATA] [PRECIPITATION DATA] SYMBOLS USED IN COLUMN 16
AVERAGE MONTHLY: 56.0 TOTAL FOR MONTH: 4.99 1 = FOG OR MIST
DPTR FM NORMAL: -2.4 DPTR FM NORMAL: 0.95 2 = FOG REDUCING VISIBILITY
HIGHEST: 76 ON 7 GRTST 24HR 1.12 ON 2- 2 TO 1/4 MILE OR LESS
LOWEST: 31 ON 19 3 = THUNDER
SNOW, ICE PELLETS, HAIL 4 = ICE PELLETS
TOTAL MONTH: M 5 = HAIL
GRTST 24HR M ON M 6 = FREEZING RAIN OR DRIZZLE
GRTST DEPTH: M ON M 7 = DUSTSTORM OR SANDSTORM:
VSBY 1/2 MILE OR LESS
8 = SMOKE OR HAZE
[NO. OF DAYS WITH] [WEATHER - DAYS WITH] 9 = BLOWING SNOW
X = TORNADO
MAX 32 OR BELOW: 0 0.01 INCH OR MORE: 12
MAX 90 OR ABOVE: 0 0.10 INCH OR MORE: 7
MIN 32 OR BELOW: 2 0.50 INCH OR MORE: 5
MIN 0 OR BELOW: 0 1.00 INCH OR MORE: 2
[HDD (BASE 65) ]
TOTAL THIS MO. 274 CLEAR (SCALE 0-3) 14
DPTR FM NORMAL 42 PTCLDY (SCALE 4-7) 4
TOTAL FM JUL 1 304 CLOUDY (SCALE 8-10) 13
DPTR FM NORMAL 39
[CDD (BASE 65) ]
TOTAL THIS MO. 3
DPTR FM NORMAL -23 [PRESSURE DATA]
TOTAL FM JAN 1 1062 HIGHEST SLP M ON M
DPTR FM NORMAL -42 LOWEST SLP 29.57 ON 17
[REMARKS]
#FINAL-10-22#