000
CXUS56 KLOX 021854
CF6OXR
PRELIMINARY LOCAL CLIMATOLOGICAL DATA (WS FORM: F-6)
STATION: OXNARD AIRPORT CA
MONTH: SEPTEMBER
YEAR: 2023
LATITUDE: 34 12 N
LONGITUDE: 119 12 W
TEMPERATURE IN F: :PCPN: SNOW: WIND :SUNSHINE: SKY :PK WND
================================================================================
1 2 3 4 5 6A 6B 7 8 9 10 11 12 13 14 15 16 17 18
12Z AVG MX 2MIN
DY MAX MIN AVG DEP HDD CDD WTR SNW DPTH SPD SPD DIR MIN PSBL S-S WX SPD DR
================================================================================
1 76 64 70 3 0 5 T M M 5.8 14 140 M M 7 18 23 150
2 78 67 73 6 0 8 0.03 M M 6.9 16 170 M M 8 1 27 180
3 75 64 70 3 0 5 0.00 M M 10.2 22 270 M M 5 27 290
4 76 60 68 1 0 3 0.00 M M 4.7 13 230 M M 1 18 230
5 73 62 68 1 0 3 0.00 M M 5.7 14 200 M M 6 1 20 170
6 76 63 70 3 0 5 0.00 M M 8.0 20 270 M M 3 25 270
7 75 60 68 1 0 3 0.00 M M 6.8 14 280 M M 0 25 280
8 78 60 69 2 0 4 0.00 M M 5.8 14 270 M M 0 18 290
9 79 65 72 5 0 7 0.00 M M 8.2 16 280 M M 1 1 22 280
10 79 66 73 6 0 8 0.01 M M 7.0 15 270 M M 3 1 26 210
11 78 64 71 4 0 6 0.00 M M 4.9 18 280 M M 3 18 23 280
12 73 62 68 1 0 3 0.00 M M 8.6 18 270 M M 1 24 270
13 73 61 67 0 0 2 0.00 M M 7.3 16 280 M M 5 20 280
14 72 61 67 0 0 2 0.00 M M 5.9 14 260 M M 8 1 22 280
15 71 63 67 0 0 2 0.00 M M 6.3 16 290 M M 9 18 21 270
16 69 63 66 -1 0 1 0.00 M M 5.7 13 270 M M 10 1 19 250
17 70 61 66 -1 0 1 0.00 M M 6.3 15 290 M M 8 18 280
18 73 57 65 -2 0 0 0.00 M M 6.7 17 270 M M 1 22 260
19 73 57 65 -2 0 0 0.00 M M 5.6 15 270 M M 2 19 240
20 72 62 67 1 0 2 0.00 M M 8.2 16 280 M M 7 8 20 280
21 71 60 66 0 0 1 0.00 M M 5.3 13 250 M M 7 8 26 190
22 71 56 64 -2 1 0 0.00 M M 5.9 13 240 M M 2 18 18 250
23 72 57 65 -1 0 0 T M M 5.8 15 260 M M 2 18 20 280
24 71 56 64 -2 1 0 0.00 M M 7.7 17 270 M M 1 128 23 260
25 71 54 63 -3 2 0 0.00 M M 5.5 17 270 M M 1 18 22 270
26 75 54 65 -1 0 0 0.00 M M 4.0 13 270 M M 0 18 250
27 73 57 65 -1 0 0 0.00 M M 3.6 12 270 M M 0 18 16 280
28 71 59 65 -1 0 0 0.00 M M 5.1 13 250 M M 7 18 21 270
29 68 63 66 0 0 1 0.00 M M 5.1 15 290 M M 10 18 18 290
30 70 58 64 -2 1 0 0.00 M M 9.2 24 260 M M 5 31 280
================================================================================
SM 2202 1816 5 72 0.04 M 191.8 M 123
================================================================================
AV 73.4 60.5 6.4 FASTST M M 4 MAX(MPH)
MISC ----> 24 260 31 280
================================================================================
NOTES:
# LAST OF SEVERAL OCCURRENCES
COLUMN 17 PEAK WIND IN M.P.H.
PRELIMINARY LOCAL CLIMATOLOGICAL DATA (WS FORM: F-6) , PAGE 2
STATION: OXNARD AIRPORT CA
MONTH: SEPTEMBER
YEAR: 2023
LATITUDE: 34 12 N
LONGITUDE: 119 12 W
[TEMPERATURE DATA] [PRECIPITATION DATA] SYMBOLS USED IN COLUMN 16
AVERAGE MONTHLY: 67.0 TOTAL FOR MONTH: 0.04 1 = FOG OR MIST
DPTR FM NORMAL: 0.4 DPTR FM NORMAL: -0.04 2 = FOG REDUCING VISIBILITY
HIGHEST: 79 ON 10, 9 GRTST 24HR 0.03 ON 1- 2 TO 1/4 MILE OR LESS
LOWEST: 54 ON 26,25 3 = THUNDER
SNOW, ICE PELLETS, HAIL 4 = ICE PELLETS
TOTAL MONTH: M 5 = HAIL
GRTST 24HR M ON M 6 = FREEZING RAIN OR DRIZZLE
GRTST DEPTH: M ON M 7 = DUSTSTORM OR SANDSTORM:
VSBY 1/2 MILE OR LESS
8 = SMOKE OR HAZE
[NO. OF DAYS WITH] [WEATHER - DAYS WITH] 9 = BLOWING SNOW
X = TORNADO
MAX 32 OR BELOW: 0 0.01 INCH OR MORE: 2
MAX 90 OR ABOVE: 0 0.10 INCH OR MORE: 0
MIN 32 OR BELOW: 0 0.50 INCH OR MORE: 0
MIN 0 OR BELOW: 0 1.00 INCH OR MORE: 0
[HDD (BASE 65) ]
TOTAL THIS MO. 5 CLEAR (SCALE 0-3) 14
DPTR FM NORMAL -15 PTCLDY (SCALE 4-7) 13
TOTAL FM JUL 1 32 CLOUDY (SCALE 8-10) 3
DPTR FM NORMAL -24
[CDD (BASE 65) ]
TOTAL THIS MO. 72
DPTR FM NORMAL 4 [PRESSURE DATA]
TOTAL FM JAN 1 250 HIGHEST SLP 30.08 ON 25
DPTR FM NORMAL 2 LOWEST SLP 29.79 ON 30
[REMARKS]
#FINAL-09-23#