000
CXUS51 KBTV 110240
CF6PBG
PRELIMINARY LOCAL CLIMATOLOGICAL DATA (WS FORM: F-6)
STATION: PLATTSBURGH NY
MONTH: JANUARY
YEAR: 2021
LATITUDE: 44 39 N
LONGITUDE: 73 28 W
TEMPERATURE IN F: :PCPN: SNOW: WIND :SUNSHINE: SKY :PK WND
================================================================================
1 2 3 4 5 6A 6B 7 8 9 10 11 12 13 14 15 16 17 18
12Z AVG MX 2MIN
DY MAX MIN AVG DEP HDD CDD WTR SNW DPTH SPD SPD DIR MIN PSBL S-S WX SPD DR
================================================================================
1 34 21 28 6 37 0 T M M 4.0 14 150 M M 7 19 170
2 31 19 25 4 40 0 0.48 M M 5.5 22 340 M M 8 1 26 340
3 32 26 29 8 36 0 T M M 3.6 13 170 M M 9 1 17 160
4 33 30 32 11 33 0 T M M 4.3 8 340 M M 10 1 10 10
5 31 26 29 8 36 0 T M M 9.8 15 10 M M 10 1 17 10
6 29 17 23 3 42 0 T M M 7.2 20 360 M M 6 1 22 360
7 30 10 20 0 45 0 0.00 M M 4.5 16 350 M M 4 19 330
8 26 14 20 0 45 0 0.00 M M 2.9 12 30 M M 5 14 20
9 32 15 24 4 41 0 0.00 M M 6.7 18 10 M M 3 22 360
10 26 16 21 1 44 0 0.00 M M 3.6 12 330 M M 9 16 340
11 30 15 23 4 42 0 T M M 4.4 13 140 M M 10 18 14 160
12 35 27 31 12 34 0 T M M 1.2 8 290 M M 10 1 12 240
13 35 29 32 13 33 0 0.00 M M 3.6 10 160 M M 10 12 160
14 35 30 33 14 32 0 0.00 M M 0.5 6 350 M M 10 18 6 220
15 38 17 28 9 37 0 0.00 M M 2.3 14 180 M M 5 128 19 170
16 37 32 35 16 30 0 0.66 M M 4.3 14 150 M M 10 1 17 150
17 37 30 34 16 31 0 T M M 4.7 16 270 M M 10 1 29 280
18 30 14 22 4 43 0 T M M 5.9 14 280 M M 5 21 270
19 26 7 17 -1 48 0 0.03 M M 2.0 9 150 M M 6 1 12 130
20 26 -1 13 -5 52 0 0.09 M M 4.9 17 340 M M 7 1 21 360
21 27 -3 12 -6 53 0 0.01 M M 4.3 10 160 M M 8 1 12 160
22 34 20 27 9 38 0 T M M 4.0 13 310 M M 9 19 310
23 20 8 14 -4 51 0 T M M 6.6 15 290 M M 6 23 240
24 22 3 13 -5 52 0 T M M 6.1 15 320 M M 0 23 300
25 24 1 13 -5 52 0 T M M 2.5 9 140 M M 7 M M
26 30 21 26 8 39 0 0.02 M M 2.2 10 140 M M 8 1 12 140
27 28 25 27 9 38 0 0.01 M M 3.7 10 350 M M 10 1 12 350
28 25 6 16 -2 49 0 T M M 6.2 14 310 M M 9 27 310
29 11 -4 4 -14 61 0 0.00 M M 6.9 16 360 M M 5 22 280
30 12 -5 4 -14 61 0 T M M 4.1 16 20 M M 5 19 10
31 11 -12 0 -18 65 0 0.00 M M 2.9 9 350 M M 0 10 360
================================================================================
SM 877 454 1340 0 1.30 M 135.4 M 221
================================================================================
AV 28.3 14.6 4.4 FASTST M M 7 MAX(MPH)
MISC ----> 22 340 29 280
================================================================================
NOTES:
# LAST OF SEVERAL OCCURRENCES
COLUMN 17 PEAK WIND IN M.P.H.
PRELIMINARY LOCAL CLIMATOLOGICAL DATA (WS FORM: F-6) , PAGE 2
STATION: PLATTSBURGH NY
MONTH: JANUARY
YEAR: 2021
LATITUDE: 44 39 N
LONGITUDE: 73 28 W
[TEMPERATURE DATA] [PRECIPITATION DATA] SYMBOLS USED IN COLUMN 16
AVERAGE MONTHLY: 21.5 TOTAL FOR MONTH: 1.30 1 = FOG OR MIST
DPTR FM NORMAL: 2.4 DPTR FM NORMAL: -0.11 2 = FOG REDUCING VISIBILITY
HIGHEST: 38 ON 15 GRTST 24HR 1.06 ON 16-17 TO 1/4 MILE OR LESS
LOWEST: -12 ON 31 3 = THUNDER
SNOW, ICE PELLETS, HAIL 4 = ICE PELLETS
TOTAL MONTH: M 5 = HAIL
GRTST 24HR M ON M 6 = FREEZING RAIN OR DRIZZLE
GRTST DEPTH: M ON M 7 = DUSTSTORM OR SANDSTORM:
VSBY 1/2 MILE OR LESS
8 = SMOKE OR HAZE
[NO. OF DAYS WITH] [WEATHER - DAYS WITH] 9 = BLOWING SNOW
X = TORNADO
MAX 32 OR BELOW: 22 0.01 INCH OR MORE: 7
MAX 90 OR ABOVE: 0 0.10 INCH OR MORE: 2
MIN 32 OR BELOW: 31 0.50 INCH OR MORE: 1
MIN 0 OR BELOW: 5 1.00 INCH OR MORE: 0
[HDD (BASE 65) ]
TOTAL THIS MO. 1340 CLEAR (SCALE 0-3) 3
DPTR FM NORMAL -82 PTCLDY (SCALE 4-7) 13
TOTAL FM JUL 1 3650 CLOUDY (SCALE 8-10) 15
DPTR FM NORMAL -568
[CDD (BASE 65) ]
TOTAL THIS MO. 0
DPTR FM NORMAL 0 [PRESSURE DATA]
TOTAL FM JAN 1 0 HIGHEST SLP 30.55 ON 1
DPTR FM NORMAL 0 LOWEST SLP 29.18 ON 17
[REMARKS]
#FINAL-01-21#