000
CXUS52 KFFC 011110
CF6PDK
PRELIMINARY LOCAL CLIMATOLOGICAL DATA (WS FORM: F-6)
STATION: DEKALB PEACHTREE AIRPORT
MONTH: DECEMBER
YEAR: 2020
LATITUDE: 33 52 N
LONGITUDE: 84 18 W
TEMPERATURE IN F: :PCPN: SNOW: WIND :SUNSHINE: SKY :PK WND
================================================================================
1 2 3 4 5 6A 6B 7 8 9 10 11 12 13 14 15 16 17 18
12Z AVG MX 2MIN
DY MAX MIN AVG DEP HDD CDD WTR SNW DPTH SPD SPD DIR MIN PSBL S-S WX SPD DR
================================================================================
1 41 28 35 -13 30 0 0.00 M M 9.9 17 310 M M 3 26 270
2 53 27 40 -8 25 0 0.00 M M 5.7 15 320 M M 0 21 300
3 56 26 41 -6 24 0 0.00 M M 1.9 8 150 M M 3 1 13 100
4 56 39 48 1 17 0 0.42 M M 6.4 23 290 M M 9 1 36 270
5 54 37 46 -1 19 0 0.00 0.0 M 7.6 16 270 M M 0 23 270
6 54 30 42 -5 23 0 0.02 0.0 M 3.3 9 240 M M 2 1 12 250
7 47 33 40 -6 25 0 0.00 M M 11.4 23 330 M M 6 33 300
8 47 30 39 -7 26 0 0.00 M M 9.6 17 320 M M 0 23 310
9 58 28 43 -3 22 0 0.00 M M 3.6 15 310 M M 0 20 320
10 68 33 51 5 14 0 0.00 M M 0.0 6 260 M M 0 1 10 270
11 65 35 50 5 15 0 0.00 M M 1.5 8 160 M M 0 1 13 170
12 67 46 57 12 8 0 0.06 M M 5.0 18 210 M M 6 1 26 220
13 67 49 58 13 7 0 0.03 M M 3.4 10 330 M M 6 12 14 330
14 62 36 49 4 16 0 0.45 M M 11.8 26 280 M M 5 1 39 270
15 50 31 41 -3 24 0 0.00 M M 5.4 12 110 M M 4 22 100
16 44 38 41 -3 24 0 0.34 M M 3.7 10 300 M M 10 1 19 100
17 42 31 37 -7 28 0 0.00 M M 10.4 17 290 M M 7 25 280
18 51 29 40 -4 25 0 0.00 M M 5.4 16 350 M M 0 23 340
19 51 26 39 -4 26 0 0.00 M M 2.4 12 160 M M 1 17 120
20 55 39 47 4 18 0 T M M 2.7 9 330 M M 9 12 100
21 58 37 48 5 17 0 0.00 0.0 M 8.6 15 280 M M 3 1 24 280
22 59 34 47 4 18 0 0.00 M M 7.4 20 330 M M 0 29 330
23 58 33 46 3 19 0 0.00 M M 4.5 12 110 M M 1 19 100
24 55 29 42 -1 23 0 1.25 T M 10.0 29 280 M M 9 1 42 270
25 32 23 28 -14 37 0 0.00 M M 11.1 25 280 M M 2 34 300
26 45 21 33 -9 32 0 0.00 M M 5.3 15 290 M M 0 20 300
27 56 23 40 -2 25 0 0.00 M M 2.3 10 160 M M 0 15 170
28 57 28 43 1 22 0 0.00 M M 2.5 12 240 M M 5 1 15 220
29 63 32 48 6 17 0 0.00 M M 2.3 8 120 M M 1 12 14 140
30 50 44 47 5 18 0 0.00 M M 5.0 10 100 M M 10 17 110
31 55 44 50 8 15 0 0.02 M M 2.3 7 60 M M 10 128 13 60
================================================================================
SM 1676 1019 659 0 2.59 T 172.4 M 112
================================================================================
AV 54.1 32.9 5.6 FASTST M M 4 MAX(MPH)
MISC ----> 29 280 42 270
================================================================================
NOTES:
# LAST OF SEVERAL OCCURRENCES
COLUMN 17 PEAK WIND IN M.P.H.
PRELIMINARY LOCAL CLIMATOLOGICAL DATA (WS FORM: F-6) , PAGE 2
STATION: DEKALB PEACHTREE AIRPORT
MONTH: DECEMBER
YEAR: 2020
LATITUDE: 33 52 N
LONGITUDE: 84 18 W
[TEMPERATURE DATA] [PRECIPITATION DATA] SYMBOLS USED IN COLUMN 16
AVERAGE MONTHLY: 43.5 TOTAL FOR MONTH: 2.59 1 = FOG OR MIST
DPTR FM NORMAL: -0.9 DPTR FM NORMAL: -1.57 2 = FOG REDUCING VISIBILITY
HIGHEST: 68 ON 10 GRTST 24HR 1.25 ON 24-24 TO 1/4 MILE OR LESS
LOWEST: 21 ON 26 3 = THUNDER
SNOW, ICE PELLETS, HAIL 4 = ICE PELLETS
TOTAL MONTH: T 5 = HAIL
GRTST 24HR T ON 24-24 6 = FREEZING RAIN OR DRIZZLE
GRTST DEPTH: M ON M 7 = DUSTSTORM OR SANDSTORM:
VSBY 1/2 MILE OR LESS
8 = SMOKE OR HAZE
[NO. OF DAYS WITH] [WEATHER - DAYS WITH] 9 = BLOWING SNOW
X = TORNADO
MAX 32 OR BELOW: 1 0.01 INCH OR MORE: 8
MAX 90 OR ABOVE: 0 0.10 INCH OR MORE: 4
MIN 32 OR BELOW: 16 0.50 INCH OR MORE: 1
MIN 0 OR BELOW: 0 1.00 INCH OR MORE: 1
[HDD (BASE 65) ]
TOTAL THIS MO. 659 CLEAR (SCALE 0-3) 17
DPTR FM NORMAL 18 PTCLDY (SCALE 4-7) 8
TOTAL FM JUL 1 1022 CLOUDY (SCALE 8-10) 6
DPTR FM NORMAL -146
[CDD (BASE 65) ]
TOTAL THIS MO. 0
DPTR FM NORMAL -1 [PRESSURE DATA]
TOTAL FM JAN 1 1762 HIGHEST SLP 30.44 ON 19
DPTR FM NORMAL 5 LOWEST SLP 29.61 ON 24
[REMARKS]
#FINAL-12-20#