000
CXUS56 KPDT 011810
CF6PDT
PRELIMINARY LOCAL CLIMATOLOGICAL DATA (WS FORM: F-6)
STATION: PENDLETON OR
MONTH: JUNE
YEAR: 2021
LATITUDE: 45 40 N
LONGITUDE: 118 51 W
TEMPERATURE IN F: :PCPN: SNOW: WIND :SUNSHINE: SKY :PK WND
================================================================================
1 2 3 4 5 6A 6B 7 8 9 10 11 12 13 14 15 16 17 18
12Z AVG MX 2MIN
DY MAX MIN AVG DEP HDD CDD WTR SNW DPTH SPD SPD DIR MIN PSBL S-S WX SPD DR
================================================================================
1 94 52 73 12 0 8 0.00 0.0 0 6.1 13 350 M M 0 18 10
2 100 59 80 18 0 15 0.00 0.0 0 6.5 15 260 M M 0 22 270
3 93 65 79 17 0 14 T 0.0 0 11.0 30 260 M M 0 42 270
4 86 59 73 11 0 8 T 0.0 0 14.2 26 280 M M 0 37 280
5 72 50 61 -1 4 0 0.00 0.0 0 19.0 36 280 M M 1 52 290
6 65 40 53 -9 12 0 0.00 0.0 0 9.5 20 260 M M 5 28 250
7 63 39 51 -11 14 0 0.00 0.0 0 5.9 14 320 M M 5 19 330
8 72 40 56 -7 9 0 0.00 0.0 0 8.9 18 310 M M 2 25 310
9 72 54 63 0 2 0 0.00 0.0 0 9.7 22 260 M M 6 32 270
10 71 43 57 -6 8 0 0.00 0.0 0 16.7 31 270 M M 2 42 280
11 76 46 61 -2 4 0 0.10 0.0 0 8.0 20 250 M M 5 1 28 250
12 82 55 69 6 0 4 0.04 0.0 0 7.2 20 50 M M 4 26 30
13 91 54 73 9 0 8 0.00 0.0 0 9.1 32 270 M M 0 45 260
14 87 54 71 7 0 6 0.01 0.0 0 10.7 29 280 M M 3 44 280
15 71 53 62 -2 3 0 0.13 0.0 0 10.1 36 270 M M 4 138 48 270
16 78 46 62 -2 3 0 0.00 0.0 0 6.0 14 300 M M 0 18 320
17 86 47 67 2 0 2 0.00 0.0 0 6.9 15 300 M M 0 21 300
18 93 49 71 6 0 6 0.00 0.0 0 5.8 15 310 M M 0 21 330
19 88 53 71 6 0 6 0.00 0.0 0 7.9 17 300 M M 0 25 310
20 87 53 70 5 0 5 0.00 0.0 0 5.8 16 340 M M 0 22 320
21 95 56 76 10 0 11 0.00 0.0 0 7.3 13 280 M M 0 22 320
22 93 66 80 14 0 15 0.00 0.0 0 9.8 31 200 M M 0 42 190
23 94 64 79 13 0 14 0.00 0.0 0 11.0 20 250 M M 0 29 340
24 93 57 75 8 0 10 0.00 0.0 0 6.8 20 260 M M 1 25 320
25 94 67 81 14 0 16 0.00 0.0 0 7.6 17 300 M M 2 24 320
26 104 65 85 18 0 20 0.00 0.0 0 11.3 24 30 M M 0 36 40
27 112 69 91 23 0 26 0.00 0.0 0 10.4 23 20 M M 0 29 140
28 113 72 93 25 0 28 0.00 0.0 0 7.2 22 70 M M 0 27 70
29 117 73 95 27 0 30 0.00 0.0 0 8.5 23 340 M M 0 29 330
30 106 75 91 22 0 26 0.03 0.0 0 10.7 29 250 M M 0 3 38 250
================================================================================
SM 2648 1675 59 278 0.31 0.0 275.6 M 40
================================================================================
AV 88.3 55.8 9.2 FASTST M M 1 MAX(MPH)
MISC ----> # 36 280 52 290
================================================================================
NOTES:
# LAST OF SEVERAL OCCURRENCES
COLUMN 17 PEAK WIND IN M.P.H.
PRELIMINARY LOCAL CLIMATOLOGICAL DATA (WS FORM: F-6) , PAGE 2
STATION: PENDLETON OR
MONTH: JUNE
YEAR: 2021
LATITUDE: 45 40 N
LONGITUDE: 118 51 W
[TEMPERATURE DATA] [PRECIPITATION DATA] SYMBOLS USED IN COLUMN 16
AVERAGE MONTHLY: 72.1 TOTAL FOR MONTH: 0.31 1 = FOG OR MIST
DPTR FM NORMAL: 7.5 DPTR FM NORMAL: -0.74 2 = FOG REDUCING VISIBILITY
HIGHEST: 117 ON 29 GRTST 24HR 0.14 ON 11-12 TO 1/4 MILE OR LESS
LOWEST: 39 ON 7 3 = THUNDER
SNOW, ICE PELLETS, HAIL 4 = ICE PELLETS
TOTAL MONTH: 0.0 INCH 5 = HAIL
GRTST 24HR 0.0 6 = FREEZING RAIN OR DRIZZLE
GRTST DEPTH: 0 7 = DUSTSTORM OR SANDSTORM:
VSBY 1/2 MILE OR LESS
8 = SMOKE OR HAZE
[NO. OF DAYS WITH] [WEATHER - DAYS WITH] 9 = BLOWING SNOW
X = TORNADO
MAX 32 OR BELOW: 0 0.01 INCH OR MORE: 5
MAX 90 OR ABOVE: 15 0.10 INCH OR MORE: 2
MIN 32 OR BELOW: 0 0.50 INCH OR MORE: 0
MIN 0 OR BELOW: 0 1.00 INCH OR MORE: 0
[HDD (BASE 65) ]
TOTAL THIS MO. 59 CLEAR (SCALE 0-3) 24
DPTR FM NORMAL -27 PTCLDY (SCALE 4-7) 6
TOTAL FM JUL 1 4858 CLOUDY (SCALE 8-10) 0
DPTR FM NORMAL -483
[CDD (BASE 65) ]
TOTAL THIS MO. 278
DPTR FM NORMAL 205 [PRESSURE DATA]
TOTAL FM JAN 1 285 HIGHEST SLP 30.33 ON 16
DPTR FM NORMAL 191 LOWEST SLP 29.54 ON 29
[REMARKS]
#FINAL-06-21#