000
CXUS54 KMAF 011210
CF6PEQ
PRELIMINARY LOCAL CLIMATOLOGICAL DATA (WS FORM: F-6)
STATION: PECOS MUNICIPAL AIRPORT
MONTH: JANUARY
YEAR: 2023
LATITUDE: 31 22 N
LONGITUDE: 103 31 W
TEMPERATURE IN F: :PCPN: SNOW: WIND :SUNSHINE: SKY :PK WND
================================================================================
1 2 3 4 5 6A 6B 7 8 9 10 11 12 13 14 15 16 17 18
12Z AVG MX 2MIN
DY MAX MIN AVG DEP HDD CDD WTR SNW DPTH SPD SPD DIR MIN PSBL S-S WX SPD DR
================================================================================
1 75 47 61 M 4 0 M M M 5.3 16 240 M M 0 16 0
2 74 44 59 M 6 0 M M M 12.8 33 290 M M 0 44 290
3 61 38 50 M 15 0 M M M 13.0 28 260 M M 0 32 260
4 67 41 54 M 11 0 M M M 12.3 23 260 M M 0 29 250
5 67 31 49 M 16 0 M M M 4.6 10 100 M M 0 M M
6 82 32 57 M 8 0 M M M 5.6 18 270 M M 0 22 340
7 63 36 50 M 15 0 M M M 6.8 13 320 M M 1 M M
8 64 31 48 M 17 0 M M M 3.8 7 120 M M 0 M M
9 76 33 55 M 10 0 M M M 5.0 14 250 M M 1 M M
10 80 37 59 M 6 0 M M M 8.5 22 260 M M 0 28 260
11 78 38 58 M 7 0 M M M 12.3 38 240 M M 0 45 240
12 58 33 46 M 19 0 M M M 4.5 10 310 M M 0 M M
13 65 27 46 M 19 0 M M M 3.7 10 80 M M 0 17 80
14 75 30 53 M 12 0 M M M 3.2 7 80 M M 0 M M
15 77 38 58 M 7 0 M M M 7.0 26 240 M M 2 36 240
16 68 44 56 M 9 0 M M M 11.7 18 280 M M 6 26 290
17 65 48 57 M 8 0 M M M 8.1 29 230 M M 4 53 210
18 58 40 49 M 16 0 M M M 18.7 37 270 M M 1 8 47 260
19 60 32 46 M 19 0 M M M 4.9 13 240 M M 0 M M
20 72 29 51 M 14 0 M M M 3.5 10 80 M M 0 20 0
21 59 31 45 M 20 0 M M M 9.1 18 290 M M 0 24 290
22 57 23 40 M 25 0 M M M 3.5 12 330 M M 0 16 330
23 63 32 48 M 17 0 0.01 M M 20.9 35 110 M M 2 43 100
24 48 32 40 M 25 0 0.16 M M 13.2 28 300 M M 7 31 300
25 50 29 40 M 25 0 M M M 3.4 9 60 M M 2 M M
26 48 28 38 M 27 0 M M M 3.9 9 80 M M 1 M M
27 61 22 42 M 23 0 M M M 6.9 20 250 M M 0 26 250
28 71 28 50 M 15 0 M M M 3.4 18 250 M M 0 24 250
29 69 35 52 M 13 0 M M M 6.2 17 60 M M 1 21 70
30 36 29 33 M 32 0 M M M 8.5 10 80 M M 10 1 M M
31 29 26 28 M 37 0 M M M 5.8 10 30 M M 10 1 M M
================================================================================
SM 1976 1044 497 0 0.17 M 240.0 M 48
================================================================================
AV 63.7 33.7 7.7 FASTST M M 2 MAX(MPH)
MISC ----> 38 240 53 210
================================================================================
NOTES:
# LAST OF SEVERAL OCCURRENCES
COLUMN 17 PEAK WIND IN M.P.H.
PRELIMINARY LOCAL CLIMATOLOGICAL DATA (WS FORM: F-6) , PAGE 2
STATION: PECOS MUNICIPAL AIRPORT
MONTH: JANUARY
YEAR: 2023
LATITUDE: 31 22 N
LONGITUDE: 103 31 W
[TEMPERATURE DATA] [PRECIPITATION DATA] SYMBOLS USED IN COLUMN 16
AVERAGE MONTHLY: 48.7 TOTAL FOR MONTH: 0.17 1 = FOG OR MIST
DPTR FM NORMAL: 0.0 DPTR FM NORMAL: M 2 = FOG REDUCING VISIBILITY
HIGHEST: 82 ON 6 GRTST 24HR 0.16 ON 24-24 TO 1/4 MILE OR LESS
LOWEST: 22 ON 27 3 = THUNDER
SNOW, ICE PELLETS, HAIL 4 = ICE PELLETS
TOTAL MONTH: M 5 = HAIL
GRTST 24HR M ON M 6 = FREEZING RAIN OR DRIZZLE
GRTST DEPTH: M ON M 7 = DUSTSTORM OR SANDSTORM:
VSBY 1/2 MILE OR LESS
8 = SMOKE OR HAZE
[NO. OF DAYS WITH] [WEATHER - DAYS WITH] 9 = BLOWING SNOW
X = TORNADO
MAX 32 OR BELOW: 1 0.01 INCH OR MORE: 2
MAX 90 OR ABOVE: 0 0.10 INCH OR MORE: 1
MIN 32 OR BELOW: 17 0.50 INCH OR MORE: 0
MIN 0 OR BELOW: 0 1.00 INCH OR MORE: 0
[HDD (BASE 65) ]
TOTAL THIS MO. 497 CLEAR (SCALE 0-3) 26
DPTR FM NORMAL M PTCLDY (SCALE 4-7) 3
TOTAL FM JUL 1 1523 CLOUDY (SCALE 8-10) 2
DPTR FM NORMAL M
[CDD (BASE 65) ]
TOTAL THIS MO. 0
DPTR FM NORMAL M [PRESSURE DATA]
TOTAL FM JAN 1 0 HIGHEST SLP M ON M
DPTR FM NORMAL M LOWEST SLP M ON M
[REMARKS]
#FINAL-01-23#